912
CXUS51 KPBZ 011431
CF6ZZV
PRELIMINARY LOCAL CLIMATOLOGICAL DATA (WS FORM: F-6)
STATION: ZANESVILLE OH
MONTH: DECEMBER
YEAR: 2020
LATITUDE: 39 56 N
LONGITUDE: 81 54 W
TEMPERATURE IN F: :PCPN: SNOW: WIND :SUNSHINE: SKY :PK WND
================================================================================
1 2 3 4 5 6A 6B 7 8 9 10 11 12 13 14 15 16 17 18
12Z AVG MX 2MIN
DY MAX MIN AVG DEP HDD CDD WTR SNW DPTH SPD SPD DIR MIN PSBL S-S WX SPD DR
================================================================================
1 33 29 31 -6 34 0 0.06 M M 12.3 20 260 M M 10 1 30 270
2 37 29 33 -4 32 0 0.00 M M 8.2 17 290 M M 4 26 300
3 39 22 31 -5 34 0 0.00 M M 5.8 12 190 M M 4 15 180
4 45 31 38 2 27 0 0.00 M M 4.0 9 210 M M 9 18 13 240
5 43 34 39 3 26 0 0.00 M M 6.8 13 330 M M 10 1 16 320
6 40 24 32 -3 33 0 0.00 M M 2.4 10 50 M M 5 1 12 70
7 35 31 33 -2 32 0 T M M 6.2 13 320 M M 10 16 290
8 35 28 32 -3 33 0 0.00 M M 6.9 13 270 M M 8 17 330
9 48 30 39 5 26 0 0.00 M M 7.3 17 200 M M 4 1 22 200
10 53 23 38 4 27 0 0.00 M M 2.6 9 150 M M 0 18 11 160
11 64 30 47 13 18 0 0.00 M M 4.3 16 200 M M 0 20 200
12 60 39 50 17 15 0 0.01 M M 10.5 25 200 M M 8 32 200
13 46 33 40 7 25 0 0.00 M M 5.9 15 240 M M 8 19 240
14 39 28 34 1 31 0 T M M 7.1 20 320 M M 10 1 26 320
15 35 21 28 -4 37 0 0.00 M M 4.2 12 60 M M 1 15 80
16 33 29 31 -1 34 0 0.29 M M 5.4 12 100 M M 8 1 16 100
17 32 29 31 -1 34 0 0.01 M M 5.1 10 240 M M 10 1 13 240
18 33 27 30 -2 35 0 T M M 4.4 8 260 M M 10 18 10 280
19 36 26 31 0 34 0 0.04 M M 6.0 13 160 M M 4 1 14 150
20 40 33 37 6 28 0 0.34 M M 6.4 13 190 M M 9 1 18 200
21 42 32 37 6 28 0 0.10 M M 7.6 14 260 M M 9 1 20 260
22 42 27 35 4 30 0 0.03 M M 8.6 20 290 M M 9 28 290
23 53 26 40 9 25 0 T M M 9.9 22 170 M M 2 30 170
24 52 20 36 6 29 0 0.41 M M 12.7 25 160 M M 9 12 34 170
25 20 14 17 -13 48 0 T M M 10.0 20 260 M M 10 18 27 260
26 27 12 20 -10 45 0 T M M 8.0 17 230 M M 5 25 230
27 47 8 28 -2 37 0 0.00 M M 7.0 20 180 M M 0 25 170
28 48 32 40 10 25 0 T M M 10.0 24 200 M M 10 34 210
29 37 23 30 0 35 0 0.00 M M 3.8 12 110 M M 4 14 110
30 55 31 43 13 22 0 0.24 M M 11.0 24 320 M M 7 1 34 310
31 38 30 34 5 31 0 0.11 M M 4.4 13 300 M M 9 16 17 300
================================================================================
SM 1287 831 950 0 1.64 M 214.8 M 206
================================================================================
AV 41.5 26.8 6.9 FASTST M M 7 MAX(MPH)
MISC ----> # 25 200 # 34 170
================================================================================
NOTES:
# LAST OF SEVERAL OCCURRENCES
COLUMN 17 PEAK WIND IN M.P.H.
PRELIMINARY LOCAL CLIMATOLOGICAL DATA (WS FORM: F-6) , PAGE 2
STATION: ZANESVILLE OH
MONTH: DECEMBER
YEAR: 2020
LATITUDE: 39 56 N
LONGITUDE: 81 54 W
[TEMPERATURE DATA] [PRECIPITATION DATA] SYMBOLS USED IN COLUMN 16
AVERAGE MONTHLY: 34.2 TOTAL FOR MONTH: 1.64 1 = FOG OR MIST
DPTR FM NORMAL: 1.6 DPTR FM NORMAL: -0.94 2 = FOG REDUCING VISIBILITY
HIGHEST: 64 ON 11 GRTST 24HR 0.41 ON 24-24 TO 1/4 MILE OR LESS
LOWEST: 8 ON 27 3 = THUNDER
SNOW, ICE PELLETS, HAIL 4 = ICE PELLETS
TOTAL MONTH: M 5 = HAIL
GRTST 24HR M ON M 6 = FREEZING RAIN OR DRIZZLE
GRTST DEPTH: M ON M 7 = DUSTSTORM OR SANDSTORM:
VSBY 1/2 MILE OR LESS
8 = SMOKE OR HAZE
[NO. OF DAYS WITH] [WEATHER - DAYS WITH] 9 = BLOWING SNOW
X = TORNADO
MAX 32 OR BELOW: 3 0.01 INCH OR MORE: 11
MAX 90 OR ABOVE: 0 0.10 INCH OR MORE: 6
MIN 32 OR BELOW: 27 0.50 INCH OR MORE: 0
MIN 0 OR BELOW: 0 1.00 INCH OR MORE: 0
[HDD (BASE 65) ]
TOTAL THIS MO. 950 CLEAR (SCALE 0-3) 5
DPTR FM NORMAL -54 PTCLDY (SCALE 4-7) 11
TOTAL FM JUL 1 1900 CLOUDY (SCALE 8-10) 15
DPTR FM NORMAL -247
[CDD (BASE 65) ]
TOTAL THIS MO. 0
DPTR FM NORMAL 0 [PRESSURE DATA]
TOTAL FM JAN 1 1009 HIGHEST SLP 30.63 ON 29
DPTR FM NORMAL 241 LOWEST SLP 29.64 ON 24
[REMARKS]
#FINAL-12-20#