111
CXUS51 KAKQ 200633
CF6AKQ
PRELIMINARY LOCAL CLIMATOLOGICAL DATA (WS FORM: F-6)

                                          STATION:   WAKEFIELD
                                          MONTH:     OCTOBER
                                          YEAR:      2018
                                          LATITUDE:   36 58 N
                                          LONGITUDE:  77  0 W

  TEMPERATURE IN F:       :PCPN:    SNOW:  WIND      :SUNSHINE: SKY     :PK WND
================================================================================
1   2   3   4   5  6A  6B    7    8   9   10  11  12  13   14  15   16   17  18
                                     12Z  AVG MX 2MIN
DY MAX MIN AVG DEP HDD CDD  WTR  SNW DPTH SPD SPD DIR MIN PSBL S-S WX    SPD DR
================================================================================

 1  83  57  70   4   0   5 0.00  0.0    0  1.0  7 200   M    M   1 18     10 230
 2  83  63  73   7   0   8 0.00  0.0    0  3.5 12 230   M    M   0 1      17 250
 3  89  67  78  13   0  13 0.00  0.0    0  2.3  7  60   M    M   1 1      10 230
 4  90  65  78  13   0  13 0.00  0.0    0  1.9  9 220   M    M   0 12     14 230
 5  87  68  78  13   0  13 0.00  0.0    0  2.5  9  10   M    M   5 1      17 360
 6  85  67  76  12   0  11 0.00  0.0    0  2.1  8  70   M    M   6 1      10 100
 7  87  66  77  13   0  12 0.00  0.0    0  0.9  7  90   M    M   2 12     10 170
 8  86  67  77  14   0  12 0.00  0.0    0  2.6  9  90   M    M   4 12     14 120
 9  85  66  76  13   0  11    T  0.0    0  3.4 10  80   M    M   1 12     14  60
10  86  67  77  15   0  12 0.00  0.0    0  2.2  9 170   M    M   3 128    14 190
11  85  68  77  15   0  12 2.98  0.0    0  6.9 26 350   M    M   9 13     42 350
12  71  52  62   0   3   0    T  0.0    0  2.8 16 280   M    M   1 1      27 290
13  68  47  58  -3   7   0    T  0.0    0  2.6 10 340   M    M   3        16 290
14  69  46  58  -3   7   0    T  0.0    0  1.0  7 170   M    M   5        12 100
15  83  61  72  12   0   7    T  0.0    0  5.0 16 220   M    M   4        25 200
16  71  58  65   5   0   0 0.03  0.0    0  2.6  9 350   M    M   9        14  20
17  70  50  60   0   5   0 0.03  0.0    0  3.5 13 270   M    M   3 1      17 250
18  63  40  52  -7  13   0 0.00  0.0    0  2.6  9 320   M    M   0        16 310
19  66  37  52  -7  13   0 0.00  0.0    0  2.8 10 220   M    M   0        16 160
================================================================================
SM 1507 1112        48 129  3.04     0.0  52.2          M       57
================================================================================
AV 79.3 58.5                               2.7 FASTST   M    M   3    MAX(MPH)
                                 MISC ---->  # 26 350               # 42  350
================================================================================
NOTES:
# LAST OF SEVERAL OCCURRENCES

COLUMN 17 PEAK WIND IN M.P.H.

PRELIMINARY LOCAL CLIMATOLOGICAL DATA (WS FORM: F-6) , PAGE 2

                                          STATION:  WAKEFIELD
                                          MONTH:    OCTOBER
                                          YEAR:     2018
                                          LATITUDE:   36 58 N
                                          LONGITUDE:  77  0 W

[TEMPERATURE DATA]      [PRECIPITATION DATA]       SYMBOLS USED IN COLUMN 16

AVERAGE MONTHLY: 68.9   TOTAL FOR MONTH:   3.04    1 = FOG OR MIST
DPTR FM NORMAL:   6.4   DPTR FM NORMAL:    0.98    2 = FOG REDUCING VISIBILITY
HIGHEST:    90 ON  4    GRTST 24HR  2.98 ON 11-11      TO 1/4 MILE OR LESS
LOWEST:     37 ON 19                               3 = THUNDER
                        SNOW, ICE PELLETS, HAIL    4 = ICE PELLETS
                        TOTAL MONTH:   0.0 INCH    5 = HAIL
                        GRTST 24HR     0.0         6 = FREEZING RAIN OR DRIZZLE
                        GRTST DEPTH:   0           7 = DUSTSTORM OR SANDSTORM:
                                                       VSBY 1/2 MILE OR LESS
                                                   8 = SMOKE OR HAZE
[NO. OF DAYS WITH]      [WEATHER - DAYS WITH]      9 = BLOWING SNOW
                                                   X = TORNADO
MAX 32 OR BELOW:   0    0.01 INCH OR MORE:   3
MAX 90 OR ABOVE:   1    0.10 INCH OR MORE:   1
MIN 32 OR BELOW:   0    0.50 INCH OR MORE:   1
MIN  0 OR BELOW:   0    1.00 INCH OR MORE:   1

[HDD (BASE 65) ]
TOTAL THIS MO.    48    CLEAR  (SCALE 0-3)  10
DPTR FM NORMAL   -35    PTCLDY (SCALE 4-7)   7
TOTAL FM JUL 1    48    CLOUDY (SCALE 8-10)  2
DPTR FM NORMAL   -51

[CDD (BASE 65) ]
TOTAL THIS MO.   129
DPTR FM NORMAL    94    [PRESSURE DATA]
TOTAL FM JAN 1  2056    HIGHEST SLP M ON M
DPTR FM NORMAL   458    LOWEST  SLP 29.15 ON 11

[REMARKS]
