000
CXUS51 KAKQ 201010
CF6AKQ
PRELIMINARY LOCAL CLIMATOLOGICAL DATA (WS FORM: F-6)

                                          STATION:   WAKEFIELD
                                          MONTH:     FEBRUARY
                                          YEAR:      2018
                                          LATITUDE:   36 58 N
                                          LONGITUDE:  77  0 W

  TEMPERATURE IN F:       :PCPN:    SNOW:  WIND      :SUNSHINE: SKY     :PK WND
================================================================================
1   2   3   4   5  6A  6B    7    8   9   10  11  12  13   14  15   16   17  18
                                     12Z  AVG MX 2MIN
DY MAX MIN AVG DEP HDD CDD  WTR  SNW DPTH SPD SPD DIR MIN PSBL S-S WX    SPD DR
================================================================================

 1  60  33  47   6  18   0 0.00  0.0    0  8.6 20 220   M    M   0        27 210
 2  56  22  39  -2  26   0 0.12  0.0    0  6.6 17 210   M    M   5 1      28 350
 3  37  14  26 -15  39   0 0.00  0.0    0  2.0  9 170   M    M   0        13 180
 4  56  30  43   2  22   0 0.30  0.0    0  5.4 16 290   M    M   8 1      25 180
 5  47  27  37  -4  28   0 0.00  0.0    0  3.4 16 340   M    M   1 1      25 330
 6  55  27  41   0  24   0 0.00  0.0    0  2.7 12 270   M    M   5        17 220
 7  66  37  52  11  13   0 0.10  0.0    0  5.3 18 210   M    M  10 1      30 200
 8  43  28  36  -6  29   0    T  0.0    0  3.7 12 360   M    M   2 1      18  50
 9  54  24  39  -3  26   0 0.00  0.0    0  2.2 10 180   M    M   0 1      14 150
10  66  34  50   8  15   0 0.01  0.0    0  3.4 14 170   M    M   7        22 160
11  74  65  70  28   0   5    T  0.0    0  9.0 16 210   M    M   7        29 180
12  69  39  54  12  11   0 0.26    M    0  5.6 15  10   M    M   8 1      23  30
13  40  36  38  -4  27   0 0.04    M    0  2.8  9  50   M    M   9 1      15  50
14  53  37  45   2  20   0 0.00  0.0    0  3.8 10 240   M    M   5 1      15 200
15  71  50  61  18   4   0    T  0.0    0  8.0 15 210   M    M   2        22 210
16  73  47  60  17   5   0 0.18    M    0  7.4 17 230   M    M   5 1      24 210
17  47  36  42  -1  23   0 0.15    M    0  4.2 13  80   M    M   7 1      18  70
18  56  34  45   2  20   0 0.00  0.0    0  3.2 10  60   M    M   3 12     17  20
19  52  34  43   0  22   0 0.24    M    0  1.1  7 230   M    M   8 1      10 120
================================================================================
SM 1075  654       372   5  1.40     0.0  88.4          M       92
================================================================================
AV 56.6 34.4                               4.7 FASTST   M    M   5    MAX(MPH)
                                 MISC ---->  # 20 220               # 30  200
================================================================================
NOTES:
# LAST OF SEVERAL OCCURRENCES

COLUMN 17 PEAK WIND IN M.P.H.

PRELIMINARY LOCAL CLIMATOLOGICAL DATA (WS FORM: F-6) , PAGE 2

                                          STATION:  WAKEFIELD
                                          MONTH:    FEBRUARY
                                          YEAR:     2018
                                          LATITUDE:   36 58 N
                                          LONGITUDE:  77  0 W

[TEMPERATURE DATA]      [PRECIPITATION DATA]       SYMBOLS USED IN COLUMN 16

AVERAGE MONTHLY: 45.5   TOTAL FOR MONTH:   1.40    1 = FOG OR MIST
DPTR FM NORMAL:   3.6   DPTR FM NORMAL:   -0.56    2 = FOG REDUCING VISIBILITY
HIGHEST:    74 ON 11    GRTST 24HR  0.30 ON  4- 4      TO 1/4 MILE OR LESS
LOWEST:     14 ON  3                               3 = THUNDER
                        SNOW, ICE PELLETS, HAIL    4 = ICE PELLETS
                        TOTAL MONTH:   0.0 INCH    5 = HAIL
                        GRTST 24HR     0.0         6 = FREEZING RAIN OR DRIZZLE
                        GRTST DEPTH:   0           7 = DUSTSTORM OR SANDSTORM:
                                                       VSBY 1/2 MILE OR LESS
                                                   8 = SMOKE OR HAZE
[NO. OF DAYS WITH]      [WEATHER - DAYS WITH]      9 = BLOWING SNOW
                                                   X = TORNADO
MAX 32 OR BELOW:   0    0.01 INCH OR MORE:   9
MAX 90 OR ABOVE:   0    0.10 INCH OR MORE:   7
MIN 32 OR BELOW:   7    0.50 INCH OR MORE:   0
MIN  0 OR BELOW:   0    1.00 INCH OR MORE:   0

[HDD (BASE 65) ]
TOTAL THIS MO.   372    CLEAR  (SCALE 0-3)   6
DPTR FM NORMAL   -67    PTCLDY (SCALE 4-7)   9
TOTAL FM JUL 1  2678    CLOUDY (SCALE 8-10)  4
DPTR FM NORMAL   149

[CDD (BASE 65) ]
TOTAL THIS MO.     5
DPTR FM NORMAL     5    [PRESSURE DATA]
TOTAL FM JAN 1     6    HIGHEST SLP M ON M
DPTR FM NORMAL     6    LOWEST  SLP 29.72 ON M

[REMARKS]
