000
CXUS51 KAKQ 240633
CF6AKQ
PRELIMINARY LOCAL CLIMATOLOGICAL DATA (WS FORM: F-6)

                                          STATION:   WAKEFIELD
                                          MONTH:     MAY
                                          YEAR:      2018
                                          LATITUDE:   36 58 N
                                          LONGITUDE:  77  0 W

  TEMPERATURE IN F:       :PCPN:    SNOW:  WIND      :SUNSHINE: SKY     :PK WND
================================================================================
1   2   3   4   5  6A  6B    7    8   9   10  11  12  13   14  15   16   17  18
                                     12Z  AVG MX 2MIN
DY MAX MIN AVG DEP HDD CDD  WTR  SNW DPTH SPD SPD DIR MIN PSBL S-S WX    SPD DR
================================================================================

 1  83  40  62  -1   3   0 0.00  0.0    0  2.1 13 220   M    M   0        17 200
 2  88  52  70   6   0   5 0.00  0.0    0  5.7 14 220   M    M   0 8      23 170
 3  88  61  75  11   0  10 0.00  0.0    0  8.1 15 220   M    M   0 8      23 240
 4  87  64  76  12   0  11 0.00  0.0    0  8.3 16 230   M    M   0        24 210
 5  79  62  71   7   0   6 0.00  0.0    0  5.5 12  80   M    M   2 8      17 100
 6  78  61  70   5   0   5 0.58  0.0    0  2.1  9 330   M    M   6 18     12 330
 7  66  51  59  -6   6   0 0.01  0.0    0  3.0  9  30   M    M   7 18     14  10
 8  70  49  60  -5   5   0 0.00  0.0    0  2.9  8  70   M    M   4 12      M  M
 9  77  56  67   2   0   2 0.00  0.0    0  2.5  8 100   M    M   5 18      M  M
10  86  56  71   5   0   6 0.32  0.0    0  6.2 20 290   M    M   2 1238   35 290
11  88  59  74   8   0   9 0.00  0.0    0  1.8  8 170   M    M   2 128    12 160
12  93  69  81  15   0  16 0.00  0.0    0  5.6 12 220   M    M   0 8      19 230
13  85  63  74   8   0   9 0.00  0.0    0  4.3 10  90   M    M   1 18     14  90
14  92  61  77  10   0  12 0.99  0.0    0  2.8 23 350   M    M   0 18     40  10
15  87  66  77  10   0  12 0.00  0.0    0  6.8 17 230   M    M   0        27 230
16  80  70  75   8   0  10 0.78  0.0    0  3.0  8 340   M    M   3 18     11 190
17  78  69  74   7   0   9 1.62  0.0    0  3.0  8 220   M    M   9 18     12 120
18  82  71  77   9   0  12 1.21  0.0    0  5.1 10 170   M    M   8 128    18 170
19  76  71  74   6   0   9 0.42  0.0    0  5.5 10 190   M    M   8 138    19 190
20  85  71  78  10   0  13    T  0.0    0  6.2 14 230   M    M   6 18     20 220
21  78  65  72   4   0   7 0.00  0.0    0  3.3 12  80   M    M   6 128    18  50
22  85  66  76   7   0  11    T  0.0    0  3.0 13 230   M    M   7 18     19 220
23  88  66  77   8   0  12    T  0.0    0  4.3 14 220   M    M   2 13     18 220
================================================================================
SM 1899 1419        14 186  5.93     0.0 101.1          M       78
================================================================================
AV 82.6 61.7                               4.4 FASTST   M    M   3    MAX(MPH)
                                 MISC ---->  # 23 350               # 40   10
================================================================================
NOTES:
# LAST OF SEVERAL OCCURRENCES

COLUMN 17 PEAK WIND IN M.P.H.

PRELIMINARY LOCAL CLIMATOLOGICAL DATA (WS FORM: F-6) , PAGE 2

                                          STATION:  WAKEFIELD
                                          MONTH:    MAY
                                          YEAR:     2018
                                          LATITUDE:   36 58 N
                                          LONGITUDE:  77  0 W

[TEMPERATURE DATA]      [PRECIPITATION DATA]       SYMBOLS USED IN COLUMN 16

AVERAGE MONTHLY: 72.1   TOTAL FOR MONTH:   5.93    1 = FOG OR MIST
DPTR FM NORMAL:   6.0   DPTR FM NORMAL:    2.96    2 = FOG REDUCING VISIBILITY
HIGHEST:    93 ON 12    GRTST 24HR  1.62 ON 17-17      TO 1/4 MILE OR LESS
LOWEST:     40 ON  1                               3 = THUNDER
                        SNOW, ICE PELLETS, HAIL    4 = ICE PELLETS
                        TOTAL MONTH:   0.0 INCH    5 = HAIL
                        GRTST 24HR     0.0         6 = FREEZING RAIN OR DRIZZLE
                        GRTST DEPTH:   0           7 = DUSTSTORM OR SANDSTORM:
                                                       VSBY 1/2 MILE OR LESS
                                                   8 = SMOKE OR HAZE
[NO. OF DAYS WITH]      [WEATHER - DAYS WITH]      9 = BLOWING SNOW
                                                   X = TORNADO
MAX 32 OR BELOW:   0    0.01 INCH OR MORE:   8
MAX 90 OR ABOVE:   2    0.10 INCH OR MORE:   7
MIN 32 OR BELOW:   0    0.50 INCH OR MORE:   5
MIN  0 OR BELOW:   0    1.00 INCH OR MORE:   2

[HDD (BASE 65) ]
TOTAL THIS MO.    14    CLEAR  (SCALE 0-3)  12
DPTR FM NORMAL   -46    PTCLDY (SCALE 4-7)   9
TOTAL FM JUL 1  3687    CLOUDY (SCALE 8-10)  2
DPTR FM NORMAL   206

[CDD (BASE 65) ]
TOTAL THIS MO.   186
DPTR FM NORMAL   101    [PRESSURE DATA]
TOTAL FM JAN 1   218    HIGHEST SLP M ON M
DPTR FM NORMAL    88    LOWEST  SLP 29.81 ON  6

[REMARKS]
