000
CXUS54 KAMA 181015
CF6AMA
PRELIMINARY LOCAL CLIMATOLOGICAL DATA (WS FORM: F-6)

                                          STATION:   AMARILLO
                                          MONTH:     OCTOBER
                                          YEAR:      2018
                                          LATITUDE:   35 13 N
                                          LONGITUDE: 101 42 W

  TEMPERATURE IN F:       :PCPN:    SNOW:  WIND      :SUNSHINE: SKY     :PK WND
================================================================================
1   2   3   4   5  6A  6B    7    8   9   10  11  12  13   14  15   16   17  18
                                     12Z  AVG MX 2MIN
DY MAX MIN AVG DEP HDD CDD  WTR  SNW DPTH SPD SPD DIR MIN PSBL S-S WX    SPD DR
================================================================================

 1  85  59  72   8   0   7 0.00  0.0    0 15.0 23 170   M    M   1 1      31 170
 2  86  60  73  10   0   8 0.00  0.0    0 17.8 26 170   M    M   1        33 170
 3  94  66  80  17   0  15 0.00  0.0    0 19.5 31 220   M    M   1        37 220
 4  73  56  65   3   0   0 0.00  0.0    0 14.1 25 350   M    M   3        31 360
 5  92  60  76  14   0  11 0.44  0.0    0 17.3 39 210   M    M   1 13     48 200
 6  65  46  56  -6   9   0 0.69  0.0    0 13.2 25  10   M    M   9 13     31 360
 7  65  51  58  -3   7   0 0.01  0.0    0 15.5 28 120   M    M  10 123    34 130
 8  66  56  61   0   4   0 1.29  0.0    0  7.1 30 360   M    M  10 13     34  10
 9  60  37  49 -12  16   0 0.36    M    0 14.9 24 350   M    M  10 123    29 280
10  65  35  50 -10  15   0 0.00  0.0    0 10.4 17 110   M    M   1        29 190
11  52  43  48 -12  17   0 0.00  0.0    0 13.3 18 160   M    M   9        24 160
12  67  51  59  -1   6   0 0.00  0.0    0 11.5 24  10   M    M   6 1      30  10
13  65  49  57  -2   8   0 0.04  0.0    0 16.9 24 190   M    M   9 12     30 160
14  58  30  44 -15  21   0    T    M    0 24.6 39 350   M    M   9 1      48 350
15  46  28  37 -22  28   0    T  0.0    0 13.5 26  10   M    M   9        33 360
16  57  38  48 -10  17   0 0.03  0.0    0  7.7 17 360   M    M  10        21  20
17  63  45  54  -4  11   0    T    M    0 10.4 22 100   M    M   9        26  70
================================================================================
SM 1159  810       159  41  2.86     0.0 242.7          M      108
================================================================================
AV 68.2 47.7                              14.3 FASTST   M    M   6    MAX(MPH)
                                 MISC ---->  # 39 210               # 48  200
================================================================================
NOTES:
# LAST OF SEVERAL OCCURRENCES

COLUMN 17 PEAK WIND IN M.P.H.

PRELIMINARY LOCAL CLIMATOLOGICAL DATA (WS FORM: F-6) , PAGE 2

                                          STATION:  AMARILLO
                                          MONTH:    OCTOBER
                                          YEAR:     2018
                                          LATITUDE:   35 13 N
                                          LONGITUDE: 101 42 W

[TEMPERATURE DATA]      [PRECIPITATION DATA]       SYMBOLS USED IN COLUMN 16

AVERAGE MONTHLY: 57.9   TOTAL FOR MONTH:   2.86    1 = FOG OR MIST
DPTR FM NORMAL:  -2.8   DPTR FM NORMAL:    1.85    2 = FOG REDUCING VISIBILITY
HIGHEST:    94 ON  3    GRTST 24HR  1.29 ON  8- 8      TO 1/4 MILE OR LESS
LOWEST:     28 ON 15                               3 = THUNDER
                        SNOW, ICE PELLETS, HAIL    4 = ICE PELLETS
                        TOTAL MONTH:   0.0 INCH    5 = HAIL
                        GRTST 24HR     0.0         6 = FREEZING RAIN OR DRIZZLE
                        GRTST DEPTH:   0           7 = DUSTSTORM OR SANDSTORM:
                                                       VSBY 1/2 MILE OR LESS
                                                   8 = SMOKE OR HAZE
[NO. OF DAYS WITH]      [WEATHER - DAYS WITH]      9 = BLOWING SNOW
                                                   X = TORNADO
MAX 32 OR BELOW:   0    0.01 INCH OR MORE:   7
MAX 90 OR ABOVE:   2    0.10 INCH OR MORE:   4
MIN 32 OR BELOW:   2    0.50 INCH OR MORE:   2
MIN  0 OR BELOW:   0    1.00 INCH OR MORE:   1

[HDD (BASE 65) ]
TOTAL THIS MO.   159    CLEAR  (SCALE 0-3)   5
DPTR FM NORMAL    63    PTCLDY (SCALE 4-7)   2
TOTAL FM JUL 1   175    CLOUDY (SCALE 8-10) 10
DPTR FM NORMAL    35

[CDD (BASE 65) ]
TOTAL THIS MO.    41
DPTR FM NORMAL    18    [PRESSURE DATA]
TOTAL FM JAN 1  1929    HIGHEST SLP M ON M
DPTR FM NORMAL   536    LOWEST  SLP 29.66 ON M

[REMARKS]
