000
CXUS51 KBGM 181214
CF6AVP
PRELIMINARY LOCAL CLIMATOLOGICAL DATA (WS FORM: F-6)

                                          STATION:   AVOCA PA
                                          MONTH:     OCTOBER
                                          YEAR:      2019
                                          LATITUDE:   41 19 N
                                          LONGITUDE:  75 44 W

  TEMPERATURE IN F:       :PCPN:    SNOW:  WIND      :SUNSHINE: SKY     :PK WND
================================================================================
1   2   3   4   5  6A  6B    7    8   9   10  11  12  13   14  15   16   17  18
                                     12Z  AVG MX 2MIN
DY MAX MIN AVG DEP HDD CDD  WTR  SNW DPTH SPD SPD DIR MIN PSBL S-S WX    SPD DR
================================================================================

 1  80  62  71  15   0   6    T  0.0    M  6.3 15 240   M    M   6 1      21 230
 2  87  62  75  19   0  10 0.38  0.0    M  6.4 17 240   M    M   6 18     25 250
 3  62  52  57   2   8   0 0.51  0.0    M  3.8 10  30   M    M  10 18     17  50
 4  59  45  52  -3  13   0    T  0.0    M  9.9 21 330   M    M   8 1      34 320
 5  62  36  49  -6  16   0 0.00  0.0    M  4.6 13 160   M    M   1        24 150
 6  68  51  60   6   5   0 0.01  0.0    M  5.3 13 220   M    M  10 1      19 230
 7  68  53  61   7   4   0 0.73  0.0    M  5.1 15 220   M    M  10 12     24 190
 8  67  47  57   4   8   0 0.03  0.0    M  4.1 15  30   M    M   3 12     20  30
 9  63  47  55   2  10   0 0.00  0.0    M  4.1 13  40   M    M   4        16  40
10  73  47  60   7   5   0 0.00  0.0    M  3.7 10  70   M    M   3        14  80
11  72  41  57   5   8   0 0.00  0.0    M  4.5 15  40   M    M   3        20  50
12  62  44  53   1  12   0    T  0.0    M  2.7  9 260   M    M   5        12 260
13  64  44  54   2  11   0 0.00  0.0    M  2.8  8 220   M    M   4        13 220
14  68  45  57   6   8   0 0.00  0.0    M  5.9 21 260   M    M   2 1      29 250
15  64  39  52   1  13   0 0.00  0.0    M  2.9  8 170   M    M   0        13 180
16  63  47  55   4  10   0 1.29  0.0    M  5.4 20 320   M    M   7 1      27 320
17  53  46  50   0  15   0 0.02  0.0    M 13.9 28 320   M    M   M 1      36 310
================================================================================
SM 1135  808       146  16  2.97     0.0  91.4          M       82
================================================================================
AV 66.8 47.5                               5.4 FASTST   M    M   5    MAX(MPH)
                                 MISC ---->  # 28 320               # 36  310
================================================================================
NOTES:
# LAST OF SEVERAL OCCURRENCES

COLUMN 17 PEAK WIND IN M.P.H.

PRELIMINARY LOCAL CLIMATOLOGICAL DATA (WS FORM: F-6) , PAGE 2

                                          STATION:  AVOCA PA
                                          MONTH:    OCTOBER
                                          YEAR:     2019
                                          LATITUDE:   41 19 N
                                          LONGITUDE:  75 44 W

[TEMPERATURE DATA]      [PRECIPITATION DATA]       SYMBOLS USED IN COLUMN 16

AVERAGE MONTHLY: 57.2   TOTAL FOR MONTH:   2.97    1 = FOG OR MIST
DPTR FM NORMAL:   4.0   DPTR FM NORMAL:    1.04    2 = FOG REDUCING VISIBILITY
HIGHEST:    87 ON  2    GRTST 24HR  1.29 ON 16-16      TO 1/4 MILE OR LESS
LOWEST:     36 ON  5                               3 = THUNDER
                        SNOW, ICE PELLETS, HAIL    4 = ICE PELLETS
                        TOTAL MONTH:   0.0 INCH    5 = HAIL
                        GRTST 24HR     0.0         6 = FREEZING RAIN OR DRIZZLE
                        GRTST DEPTH:  M  ON   M    7 = DUSTSTORM OR SANDSTORM:
                                                       VSBY 1/2 MILE OR LESS
                                                   8 = SMOKE OR HAZE
[NO. OF DAYS WITH]      [WEATHER - DAYS WITH]      9 = BLOWING SNOW
                                                   X = TORNADO
MAX 32 OR BELOW:   0    0.01 INCH OR MORE:   7
MAX 90 OR ABOVE:   0    0.10 INCH OR MORE:   4
MIN 32 OR BELOW:   0    0.50 INCH OR MORE:   3
MIN  0 OR BELOW:   0    1.00 INCH OR MORE:   1

[HDD (BASE 65) ]
TOTAL THIS MO.   146    CLEAR  (SCALE 0-3)   5
DPTR FM NORMAL   -58    PTCLDY (SCALE 4-7)   7
TOTAL FM JUL 1   184    CLOUDY (SCALE 8-10)  4
DPTR FM NORMAL  -182

[CDD (BASE 65) ]
TOTAL THIS MO.    16
DPTR FM NORMAL    16    [PRESSURE DATA]
TOTAL FM JAN 1   846    HIGHEST SLP 30.46 ON  5
DPTR FM NORMAL   270    LOWEST  SLP 29.33 ON 17

[REMARKS]
