000
CXUS51 KBGM 250800
CF6AVP
PRELIMINARY LOCAL CLIMATOLOGICAL DATA (WS FORM: F-6)

                                          STATION:   AVOCA PA
                                          MONTH:     SEPTEMBER
                                          YEAR:      2018
                                          LATITUDE:   41 19 N
                                          LONGITUDE:  75 44 W

  TEMPERATURE IN F:       :PCPN:    SNOW:  WIND      :SUNSHINE: SKY     :PK WND
================================================================================
1   2   3   4   5  6A  6B    7    8   9   10  11  12  13   14  15   16   17  18
                                     12Z  AVG MX 2MIN
DY MAX MIN AVG DEP HDD CDD  WTR  SNW DPTH SPD SPD DIR MIN PSBL S-S WX    SPD DR
================================================================================

 1  75  67  71   4   0   6 0.00  0.0    M  2.9  8 120   M    M  10        14 140
 2  85  68  77  10   0  12 0.00  0.0    M  5.0 12 250   M    M   6 1      16 250
 3  88  68  78  11   0  13 0.14  0.0    M  3.1 21 310   M    M   0 13     33 290
 4  86  67  77  11   0  12 0.00  0.0    M  2.5  8 100   M    M   4 1      10 110
 5  91  68  80  14   0  15 0.00  0.0    M  3.9 14 260   M    M   0 1      18 260
 6  90  70  80  14   0  15 0.90  0.0    M  2.3 23 270   M    M   2 138    30 270
 7  76  65  71   6   0   6 0.01  0.0    M  2.4  9  40   M    M  10 1      11  40
 8  66  58  62  -3   3   0 0.13  0.0    M  3.5 12  30   M    M   7 1      14  40
 9  58  52  55 -10  10   0 0.49  0.0    M  5.3 12  60   M    M  10 1      17  70
10  62  49  56  -8   9   0 1.03  0.0    M  7.3 15  70   M    M  10 1      25  60
11  72  61  67   3   0   2 0.41  0.0    M  3.0 12 100   M    M  10 1      17 120
12  73  66  70   6   0   5 0.04  0.0    M  2.3  8  40   M    M   9 1       9  40
13  81  67  74  11   0   9 0.00  0.0    M  3.9 10 110   M    M   7        16  70
14  77  67  72   9   0   7 0.00  0.0    M  2.9  8 130   M    M   9        12 150
15  80  65  73  10   0   8    T  0.0    M  1.8  7 100   M    M   6 1       9 270
16  85  61  73  11   0   8 0.00  0.0    M  3.1  8 220   M    M   1 1      12 220
17  76  60  68   6   0   3 0.27  0.0    M  3.5 12 200   M    M   6 1      17 210
18  83  66  75  14   0  10 1.74  0.0    M  4.8 15 330   M    M   6 1      22 340
19  78  59  69   8   0   4 0.00  0.0    M  4.0 13 310   M    M   3 1      17 310
20  76  54  65   4   0   0 0.00  0.0    M  3.6  9 180   M    M   5 18     15 190
21  72  64  68   8   0   3 0.27  0.0    M  7.1 24 280   M    M  10 1      35 280
22  70  51  61   1   4   0 0.10  0.0    M  7.7 17 360   M    M   3 1      24 360
23  64  50  57  -2   8   0 0.00  0.0    M  3.0 10  70   M    M   0        12  70
24  68  50  59   0   6   0 0.01  0.0    0  5.8 14 110   M    M   3        24 130
================================================================================
SM 1832 1473        40 138  5.54     0.0  94.7          M      137
================================================================================
AV 76.3 61.4                               3.9 FASTST   M    M   6    MAX(MPH)
                                 MISC ---->  # 24 280               # 35  280
================================================================================
NOTES:
# LAST OF SEVERAL OCCURRENCES

COLUMN 17 PEAK WIND IN M.P.H.

PRELIMINARY LOCAL CLIMATOLOGICAL DATA (WS FORM: F-6) , PAGE 2

                                          STATION:  AVOCA PA
                                          MONTH:    SEPTEMBER
                                          YEAR:     2018
                                          LATITUDE:   41 19 N
                                          LONGITUDE:  75 44 W

[TEMPERATURE DATA]      [PRECIPITATION DATA]       SYMBOLS USED IN COLUMN 16

AVERAGE MONTHLY: 68.9   TOTAL FOR MONTH:   5.54    1 = FOG OR MIST
DPTR FM NORMAL:   5.5   DPTR FM NORMAL:    2.32    2 = FOG REDUCING VISIBILITY
HIGHEST:    91 ON  5    GRTST 24HR  1.74 ON 18-18      TO 1/4 MILE OR LESS
LOWEST:     49 ON 10                               3 = THUNDER
                        SNOW, ICE PELLETS, HAIL    4 = ICE PELLETS
                        TOTAL MONTH:   0.0 INCH    5 = HAIL
                        GRTST 24HR     0.0         6 = FREEZING RAIN OR DRIZZLE
                        GRTST DEPTH:   0           7 = DUSTSTORM OR SANDSTORM:
                                                       VSBY 1/2 MILE OR LESS
                                                   8 = SMOKE OR HAZE
[NO. OF DAYS WITH]      [WEATHER - DAYS WITH]      9 = BLOWING SNOW
                                                   X = TORNADO
MAX 32 OR BELOW:   0    0.01 INCH OR MORE:  13
MAX 90 OR ABOVE:   2    0.10 INCH OR MORE:  10
MIN 32 OR BELOW:   0    0.50 INCH OR MORE:   3
MIN  0 OR BELOW:   0    1.00 INCH OR MORE:   2

[HDD (BASE 65) ]
TOTAL THIS MO.    40    CLEAR  (SCALE 0-3)   7
DPTR FM NORMAL   -48    PTCLDY (SCALE 4-7)   9
TOTAL FM JUL 1    40    CLOUDY (SCALE 8-10)  8
DPTR FM NORMAL   -74

[CDD (BASE 65) ]
TOTAL THIS MO.   138
DPTR FM NORMAL    90    [PRESSURE DATA]
TOTAL FM JAN 1   900    HIGHEST SLP M ON M
DPTR FM NORMAL   328    LOWEST  SLP 29.74 ON 18

[REMARKS]
