000
CXUS55 KBYZ 241056
CF6BIL
PRELIMINARY LOCAL CLIMATOLOGICAL DATA (WS FORM: F-6)

                                          STATION:   BILLINGS MT
                                          MONTH:     MAY
                                          YEAR:      2018
                                          LATITUDE:   45 47 N
                                          LONGITUDE: 108 32 W

  TEMPERATURE IN F:       :PCPN:    SNOW:  WIND      :SUNSHINE: SKY     :PK WND
================================================================================
1   2   3   4   5  6A  6B    7    8   9   10  11  12  13   14  15   16   17  18
                                     12Z  AVG MX 2MIN
DY MAX MIN AVG DEP HDD CDD  WTR  SNW DPTH SPD SPD DIR MIN PSBL S-S WX    SPD DR
================================================================================

 1  57  41  49  -2  16   0 0.05  0.0    0  6.0 20 320   M    M   9 1      22 320
 2  64  44  54   3  11   0 0.00  0.0    0  6.6 14 290   M    M   5        16 240
 3  71  44  58   6   7   0 0.00  0.0    0 11.4 21 310   M    M   2        26 310
 4  75  48  62  10   3   0 0.00  0.0    0 13.4 23 280   M    M   4        32 260
 5  75  50  63  11   2   0 0.00  0.0    0  9.7 21 240   M    M   7        24 210
 6  79  50  65  12   0   0    T  0.0    0  6.7 15 120   M    M   6 3      18 130
 7  77  52  65  12   0   0 0.12  0.0    0  9.9 32 330   M    M   5 3      38 320
 8  78  49  64  11   1   0 0.00  0.0    0  9.0 20 320   M    M   3        22 330
 9  72  49  61   7   4   0 0.15  0.0    0  9.9 31  90   M    M   5 13     35  90
10  65  48  57   3   8   0 0.17  0.0    0 12.2 29 330   M    M   7 13     35 340
11  50  42  46  -8  19   0 0.12  0.0    0 11.3 20  40   M    M   9 1      24  40
12  47  39  43 -11  22   0 0.21  0.0    0  6.3 15  60   M    M  10 1      19  60
13  59  41  50  -5  15   0    T  0.0    0  6.3 23 320   M    M   7 1      27 330
14  71  49  60   5   5   0 0.00  0.0    0  6.8 12 100   M    M   5        20 100
15  77  45  61   6   4   0 0.00  0.0    0  7.9 16 250   M    M   1        22 250
16  81  49  65   9   0   0 0.00  0.0    0  9.9 17 300   M    M   3 3      21 230
17  77  50  64   8   1   0 0.04  0.0    0  8.2 32 230   M    M   4 3      41 230
18  57  41  49  -7  16   0 1.08  0.0    0 11.6 21  30   M    M  10 1      26  10
19  55  41  48  -8  17   0 0.03  0.0    0  8.9 15 120   M    M   8 12     20 120
20  70  41  56  -1   9   0 0.00  0.0    0  4.4 15  90   M    M   2        19 100
21  78  50  64   7   1   0    T  0.0    0  7.8 31 320   M    M   5        39 310
22  75  51  63   6   2   0 0.14  0.0    0  9.9 22  10   M    M   6 13     29  30
23  65  55  60   2   5   0 1.54  0.0    0  6.4 15 270   M    M   9 1235X  17 270
================================================================================
SM 1575 1069       168   0  3.65     0.0 200.5          M      132
================================================================================
AV 68.5 46.5                               8.7 FASTST   M    M   6    MAX(MPH)
                                 MISC ---->  # 32 330               # 41  230
================================================================================
NOTES:
# LAST OF SEVERAL OCCURRENCES

COLUMN 17 PEAK WIND IN M.P.H.

PRELIMINARY LOCAL CLIMATOLOGICAL DATA (WS FORM: F-6) , PAGE 2

                                          STATION:  BILLINGS MT
                                          MONTH:    MAY
                                          YEAR:     2018
                                          LATITUDE:   45 47 N
                                          LONGITUDE: 108 32 W

[TEMPERATURE DATA]      [PRECIPITATION DATA]       SYMBOLS USED IN COLUMN 16

AVERAGE MONTHLY: 57.5   TOTAL FOR MONTH:   3.65    1 = FOG OR MIST
DPTR FM NORMAL:   3.1   DPTR FM NORMAL:    2.07    2 = FOG REDUCING VISIBILITY
HIGHEST:    81 ON 16    GRTST 24HR  1.54 ON 23-23      TO 1/4 MILE OR LESS
LOWEST:     39 ON 12                               3 = THUNDER
                        SNOW, ICE PELLETS, HAIL    4 = ICE PELLETS
                        TOTAL MONTH:   0.0 INCH    5 = HAIL
                        GRTST 24HR     0.0         6 = FREEZING RAIN OR DRIZZLE
                        GRTST DEPTH:   0           7 = DUSTSTORM OR SANDSTORM:
                                                       VSBY 1/2 MILE OR LESS
                                                   8 = SMOKE OR HAZE
[NO. OF DAYS WITH]      [WEATHER - DAYS WITH]      9 = BLOWING SNOW
                                                   X = TORNADO
MAX 32 OR BELOW:   0    0.01 INCH OR MORE:  11
MAX 90 OR ABOVE:   0    0.10 INCH OR MORE:   8
MIN 32 OR BELOW:   0    0.50 INCH OR MORE:   2
MIN  0 OR BELOW:   0    1.00 INCH OR MORE:   2

[HDD (BASE 65) ]
TOTAL THIS MO.   168    CLEAR  (SCALE 0-3)   4
DPTR FM NORMAL   -86    PTCLDY (SCALE 4-7)  14
TOTAL FM JUL 1  7215    CLOUDY (SCALE 8-10)  5
DPTR FM NORMAL   584

[CDD (BASE 65) ]
TOTAL THIS MO.     0
DPTR FM NORMAL    -5    [PRESSURE DATA]
TOTAL FM JAN 1     0    HIGHEST SLP  0.00 ON  8
DPTR FM NORMAL    -6    LOWEST  SLP 29.71 ON M

[REMARKS]
