000
CXUS55 KBYZ 201056
CF6BIL
PRELIMINARY LOCAL CLIMATOLOGICAL DATA (WS FORM: F-6)

                                          STATION:   BILLINGS MT
                                          MONTH:     AUGUST
                                          YEAR:      2018
                                          LATITUDE:   45 47 N
                                          LONGITUDE: 108 32 W

  TEMPERATURE IN F:       :PCPN:    SNOW:  WIND      :SUNSHINE: SKY     :PK WND
================================================================================
1   2   3   4   5  6A  6B    7    8   9   10  11  12  13   14  15   16   17  18
                                     12Z  AVG MX 2MIN
DY MAX MIN AVG DEP HDD CDD  WTR  SNW DPTH SPD SPD DIR MIN PSBL S-S WX    SPD DR
================================================================================

 1  89  59  74   0   0   9 0.00  0.0    0  5.8 22 240   M    M   5        29 250
 2  93  67  80   6   0  15 0.02  0.0    0 10.0 35 240   M    M   5 38     42 240
 3  86  60  73  -1   0   8 0.20  0.0    0  8.5 35 290   M    M   5 35     42 300
 4  84  57  71  -3   0   6 0.00  0.0    0  8.1 17 340   M    M   2        22 350
 5  76  55  66  -8   0   1    T  0.0    0 10.2 29 320   M    M   6 3      37 320
 6  85  53  69  -5   0   4 0.00  0.0    0  9.4 18 220   M    M   3        22 220
 7  92  56  74   0   0   9 0.00  0.0    0 10.8 20 330   M    M   2        24 330
 8  93  62  78   4   0  13 0.00  0.0    0  7.8 18 230   M    M   1        21 230
 9  96  61  79   6   0  14 0.00  0.0    0  7.9 18 270   M    M   1        22 300
10  99  62  81   8   0  16 0.00  0.0    0  7.9 14 220   M    M   0        18 110
11 102  60  81   8   0  16    T  0.0    0  8.4 26 320   M    M   2        34 320
12 103  69  86  13   0  21 0.00  0.0    0 11.0 28 330   M    M   5 8      37  30
13  77  61  69  -4   0   4    T  0.0    0 13.4 24 360   M    M   3 38     33  20
14  77  56  67  -5   0   2 0.02  0.0    0  7.0 25 110   M    M   5 3      29 100
15  89  54  72   0   0   7 0.00  0.0    0  7.1 16 220   M    M   1        18 220
16  93  57  75   3   0  10 0.00  0.0    0  8.1 18 230   M    M   2        22 230
17  95  65  80   8   0  15    T  0.0    0  6.0 36 290   M    M   6        44 290
18  75  59  67  -5   0   2 0.72  0.0    0 10.8 24 240   M    M   9 13     30 240
19  69  53  61 -10   4   0 0.00  0.0    0  8.1 15 250   M    M   6 18     18 240
================================================================================
SM 1673 1126         4 172  0.96     0.0 166.3          M       69
================================================================================
AV 88.1 59.3                               8.8 FASTST   M    M   4    MAX(MPH)
                                 MISC ---->  # 36 290               # 44  290
================================================================================
NOTES:
# LAST OF SEVERAL OCCURRENCES

COLUMN 17 PEAK WIND IN M.P.H.

PRELIMINARY LOCAL CLIMATOLOGICAL DATA (WS FORM: F-6) , PAGE 2

                                          STATION:  BILLINGS MT
                                          MONTH:    AUGUST
                                          YEAR:     2018
                                          LATITUDE:   45 47 N
                                          LONGITUDE: 108 32 W

[TEMPERATURE DATA]      [PRECIPITATION DATA]       SYMBOLS USED IN COLUMN 16

AVERAGE MONTHLY: 73.7   TOTAL FOR MONTH:   0.96    1 = FOG OR MIST
DPTR FM NORMAL:   0.6   DPTR FM NORMAL:    0.49    2 = FOG REDUCING VISIBILITY
HIGHEST:   103 ON 12    GRTST 24HR  0.72 ON 18-18      TO 1/4 MILE OR LESS
LOWEST:     53 ON 19, 6                            3 = THUNDER
                        SNOW, ICE PELLETS, HAIL    4 = ICE PELLETS
                        TOTAL MONTH:   0.0 INCH    5 = HAIL
                        GRTST 24HR     0.0         6 = FREEZING RAIN OR DRIZZLE
                        GRTST DEPTH:   0           7 = DUSTSTORM OR SANDSTORM:
                                                       VSBY 1/2 MILE OR LESS
                                                   8 = SMOKE OR HAZE
[NO. OF DAYS WITH]      [WEATHER - DAYS WITH]      9 = BLOWING SNOW
                                                   X = TORNADO
MAX 32 OR BELOW:   0    0.01 INCH OR MORE:   4
MAX 90 OR ABOVE:   9    0.10 INCH OR MORE:   2
MIN 32 OR BELOW:   0    0.50 INCH OR MORE:   1
MIN  0 OR BELOW:   0    1.00 INCH OR MORE:   0

[HDD (BASE 65) ]
TOTAL THIS MO.     4    CLEAR  (SCALE 0-3)   8
DPTR FM NORMAL     0    PTCLDY (SCALE 4-7)  10
TOTAL FM JUL 1    11    CLOUDY (SCALE 8-10)  1
DPTR FM NORMAL    -8

[CDD (BASE 65) ]
TOTAL THIS MO.   172
DPTR FM NORMAL    14    [PRESSURE DATA]
TOTAL FM JAN 1   494    HIGHEST SLP M ON M
DPTR FM NORMAL   -22    LOWEST  SLP 29.71 ON M

[REMARKS]
