000
CXUS55 KBYZ 181056
CF6BIL
PRELIMINARY LOCAL CLIMATOLOGICAL DATA (WS FORM: F-6)

                                          STATION:   BILLINGS MT
                                          MONTH:     NOVEMBER
                                          YEAR:      2018
                                          LATITUDE:   45 47 N
                                          LONGITUDE: 108 32 W

  TEMPERATURE IN F:       :PCPN:    SNOW:  WIND      :SUNSHINE: SKY     :PK WND
================================================================================
1   2   3   4   5  6A  6B    7    8   9   10  11  12  13   14  15   16   17  18
                                     12Z  AVG MX 2MIN
DY MAX MIN AVG DEP HDD CDD  WTR  SNW DPTH SPD SPD DIR MIN PSBL S-S WX    SPD DR
================================================================================

 1  53  36  45   3  20   0 0.07  0.0    0 10.3 23 330   M    M   8        29 340
 2  56  36  46   4  19   0 0.04  0.0    0 15.9 39 280   M    M  10 1      46 270
 3  44  35  40  -2  25   0    T  0.0    0  8.5 32 310   M    M   8        41 300
 4  50  37  44   3  21   0 0.06  0.0    0 11.3 30 280   M    M   9        44 280
 5  49  32  41   0  24   0 0.02  0.0    0  8.6 29 330   M    M   7        36 340
 6  32  21  27 -13  38   0 0.03  0.4    T  5.6 13  60   M    M  10 1      16  60
 7  27  15  21 -19  44   0 0.05  0.7    0  4.7 15  40   M    M   8 18     18  40
 8  37  13  25 -14  40   0    T    T    1 12.1 24 290   M    M   4        30 280
 9  39   6  23 -16  42   0 0.00  0.0    0 10.4 22 240   M    M   6        26 240
10  40  28  34  -4  31   0    T    T    0 13.6 28 310   M    M   8        33 310
11  35  19  27 -11  38   0    T    T    0  9.3 21 330   M    M   9 145    24 320
12  34  15  25 -12  40   0 0.00  0.0    0 19.2 26 240   M    M   5        34 240
13  48  30  39   2  26   0 0.00  0.0    0 25.2 31 250   M    M   3        37 250
14  60  43  52  16  13   0 0.00  0.0    0 18.5 28 250   M    M   4        35 240
15  57  39  48  12  17   0 0.00  0.0    0 11.2 20 320   M    M   4        25 320
16  49  15  32  -4  33   0 0.14  0.3    0 13.1 30 360   M    M  10 1      36 360
17  23   7  15 -20  50   0    T  0.1    T 10.7 29 240   M    M   3 1      36 240
================================================================================
SM  733  427       521   0  0.41     1.5 208.2          M      116
================================================================================
AV 43.1 25.1                              12.2 FASTST   M    M   7    MAX(MPH)
                                 MISC ---->  # 39 280               # 46  270
================================================================================
NOTES:
# LAST OF SEVERAL OCCURRENCES

COLUMN 17 PEAK WIND IN M.P.H.

PRELIMINARY LOCAL CLIMATOLOGICAL DATA (WS FORM: F-6) , PAGE 2

                                          STATION:  BILLINGS MT
                                          MONTH:    NOVEMBER
                                          YEAR:     2018
                                          LATITUDE:   45 47 N
                                          LONGITUDE: 108 32 W

[TEMPERATURE DATA]      [PRECIPITATION DATA]       SYMBOLS USED IN COLUMN 16

AVERAGE MONTHLY: 34.1   TOTAL FOR MONTH:   0.41    1 = FOG OR MIST
DPTR FM NORMAL:  -4.6   DPTR FM NORMAL:    0.04    2 = FOG REDUCING VISIBILITY
HIGHEST:    60 ON 14    GRTST 24HR  0.14 ON 16-16      TO 1/4 MILE OR LESS
LOWEST:      6 ON  9                               3 = THUNDER
                        SNOW, ICE PELLETS, HAIL    4 = ICE PELLETS
                        TOTAL MONTH:   1.5 INCHES  5 = HAIL
                        GRTST 24HR   0.7 ON  7- 7  6 = FREEZING RAIN OR DRIZZLE
                        GRTST DEPTH:   1 ON  8     7 = DUSTSTORM OR SANDSTORM:
                                                       VSBY 1/2 MILE OR LESS
                                                   8 = SMOKE OR HAZE
[NO. OF DAYS WITH]      [WEATHER - DAYS WITH]      9 = BLOWING SNOW
                                                   X = TORNADO
MAX 32 OR BELOW:   3    0.01 INCH OR MORE:   7
MAX 90 OR ABOVE:   0    0.10 INCH OR MORE:   1
MIN 32 OR BELOW:  11    0.50 INCH OR MORE:   0
MIN  0 OR BELOW:   0    1.00 INCH OR MORE:   0

[HDD (BASE 65) ]
TOTAL THIS MO.   521    CLEAR  (SCALE 0-3)   2
DPTR FM NORMAL    74    PTCLDY (SCALE 4-7)   9
TOTAL FM JUL 1  1393    CLOUDY (SCALE 8-10)  6
DPTR FM NORMAL   194

[CDD (BASE 65) ]
TOTAL THIS MO.     0
DPTR FM NORMAL     0    [PRESSURE DATA]
TOTAL FM JAN 1   554    HIGHEST SLP M ON M
DPTR FM NORMAL   -82    LOWEST  SLP 29.55 ON  4

[REMARKS]
