000
CXUS56 KTFX 181205
CF6BZN
PRELIMINARY LOCAL CLIMATOLOGICAL DATA (WS FORM: F-6)

                                          STATION:   BOZEMAN/GALLATIN FIELD MT
                                          MONTH:     FEBRUARY
                                          YEAR:      2019
                                          LATITUDE:   45 46 N
                                          LONGITUDE: 111  9 W

  TEMPERATURE IN F:       :PCPN:    SNOW:  WIND      :SUNSHINE: SKY     :PK WND
================================================================================
1   2   3   4   5  6A  6B    7    8   9   10  11  12  13   14  15   16   17  18
                                     12Z  AVG MX 2MIN
DY MAX MIN AVG DEP HDD CDD  WTR  SNW DPTH SPD SPD DIR MIN PSBL S-S WX    SPD DR
================================================================================

 1  40  15  28   3  37   0 0.00  0.0    4  3.9 10 150   M    M   0 1      13 140
 2  50  26  38  13  27   0    T  0.0    3  6.1 20 240   M    M   7        26 240
 3  41  -5  18  -7  47   0 0.11  2.0    3  8.4 17 260   M    M  10 128    20 270
 4   2  -7  -2 -27  67   0    T    T    5  2.9  8 320   M    M   7 8      10 310
 5   0  -6  -3 -28  68   0 0.14  3.5    8  3.5  7 240   M    M  10 18      9 290
 6   1  -6  -2 -27  67   0 0.01  0.3    9  3.5  8 240   M    M  10 18     10 220
 7   4 -25 -10 -36  75   0 0.00  0.0    9  2.6  8 140   M    M   4 18      8 150
 8  19   2  11 -15  54   0    T  0.3    9  2.9 14 240   M    M  10 1      16 230
 9   2 -10  -4 -30  69   0    T  0.2    9  6.7 14 240   M    M   7 8      16 240
10   2 -21  -9 -35  74   0 0.01  0.7    9  2.8 10 160   M    M   4 18     12 150
11  30 -14   8 -18  57   0 0.00  0.0   10  5.7 23 230   M    M   6 18     30 230
12  36  16  26   0  39   0 0.00  0.0    9  3.6 14 230   M    M   4        17 220
13  40  23  32   6  33   0    T    T    8  9.8 21 230   M    M  10        26 230
14  29  17  23  -4  42   0 0.03  0.3    8  2.2 15 340   M    M   9 12     18 340
15  43  19  31   4  34   0 0.06  0.6    9  7.3 22 250   M    M   6 1      27 230
16  34  12  23  -4  42   0 0.01  0.3    9  5.0 14 270   M    M   9 1      20 250
17  12   3   8 -19  57   0    T  0.7   10  6.0 14 250   M    M  10 18     16 240
================================================================================
SM  385   39       889   0  0.37     8.9  82.9          M      123
================================================================================
AV 22.7  2.3                               4.9 FASTST   M    M   7    MAX(MPH)
                                 MISC ---->  # 23 230               # 30  230
================================================================================
NOTES:
# LAST OF SEVERAL OCCURRENCES

COLUMN 17 PEAK WIND IN M.P.H.

PRELIMINARY LOCAL CLIMATOLOGICAL DATA (WS FORM: F-6) , PAGE 2

                                          STATION:  BOZEMAN/GALLATIN FIELD MT
                                          MONTH:    FEBRUARY
                                          YEAR:     2019
                                          LATITUDE:   45 46 N
                                          LONGITUDE: 111  9 W

[TEMPERATURE DATA]      [PRECIPITATION DATA]       SYMBOLS USED IN COLUMN 16

AVERAGE MONTHLY: 12.5   TOTAL FOR MONTH:   0.37    1 = FOG OR MIST
DPTR FM NORMAL: -13.4   DPTR FM NORMAL:    0.14    2 = FOG REDUCING VISIBILITY
HIGHEST:    50 ON  2    GRTST 24HR  0.14 ON  5- 5      TO 1/4 MILE OR LESS
LOWEST:    -25 ON  7                               3 = THUNDER
                        SNOW, ICE PELLETS, HAIL    4 = ICE PELLETS
                        TOTAL MONTH:   8.9 INCHES  5 = HAIL
                        GRTST 24HR   3.5 ON  5- 5  6 = FREEZING RAIN OR DRIZZLE
                        GRTST DEPTH:  10 ON 17,11  7 = DUSTSTORM OR SANDSTORM:
                                                       VSBY 1/2 MILE OR LESS
                                                   8 = SMOKE OR HAZE
[NO. OF DAYS WITH]      [WEATHER - DAYS WITH]      9 = BLOWING SNOW
                                                   X = TORNADO
MAX 32 OR BELOW:  10    0.01 INCH OR MORE:   7
MAX 90 OR ABOVE:   0    0.10 INCH OR MORE:   2
MIN 32 OR BELOW:  17    0.50 INCH OR MORE:   0
MIN  0 OR BELOW:   8    1.00 INCH OR MORE:   0

[HDD (BASE 65) ]
TOTAL THIS MO.   889    CLEAR  (SCALE 0-3)   1
DPTR FM NORMAL   225    PTCLDY (SCALE 4-7)   8
TOTAL FM JUL 1  5622    CLOUDY (SCALE 8-10)  8
DPTR FM NORMAL   436

[CDD (BASE 65) ]
TOTAL THIS MO.     0
DPTR FM NORMAL     0    [PRESSURE DATA]
TOTAL FM JAN 1     0    HIGHEST SLP M ON M
DPTR FM NORMAL     0    LOWEST  SLP 29.36 ON  3

[REMARKS]
