000
CXUS56 KTFX 231205
CF6BZN
PRELIMINARY LOCAL CLIMATOLOGICAL DATA (WS FORM: F-6)

                                          STATION:   BOZEMAN/GALLATIN FIELD MT
                                          MONTH:     FEBRUARY
                                          YEAR:      2018
                                          LATITUDE:   45 46 N
                                          LONGITUDE: 111  9 W

  TEMPERATURE IN F:       :PCPN:    SNOW:  WIND      :SUNSHINE: SKY     :PK WND
================================================================================
1   2   3   4   5  6A  6B    7    8   9   10  11  12  13   14  15   16   17  18
                                     12Z  AVG MX 2MIN
DY MAX MIN AVG DEP HDD CDD  WTR  SNW DPTH SPD SPD DIR MIN PSBL S-S WX    SPD DR
================================================================================

 1  34   9  22  -3  43   0 0.00  0.0    4  5.2 13  50   M    M   4        15  60
 2  46  28  37  12  28   0    T    T    4  6.0 21 270   M    M   9        26 260
 3  45  11  28   3  37   0    T    T    3 10.8 25 360   M    M   8        32 290
 4  33   7  20  -5  45   0 0.04  0.5    3  3.6 23 350   M    M   9 168    28 360
 5  35  14  25   0  40   0 0.11  1.3    4  4.6 15 240   M    M  10 1      22 330
 6  31  18  25   0  40   0 0.07  2.5    4  4.9 14 280   M    M  10 12     17 250
 7  46  18  32   6  33   0 0.00  0.0    7  5.0 17 230   M    M  10        25 220
 8  47  13  30   4  35   0    T  0.0    6  9.4 22 270   M    M   8        26 240
 9  14   2   8 -18  57   0 0.13    M    6  5.0 13 280   M    M  10 128    15 280
10  13  -6   4 -22  61   0    T    T    6  2.5  9 180   M    M   5 18     10 230
11  23  -5   9 -17  56   0    T  0.3    6  5.8 20  30   M    M   3 8      23  40
12  11 -12   0 -26  65   0    T  0.7    4  4.4 16 340   M    M   4 18     18 350
13  23 -12   6 -20  59   0 0.00  0.0    4  2.3  9 140   M    M   0 18     10 140
14  40   5  23  -4  42   0    T    T    4  9.6 24 240   M    M   7 18     32 230
15  23  -2  11 -16  54   0    T  0.5    4  4.9 17 340   M    M   6 8      21 340
16  33  -3  15 -12  50   0    T  0.1    4 11.1 25 330   M    M   8 18     30 330
17  41  21  31   4  34   0 0.02    T    4 10.3 32 300   M    M  10 1      38 290
18  38   2  20  -8  45   0 0.09  1.5    6  9.9 24 310   M    M   9 128    30 360
19   4 -15  -5 -33  70   0 0.01  0.5    6  6.1 15 330   M    M   7 18     18 330
20   6 -20  -7 -35  72   0    T  0.0    6  2.1  9 190   M    M   3 18      9 190
21  15 -15   0 -28  65   0 0.00  0.0    6  2.4 10 140   M    M   4 18     11 160
22  18  -5   7 -22  58   0 0.00  0.0    6  3.5 12 140   M    M   4        12 130
================================================================================
SM  619   53      1089   0  0.47     7.9 129.4          M      148
================================================================================
AV 28.1  2.4                               5.9 FASTST   M    M   7    MAX(MPH)
                                 MISC ---->  # 32 300               # 38  290
================================================================================
NOTES:
# LAST OF SEVERAL OCCURRENCES

COLUMN 17 PEAK WIND IN M.P.H.

PRELIMINARY LOCAL CLIMATOLOGICAL DATA (WS FORM: F-6) , PAGE 2

                                          STATION:  BOZEMAN/GALLATIN FIELD MT
                                          MONTH:    FEBRUARY
                                          YEAR:     2018
                                          LATITUDE:   45 46 N
                                          LONGITUDE: 111  9 W

[TEMPERATURE DATA]      [PRECIPITATION DATA]       SYMBOLS USED IN COLUMN 16

AVERAGE MONTHLY: 15.3   TOTAL FOR MONTH:   0.47    1 = FOG OR MIST
DPTR FM NORMAL: -11.1   DPTR FM NORMAL:    0.15    2 = FOG REDUCING VISIBILITY
HIGHEST:    47 ON  8    GRTST 24HR  0.13 ON  9- 9      TO 1/4 MILE OR LESS
LOWEST:    -20 ON 20                               3 = THUNDER
                        SNOW, ICE PELLETS, HAIL    4 = ICE PELLETS
                        TOTAL MONTH:   7.9 INCHES  5 = HAIL
                        GRTST 24HR   2.5 ON  6- 6  6 = FREEZING RAIN OR DRIZZLE
                        GRTST DEPTH:   7 ON  7     7 = DUSTSTORM OR SANDSTORM:
                                                       VSBY 1/2 MILE OR LESS
                                                   8 = SMOKE OR HAZE
[NO. OF DAYS WITH]      [WEATHER - DAYS WITH]      9 = BLOWING SNOW
                                                   X = TORNADO
MAX 32 OR BELOW:  11    0.01 INCH OR MORE:   7
MAX 90 OR ABOVE:   0    0.10 INCH OR MORE:   2
MIN 32 OR BELOW:  22    0.50 INCH OR MORE:   0
MIN  0 OR BELOW:  10    1.00 INCH OR MORE:   0

[HDD (BASE 65) ]
TOTAL THIS MO.  1089    CLEAR  (SCALE 0-3)   3
DPTR FM NORMAL   241    PTCLDY (SCALE 4-7)  10
TOTAL FM JUL 1  6035    CLOUDY (SCALE 8-10)  9
DPTR FM NORMAL   665

[CDD (BASE 65) ]
TOTAL THIS MO.     0
DPTR FM NORMAL     0    [PRESSURE DATA]
TOTAL FM JAN 1     0    HIGHEST SLP M ON M
DPTR FM NORMAL     0    LOWEST  SLP 29.42 ON 17

[REMARKS]
