000
CXUS55 KABQ 221000
CF6CAO
PRELIMINARY LOCAL CLIMATOLOGICAL DATA (WS FORM: F-6)

                                          STATION:   CLAYTON  NM
                                          MONTH:     JANUARY
                                          YEAR:      2019
                                          LATITUDE:   36 27 N
                                          LONGITUDE: 103  9 W

  TEMPERATURE IN F:       :PCPN:    SNOW:  WIND      :SUNSHINE: SKY     :PK WND
================================================================================
1   2   3   4   5  6A  6B    7    8   9   10  11  12  13   14  15   16   17  18
                                     12Z  AVG MX 2MIN
DY MAX MIN AVG DEP HDD CDD  WTR  SNW DPTH SPD SPD DIR MIN PSBL S-S WX    SPD DR
================================================================================

 1  18   7  13 -22  52   0    T  0.0    0 14.1 25  10   M    M   8        33  10
 2  39   7  23 -12  42   0 0.00  0.0    0  8.3 21  10   M    M   1        24  40
 3  49  15  32  -3  33   0 0.00  0.0    0  8.5 17  30   M    M   0        21  30
 4  62  29  46  11  19   0 0.00  0.0    0 10.2 15 160   M    M   0        18 140
 5  69  30  50  15  15   0 0.00  0.0    0 11.7 21 200   M    M   0        25 200
 6  60  38  49  14  16   0 0.00  0.0    0 18.0 37 220   M    M   0        47 210
 7  62  26  44   9  21   0 0.00  0.0    0 12.2 37 260   M    M   0        47 260
 8  43  22  33  -2  32   0 0.00  0.0    0  8.8 22  40   M    M   0        27  30
 9  48  24  36   1  29   0 0.00  0.0    0 18.8 31 210   M    M   0        39 210
10  63  32  48  13  17   0 0.00  0.0    0  8.9 21 260   M    M   1        26 270
11  41  32  37   2  28   0 0.23  0.8    0 16.7 26 350   M    M  10 1      34 360
12  42  28  35   0  30   0    T    T    1 11.6 25 360   M    M   7        32 360
13  40  27  34  -1  31   0    T    T    0  8.5 17 200   M    M   9        21 200
14  52  25  39   3  26   0 0.00  0.0    0  8.1 18 220   M    M   2        23 220
15  60  25  43   7  22   0 0.00  0.0    0  5.4 12  60   M    M   0        15  40
16  64  30  47  11  18   0 0.00  0.0    0 13.4 26 250   M    M   1        34 240
17  65  30  48  12  17   0 0.00  0.0    0 14.0 29 200   M    M   0        35 200
18  54  26  40   4  25   0 0.11  0.9    0 18.5 41 360   M    M   3 1      53 360
19  47  23  35  -1  30   0 0.00  0.0    0  7.5 20 340   M    M   0        26 340
20  58  26  42   6  23   0 0.00  0.0    0  8.1 16 220   M    M   0        19 210
21  66  30  48  12  17   0 0.00  0.0    0 17.2 35 220   M    M   0        43 220
================================================================================
SM 1102  532       543   0  0.34     1.7 248.5          M       42
================================================================================
AV 52.5 25.3                              11.8 FASTST   M    M   2    MAX(MPH)
                                 MISC ---->  # 41 360               # 53  360
================================================================================
NOTES:
# LAST OF SEVERAL OCCURRENCES

COLUMN 17 PEAK WIND IN M.P.H.

PRELIMINARY LOCAL CLIMATOLOGICAL DATA (WS FORM: F-6) , PAGE 2

                                          STATION:  CLAYTON  NM
                                          MONTH:    JANUARY
                                          YEAR:     2019
                                          LATITUDE:   36 27 N
                                          LONGITUDE: 103  9 W

[TEMPERATURE DATA]      [PRECIPITATION DATA]       SYMBOLS USED IN COLUMN 16

AVERAGE MONTHLY: 38.9   TOTAL FOR MONTH:   0.34    1 = FOG OR MIST
DPTR FM NORMAL:   3.5   DPTR FM NORMAL:    0.16    2 = FOG REDUCING VISIBILITY
HIGHEST:    69 ON  5    GRTST 24HR  0.23 ON 11-11      TO 1/4 MILE OR LESS
LOWEST:      7 ON  2, 1                            3 = THUNDER
                        SNOW, ICE PELLETS, HAIL    4 = ICE PELLETS
                        TOTAL MONTH:   1.7 INCHES  5 = HAIL
                        GRTST 24HR   0.9 ON 18-18  6 = FREEZING RAIN OR DRIZZLE
                        GRTST DEPTH:   1 ON 12     7 = DUSTSTORM OR SANDSTORM:
                                                       VSBY 1/2 MILE OR LESS
                                                   8 = SMOKE OR HAZE
[NO. OF DAYS WITH]      [WEATHER - DAYS WITH]      9 = BLOWING SNOW
                                                   X = TORNADO
MAX 32 OR BELOW:   1    0.01 INCH OR MORE:   2
MAX 90 OR ABOVE:   0    0.10 INCH OR MORE:   2
MIN 32 OR BELOW:  20    0.50 INCH OR MORE:   0
MIN  0 OR BELOW:   0    1.00 INCH OR MORE:   0

[HDD (BASE 65) ]
TOTAL THIS MO.   543    CLEAR  (SCALE 0-3)  17
DPTR FM NORMAL   -81    PTCLDY (SCALE 4-7)   2
TOTAL FM JUL 1  2649    CLOUDY (SCALE 8-10)  2
DPTR FM NORMAL    37

[CDD (BASE 65) ]
TOTAL THIS MO.     0
DPTR FM NORMAL     0    [PRESSURE DATA]
TOTAL FM JAN 1     0    HIGHEST SLP M ON M
DPTR FM NORMAL     0    LOWEST  SLP 29.45 ON 21

[REMARKS]
