000
CXUS55 KABQ 211000
CF6CAO
PRELIMINARY LOCAL CLIMATOLOGICAL DATA (WS FORM: F-6)

                                          STATION:   CLAYTON  NM
                                          MONTH:     APRIL
                                          YEAR:      2018
                                          LATITUDE:   36 27 N
                                          LONGITUDE: 103  9 W

  TEMPERATURE IN F:       :PCPN:    SNOW:  WIND      :SUNSHINE: SKY     :PK WND
================================================================================
1   2   3   4   5  6A  6B    7    8   9   10  11  12  13   14  15   16   17  18
                                     12Z  AVG MX 2MIN
DY MAX MIN AVG DEP HDD CDD  WTR  SNW DPTH SPD SPD DIR MIN PSBL S-S WX    SPD DR
================================================================================

 1  35  22  29 -19  36   0 0.00  0.0    0  8.6 17 230   M    M   4 8      22 230
 2  78  28  53   5  12   0 0.00  0.0    0 17.1 31 250   M    M   0        42 230
 3  56  24  40  -9  25   0 0.00  0.0    0 16.9 37 360   M    M   0        43  10
 4  67  22  45  -4  20   0 0.00  0.0    0 20.4 37 210   M    M   0 8      44 210
 5  72  41  57   8   8   0 0.00  0.0    0 10.7 18 140   M    M   0 8      22  10
 6  53  20  37 -13  28   0 0.00  0.0    0 17.3 31  40   M    M   4 1      39  60
 7  50  17  34 -16  31   0 0.00  0.0    0 11.1 22 170   M    M   3        29 150
 8  72  30  51   1  14   0    T  0.0    0 13.2 35 340   M    M   1        44 340
 9  58  31  45  -5  20   0 0.01  0.0    0 12.9 28  30   M    M   2 1      34  30
10  70  37  54   3  11   0 0.00  0.0    0 13.3 26 200   M    M   1        34 200
11  85  47  66  15   0   1 0.00  0.0    0 15.7 28 250   M    M   0        37 270
12  85  54  70  19   0   5 0.00  0.0    0 19.5 41 220   M    M   0 8      60 210
13  57  32  45  -7  20   0 0.01    T    0 19.0 36 360   M    M   7 1      45 350
14  56  29  43  -9  22   0 0.00  0.0    0 20.4 39 350   M    M   3 8      51 360
15  67  24  46  -6  19   0 0.00  0.0    0  8.7 17 120   M    M   0        23 170
16  82  34  58   6   7   0 0.00  0.0    0 14.7 30 190   M    M   0        36 210
17  81  36  59   6   6   0 0.00  0.0    0 22.0 45 220   M    M   0        59 220
18  61  30  46  -7  19   0 0.00  0.0    0 11.1 28 350   M    M   0        33 350
19  67  33  50  -3  15   0 0.00  0.0    0 17.5 33 170   M    M   0        44 160
20  50  36  43 -11  22   0 0.88  0.0    0 15.2 31 160   M    M   9 123    40 160
================================================================================
SM 1302  627       335   6  0.90    T    305.3          M       34
================================================================================
AV 65.1 31.4                              15.3 FASTST   M    M   2    MAX(MPH)
                                 MISC ---->  # 45 220               # 60  210
================================================================================
NOTES:
# LAST OF SEVERAL OCCURRENCES

COLUMN 17 PEAK WIND IN M.P.H.

PRELIMINARY LOCAL CLIMATOLOGICAL DATA (WS FORM: F-6) , PAGE 2

                                          STATION:  CLAYTON  NM
                                          MONTH:    APRIL
                                          YEAR:     2018
                                          LATITUDE:   36 27 N
                                          LONGITUDE: 103  9 W

[TEMPERATURE DATA]      [PRECIPITATION DATA]       SYMBOLS USED IN COLUMN 16

AVERAGE MONTHLY: 48.2   TOTAL FOR MONTH:   0.90    1 = FOG OR MIST
DPTR FM NORMAL:  -2.6   DPTR FM NORMAL:    0.33    2 = FOG REDUCING VISIBILITY
HIGHEST:    85 ON 12,11 GRTST 24HR  0.88 ON 20-20      TO 1/4 MILE OR LESS
LOWEST:     17 ON  7                               3 = THUNDER
                        SNOW, ICE PELLETS, HAIL    4 = ICE PELLETS
                        TOTAL MONTH:    T          5 = HAIL
                        GRTST 24HR    T  ON 13-13  6 = FREEZING RAIN OR DRIZZLE
                        GRTST DEPTH:   0           7 = DUSTSTORM OR SANDSTORM:
                                                       VSBY 1/2 MILE OR LESS
                                                   8 = SMOKE OR HAZE
[NO. OF DAYS WITH]      [WEATHER - DAYS WITH]      9 = BLOWING SNOW
                                                   X = TORNADO
MAX 32 OR BELOW:   0    0.01 INCH OR MORE:   3
MAX 90 OR ABOVE:   0    0.10 INCH OR MORE:   1
MIN 32 OR BELOW:  12    0.50 INCH OR MORE:   1
MIN  0 OR BELOW:   0    1.00 INCH OR MORE:   0

[HDD (BASE 65) ]
TOTAL THIS MO.   335    CLEAR  (SCALE 0-3)  15
DPTR FM NORMAL    50    PTCLDY (SCALE 4-7)   4
TOTAL FM JUL 1  4282    CLOUDY (SCALE 8-10)  1
DPTR FM NORMAL  -324

[CDD (BASE 65) ]
TOTAL THIS MO.     6
DPTR FM NORMAL     6    [PRESSURE DATA]
TOTAL FM JAN 1     6    HIGHEST SLP M ON M
DPTR FM NORMAL     5    LOWEST  SLP 29.38 ON 12

[REMARKS]
