000
CXUS55 KABQ 161000
CF6CAO
PRELIMINARY LOCAL CLIMATOLOGICAL DATA (WS FORM: F-6)

                                          STATION:   CLAYTON  NM
                                          MONTH:     OCTOBER
                                          YEAR:      2019
                                          LATITUDE:   36 27 N
                                          LONGITUDE: 103  9 W

  TEMPERATURE IN F:       :PCPN:    SNOW:  WIND      :SUNSHINE: SKY     :PK WND
================================================================================
1   2   3   4   5  6A  6B    7    8   9   10  11  12  13   14  15   16   17  18
                                     12Z  AVG MX 2MIN
DY MAX MIN AVG DEP HDD CDD  WTR  SNW DPTH SPD SPD DIR MIN PSBL S-S WX    SPD DR
================================================================================

 1  69  61  65   5   0   0 0.18  0.0    0 17.5 28 180   M    M   8 1      33 190
 2  83  53  68   9   0   3    T  0.0    0 12.8 25 180   M    M   3 12     31 180
 3  57  44  51  -8  14   0 0.01  0.0    0 13.2 26  20   M    M   9 12     31  20
 4  64  51  58   0   7   0    T  0.0    0 17.1 30 190   M    M   8 1      36 220
 5  70  47  59   1   6   0 0.00  0.0    0 13.4 25  40   M    M   0        30  40
 6  67  39  53  -5  12   0 0.00  0.0    0 10.2 25  50   M    M   1        46  20
 7  69  38  54  -4  11   0 0.00  0.0    0 15.5 30 200   M    M   0        39 200
 8  82  45  64   7   1   0 0.00  0.0    0 16.6 31 180   M    M   0        39 190
 9  83  47  65   8   0   0 0.00  0.0    0 15.6 32 190   M    M   0        38 200
10  56  23  40 -16  25   0 0.00  0.0    0 23.5 33 360   M    M   1        41 360
11  56  17  37 -19  28   0 0.00  0.0    0  8.9 17 180   M    M   0        23 210
12  72  30  51  -5  14   0 0.00  0.0    0 13.6 24 220   M    M   0        34 220
13  75  45  60   4   5   0 0.00  0.0    0 11.0 23 350   M    M   0        28 340
14  81  44  63   8   2   0 0.00  0.0    0 12.0 21 200   M    M   0 8      26 280
15  65  34  50  -5  15   0 0.00  0.0    0 15.0 33 360   M    M   0 8      41  10
================================================================================
SM 1049  618       140   3  0.19     0.0 215.9          M       30
================================================================================
AV 69.9 41.2                              14.4 FASTST   M    M   2    MAX(MPH)
                                 MISC ---->  # 33 360               # 46   20
================================================================================
NOTES:
# LAST OF SEVERAL OCCURRENCES

COLUMN 17 PEAK WIND IN M.P.H.

PRELIMINARY LOCAL CLIMATOLOGICAL DATA (WS FORM: F-6) , PAGE 2

                                          STATION:  CLAYTON  NM
                                          MONTH:    OCTOBER
                                          YEAR:     2019
                                          LATITUDE:   36 27 N
                                          LONGITUDE: 103  9 W

[TEMPERATURE DATA]      [PRECIPITATION DATA]       SYMBOLS USED IN COLUMN 16

AVERAGE MONTHLY: 55.6   TOTAL FOR MONTH:   0.19    1 = FOG OR MIST
DPTR FM NORMAL:  -1.6   DPTR FM NORMAL:   -0.39    2 = FOG REDUCING VISIBILITY
HIGHEST:    83 ON  9, 2 GRTST 24HR  0.18 ON  1- 1      TO 1/4 MILE OR LESS
LOWEST:     17 ON 11                               3 = THUNDER
                        SNOW, ICE PELLETS, HAIL    4 = ICE PELLETS
                        TOTAL MONTH:   0.0 INCH    5 = HAIL
                        GRTST 24HR     0.0         6 = FREEZING RAIN OR DRIZZLE
                        GRTST DEPTH:   0           7 = DUSTSTORM OR SANDSTORM:
                                                       VSBY 1/2 MILE OR LESS
                                                   8 = SMOKE OR HAZE
[NO. OF DAYS WITH]      [WEATHER - DAYS WITH]      9 = BLOWING SNOW
                                                   X = TORNADO
MAX 32 OR BELOW:   0    0.01 INCH OR MORE:   2
MAX 90 OR ABOVE:   0    0.10 INCH OR MORE:   1
MIN 32 OR BELOW:   3    0.50 INCH OR MORE:   0
MIN  0 OR BELOW:   0    1.00 INCH OR MORE:   0

[HDD (BASE 65) ]
TOTAL THIS MO.   140    CLEAR  (SCALE 0-3)  12
DPTR FM NORMAL    16    PTCLDY (SCALE 4-7)   1
TOTAL FM JUL 1   145    CLOUDY (SCALE 8-10)  2
DPTR FM NORMAL   -63

[CDD (BASE 65) ]
TOTAL THIS MO.     3
DPTR FM NORMAL    -3    [PRESSURE DATA]
TOTAL FM JAN 1  1132    HIGHEST SLP M ON M
DPTR FM NORMAL   227    LOWEST  SLP 29.59 ON  9

[REMARKS]
