000
CXUS51 KILN 200603
CF6CMH
PRELIMINARY LOCAL CLIMATOLOGICAL DATA (WS FORM: F-6)

                                          STATION:   COLUMBUS OH
                                          MONTH:     JUNE
                                          YEAR:      2018
                                          LATITUDE:   40  0 N
                                          LONGITUDE:  82 53 W

  TEMPERATURE IN F:       :PCPN:    SNOW:  WIND      :SUNSHINE: SKY     :PK WND
================================================================================
1   2   3   4   5  6A  6B    7    8   9   10  11  12  13   14  15   16   17  18
                                     12Z  AVG MX 2MIN
DY MAX MIN AVG DEP HDD CDD  WTR  SNW DPTH SPD SPD DIR MIN PSBL S-S WX    SPD DR
================================================================================

 1  82  68  75   8   0  10    T  0.0    0  4.8 10 290   M    M   8 3      14 200
 2  83  67  75   7   0  10 0.00  0.0    0  5.9 13  30   M    M   5 1      17  10
 3  84  64  74   6   0   9 0.08  0.0    0  9.3 26 290   M    M   3 18     32 290
 4  76  59  68   0   0   3 0.00  0.0    0 11.6 23 300   M    M   3        27 300
 5  68  55  62  -7   3   0 0.57  0.0    0  5.5 14 290   M    M   8 138    17 280
 6  69  50  60  -9   5   0 0.00  0.0    0  5.8 14  40   M    M   5        17  40
 7  81  53  67  -2   0   2 0.00  0.0    0  6.2 13 180   M    M   7        20 150
 8  85  66  76   6   0  11 0.54  0.0    0  3.9 22 280   M    M   8 13     25 270
 9  87  65  76   6   0  11 0.41  0.0    0  5.4 26 310   M    M   7 13     32 320
10  82  66  74   4   0   9 0.03  0.0    0  6.7 20 230   M    M   8 18     26 220
11  74  66  70  -1   0   5    T  0.0    0  7.6 15  90   M    M   9        18 100
12  80  65  73   2   0   8 0.30  0.0    0  8.5 20 200   M    M   8 138    31 210
13  86  64  75   4   0  10 1.25  0.0    0  7.2 26 310   M    M   8 138    34 300
14  83  58  71   0   0   6 0.00  0.0    0  3.2 10  10   M    M   4        14 360
15  86  60  73   1   0   8 0.00  0.0    0  2.7 12 350   M    M   6        13  30
16  89  65  77   5   0  12 0.04  0.0    0  5.6 37  10   M    M   7 3      49  20
17  92  70  81   9   0  16 0.00  0.0    0  4.8 15 140   M    M   5 13     18 140
18  93  72  83  11   0  18 0.00  0.0    0  9.0 21 220   M    M   5 1      25 230
19  88  74  81   8   0  16 0.38  0.0    0  6.5 17 300   M    M   6 3      21 300
================================================================================
SM 1568 1207         8 164  3.60     0.0 120.2          M      120
================================================================================
AV 82.5 63.5                               6.3 FASTST   M    M   6    MAX(MPH)
                                 MISC ---->  # 37  10               # 49   20
================================================================================
NOTES:
# LAST OF SEVERAL OCCURRENCES

COLUMN 17 PEAK WIND IN M.P.H.

PRELIMINARY LOCAL CLIMATOLOGICAL DATA (WS FORM: F-6) , PAGE 2

                                          STATION:  COLUMBUS OH
                                          MONTH:    JUNE
                                          YEAR:     2018
                                          LATITUDE:   40  0 N
                                          LONGITUDE:  82 53 W

[TEMPERATURE DATA]      [PRECIPITATION DATA]       SYMBOLS USED IN COLUMN 16

AVERAGE MONTHLY: 73.0   TOTAL FOR MONTH:   3.60    1 = FOG OR MIST
DPTR FM NORMAL:   2.9   DPTR FM NORMAL:    1.01    2 = FOG REDUCING VISIBILITY
HIGHEST:    93 ON 18    GRTST 24HR  1.25 ON 13-13      TO 1/4 MILE OR LESS
LOWEST:     50 ON  6                               3 = THUNDER
                        SNOW, ICE PELLETS, HAIL    4 = ICE PELLETS
                        TOTAL MONTH:   0.0 INCH    5 = HAIL
                        GRTST 24HR     0.0         6 = FREEZING RAIN OR DRIZZLE
                        GRTST DEPTH:   0           7 = DUSTSTORM OR SANDSTORM:
                                                       VSBY 1/2 MILE OR LESS
                                                   8 = SMOKE OR HAZE
[NO. OF DAYS WITH]      [WEATHER - DAYS WITH]      9 = BLOWING SNOW
                                                   X = TORNADO
MAX 32 OR BELOW:   0    0.01 INCH OR MORE:   9
MAX 90 OR ABOVE:   2    0.10 INCH OR MORE:   6
MIN 32 OR BELOW:   0    0.50 INCH OR MORE:   3
MIN  0 OR BELOW:   0    1.00 INCH OR MORE:   1

[HDD (BASE 65) ]
TOTAL THIS MO.     8    CLEAR  (SCALE 0-3)   1
DPTR FM NORMAL   -10    PTCLDY (SCALE 4-7)  13
TOTAL FM JUL 1  5200    CLOUDY (SCALE 8-10)  5
DPTR FM NORMAL   -45

[CDD (BASE 65) ]
TOTAL THIS MO.   164
DPTR FM NORMAL    48    [PRESSURE DATA]
TOTAL FM JAN 1   403    HIGHEST SLP 30.19 ON  8
DPTR FM NORMAL   205    LOWEST  SLP 29.75 ON  3

[REMARKS]
