000
CXUS51 KILN 180537
CF6CMH
PRELIMINARY LOCAL CLIMATOLOGICAL DATA (WS FORM: F-6)

                                          STATION:   COLUMBUS OH
                                          MONTH:     DECEMBER
                                          YEAR:      2018
                                          LATITUDE:   40  0 N
                                          LONGITUDE:  82 53 W

  TEMPERATURE IN F:       :PCPN:    SNOW:  WIND      :SUNSHINE: SKY     :PK WND
================================================================================
1   2   3   4   5  6A  6B    7    8   9   10  11  12  13   14  15   16   17  18
                                     12Z  AVG MX 2MIN
DY MAX MIN AVG DEP HDD CDD  WTR  SNW DPTH SPD SPD DIR MIN PSBL S-S WX    SPD DR
================================================================================

 1  54  39  47   9  18   0 0.84  0.0    0  9.7 23 130   M    M  10 13     30 130
 2  66  44  55  17  10   0    T  0.0    0 13.9 26 260   M    M   5        35 180
 3  44  35  40   3  25   0 0.02    T    0 12.1 16 270   M    M  10        25 250
 4  37  31  34  -3  31   0 0.02  0.1    0  6.8 13 350   M    M  10 15     16 320
 5  33  28  31  -6  34   0    T  0.2    T 10.3 21 290   M    M   9 18     24 250
 6  38  28  33  -3  32   0 0.05  0.1    0 11.3 22 240   M    M  10 1      28 240
 7  34  21  28  -8  37   0 0.00  0.0    0  4.4 10 240   M    M   3        13 220
 8  28  20  24 -12  41   0 0.00  0.0    0  7.4 21 350   M    M   8        26 350
 9  36  22  29  -6  36   0 0.00  0.0    0  5.4 10  20   M    M   8        16  10
10  29  16  23 -12  42   0 0.00  0.0    0  3.0  9 210   M    M   7 18     15  10
11  41  20  31  -3  34   0 0.00  0.0    0  8.1 21 240   M    M   5 18     25 250
12  45  26  36   2  29   0 0.00  0.0    0  6.2 17 190   M    M   8        23 180
13  49  29  39   5  26   0 0.00  0.0    0  4.4 12 130   M    M   7 18     13 120
14  57  39  48  14  17   0    T  0.0    0  5.4 12  40   M    M  10        15  20
15  51  46  49  16  16   0 0.85  0.0    0 12.3 26  40   M    M   9 1      33  40
16  46  39  43  10  22   0 0.04  0.0    0  8.4 16 300   M    M  10 1      19 300
17  44  31  38   5  27   0 0.00  0.0    0  7.7 17 320   M    M   4 18     21 320
================================================================================
SM  732  514       477   0  1.82     0.4 136.8          M      133
================================================================================
AV 43.1 30.2                               8.0 FASTST   M    M   8    MAX(MPH)
                                 MISC ---->  # 26 260               # 35  180
================================================================================
NOTES:
# LAST OF SEVERAL OCCURRENCES

COLUMN 17 PEAK WIND IN M.P.H.

PRELIMINARY LOCAL CLIMATOLOGICAL DATA (WS FORM: F-6) , PAGE 2

                                          STATION:  COLUMBUS OH
                                          MONTH:    DECEMBER
                                          YEAR:     2018
                                          LATITUDE:   40  0 N
                                          LONGITUDE:  82 53 W

[TEMPERATURE DATA]      [PRECIPITATION DATA]       SYMBOLS USED IN COLUMN 16

AVERAGE MONTHLY: 36.7   TOTAL FOR MONTH:   1.82    1 = FOG OR MIST
DPTR FM NORMAL:   1.4   DPTR FM NORMAL:    0.18    2 = FOG REDUCING VISIBILITY
HIGHEST:    66 ON  2    GRTST 24HR  0.85 ON 15-15      TO 1/4 MILE OR LESS
LOWEST:     16 ON 10                               3 = THUNDER
                        SNOW, ICE PELLETS, HAIL    4 = ICE PELLETS
                        TOTAL MONTH:   0.4 INCH    5 = HAIL
                        GRTST 24HR   0.2 ON  5- 5  6 = FREEZING RAIN OR DRIZZLE
                        GRTST DEPTH:   T           7 = DUSTSTORM OR SANDSTORM:
                                                       VSBY 1/2 MILE OR LESS
                                                   8 = SMOKE OR HAZE
[NO. OF DAYS WITH]      [WEATHER - DAYS WITH]      9 = BLOWING SNOW
                                                   X = TORNADO
MAX 32 OR BELOW:   2    0.01 INCH OR MORE:   6
MAX 90 OR ABOVE:   0    0.10 INCH OR MORE:   2
MIN 32 OR BELOW:  11    0.50 INCH OR MORE:   2
MIN  0 OR BELOW:   0    1.00 INCH OR MORE:   0

[HDD (BASE 65) ]
TOTAL THIS MO.   477    CLEAR  (SCALE 0-3)   1
DPTR FM NORMAL   -27    PTCLDY (SCALE 4-7)   8
TOTAL FM JUL 1  1617    CLOUDY (SCALE 8-10)  8
DPTR FM NORMAL    99

[CDD (BASE 65) ]
TOTAL THIS MO.     0
DPTR FM NORMAL     0    [PRESSURE DATA]
TOTAL FM JAN 1  1538    HIGHEST SLP 30.65 ON  8
DPTR FM NORMAL   514    LOWEST  SLP 29.42 ON  2

[REMARKS]
