000
CXUS51 KILN 230614
CF6CMH
PRELIMINARY LOCAL CLIMATOLOGICAL DATA (WS FORM: F-6)

                                          STATION:   COLUMBUS OH
                                          MONTH:     SEPTEMBER
                                          YEAR:      2018
                                          LATITUDE:   40  0 N
                                          LONGITUDE:  82 53 W

  TEMPERATURE IN F:       :PCPN:    SNOW:  WIND      :SUNSHINE: SKY     :PK WND
================================================================================
1   2   3   4   5  6A  6B    7    8   9   10  11  12  13   14  15   16   17  18
                                     12Z  AVG MX 2MIN
DY MAX MIN AVG DEP HDD CDD  WTR  SNW DPTH SPD SPD DIR MIN PSBL S-S WX    SPD DR
================================================================================

 1  85  70  78   6   0  13 0.38  0.0    0  5.0 23 300   M    M   8 138    26 300
 2  90  70  80   8   0  15 0.00  0.0    0  5.5 15 230   M    M   4 1      18 230
 3  93  72  83  12   0  18 0.00  0.0    0  2.7 10 190   M    M   3        13 190
 4  93  72  83  12   0  18 0.00  0.0    0  3.5 10 150   M    M   2 3      13 180
 5  92  72  82  11   0  17 0.00  0.0    0  3.9 17 320   M    M   5 3      23 330
 6  85  69  77   7   0  12 1.00  0.0    0  5.0 32 330   M    M   9 13     41 330
 7  83  70  77   7   0  12 0.04  0.0    0  6.5 15  10   M    M   9 1      19 360
 8  70  59  65  -5   0   0 1.44  0.0    0 10.2 22  20   M    M   9 1      26  20
 9  63  56  60  -9   5   0 1.21  0.0    0  8.1 21  60   M    M  10 1      28  60
10  66  61  64  -5   1   0 0.01  0.0    0  7.1 15 290   M    M  10 18     19 280
11  69  62  66  -3   0   1 0.00  0.0    0  3.7  9 360   M    M  10        10 360
12  76  62  69   1   0   4 0.00  0.0    0  4.4  8  10   M    M   9        12  50
13  87  64  76   8   0  11 0.00  0.0    0  2.4  8  30   M    M   5 128    11  30
14  89  69  79  11   0  14    T  0.0    0  5.4 12  10   M    M   4 138    19 360
15  89  70  80  13   0  15 0.00  0.0    0  6.5 15  40   M    M   3        18  30
16  87  69  78  11   0  13 0.00  0.0    0  8.1 15  90   M    M   7        18  50
17  76  68  72   6   0   7 0.53  0.0    0  6.3 13  10   M    M   9 1      23 350
18  89  64  77  11   0  12 0.00  0.0    0  2.8 16 310   M    M   2 18     19 310
19  87  67  77  11   0  12 0.01  0.0    0  4.1 12 340   M    M   4        14 340
20  91  68  80  15   0  15 0.02  0.0    0  6.6 13 170   M    M   3        17 180
21  89  68  79  14   0  14 0.10  0.0    0 11.7 26 270   M    M   5 3      34 270
22  68  56  62  -2   3   0 0.00  0.0    0  8.1 22 340   M    M   9        26 350
================================================================================
SM 1817 1458         9 223  4.74     0.0 127.6          M      139
================================================================================
AV 82.6 66.3                               5.8 FASTST   M    M   6    MAX(MPH)
                                 MISC ---->  # 32 330               # 41  330
================================================================================
NOTES:
# LAST OF SEVERAL OCCURRENCES

COLUMN 17 PEAK WIND IN M.P.H.

PRELIMINARY LOCAL CLIMATOLOGICAL DATA (WS FORM: F-6) , PAGE 2

                                          STATION:  COLUMBUS OH
                                          MONTH:    SEPTEMBER
                                          YEAR:     2018
                                          LATITUDE:   40  0 N
                                          LONGITUDE:  82 53 W

[TEMPERATURE DATA]      [PRECIPITATION DATA]       SYMBOLS USED IN COLUMN 16

AVERAGE MONTHLY: 74.4   TOTAL FOR MONTH:   4.74    1 = FOG OR MIST
DPTR FM NORMAL:   6.1   DPTR FM NORMAL:    2.62    2 = FOG REDUCING VISIBILITY
HIGHEST:    93 ON  4, 3 GRTST 24HR  1.44 ON  8- 8      TO 1/4 MILE OR LESS
LOWEST:     56 ON 22, 9                            3 = THUNDER
                        SNOW, ICE PELLETS, HAIL    4 = ICE PELLETS
                        TOTAL MONTH:   0.0 INCH    5 = HAIL
                        GRTST 24HR     0.0         6 = FREEZING RAIN OR DRIZZLE
                        GRTST DEPTH:   0           7 = DUSTSTORM OR SANDSTORM:
                                                       VSBY 1/2 MILE OR LESS
                                                   8 = SMOKE OR HAZE
[NO. OF DAYS WITH]      [WEATHER - DAYS WITH]      9 = BLOWING SNOW
                                                   X = TORNADO
MAX 32 OR BELOW:   0    0.01 INCH OR MORE:  10
MAX 90 OR ABOVE:   5    0.10 INCH OR MORE:   6
MIN 32 OR BELOW:   0    0.50 INCH OR MORE:   4
MIN  0 OR BELOW:   0    1.00 INCH OR MORE:   3

[HDD (BASE 65) ]
TOTAL THIS MO.     9    CLEAR  (SCALE 0-3)   3
DPTR FM NORMAL   -23    PTCLDY (SCALE 4-7)  10
TOTAL FM JUL 1     9    CLOUDY (SCALE 8-10)  9
DPTR FM NORMAL   -23

[CDD (BASE 65) ]
TOTAL THIS MO.   223
DPTR FM NORMAL   117    [PRESSURE DATA]
TOTAL FM JAN 1  1437    HIGHEST SLP 30.27 ON  4
DPTR FM NORMAL   442    LOWEST  SLP 29.80 ON 10

[REMARKS]
