000
CXUS55 KRIW 180945
CF6COD
PRELIMINARY LOCAL CLIMATOLOGICAL DATA (WS FORM: F-6)

                                          STATION:   CODY WY
                                          MONTH:     OCTOBER
                                          YEAR:      2019
                                          LATITUDE:   44 31 N
                                          LONGITUDE: 109  1 W

  TEMPERATURE IN F:       :PCPN:    SNOW:  WIND      :SUNSHINE: SKY     :PK WND
================================================================================
1   2   3   4   5  6A  6B    7    8   9   10  11  12  13   14  15   16   17  18
                                     12Z  AVG MX 2MIN
DY MAX MIN AVG DEP HDD CDD  WTR  SNW DPTH SPD SPD DIR MIN PSBL S-S WX    SPD DR
================================================================================

 1  36  29  33 -20  32   0    T    M    M  9.1 13  10   M    M  10 1       M  M
 2  46  29  38 -14  27   0 0.01    M    M  7.5 14 200   M    M   6 1      17 260
 3  56  32  44  -8  21   0 0.00    M    M  9.1 18 220   M    M   0         M  M
 4  56  32  44  -8  21   0 0.05    M    M  6.5 18 360   M    M   2        25  10
 5  51  33  42  -9  23   0 0.00    M    M 10.5 18 260   M    M   2        32 260
 6  58  38  48  -3  17   0 0.00    M    M 11.1 20 250   M    M   0        30 250
 7  70  40  55   4  10   0 0.00    M    M 11.6 21 230   M    M   0        31 250
 8  71  31  51   1  14   0 0.00    M    M 12.2 20  30   M    M   0        32  10
 9  31  17  24 -26  41   0    T    M    M 16.6 23 340   M    M  10 12     31 360
10  25  13  19 -30  46   0    T    M    M  6.4 13 330   M    M   6         M  M
11  44  12  28 -21  37   0 0.00    M    M  2.6  8  80   M    M   0         M  M
12  54  21  38 -11  27   0 0.00    M    M  3.2  9  50   M    M   0         M  M
13  64  28  46  -2  19   0 0.00    M    M  4.9 12 120   M    M   0 8       M  M
14  63  36  50   2  15   0 0.00    M    M  9.2 21 360   M    M   1        32 300
15  55  26  41  -7  24   0 0.00    M    M  5.8 13 120   M    M   0        17 110
16  73  38  56   9   9   0 0.00    M    M  6.7 16 140   M    M   0        21 220
17  72  44  58  11   7   0 0.00    M    M  8.8 17 300   M    M   1        35 270
================================================================================
SM  925  499       390   0  0.06    M    141.8          M       38
================================================================================
AV 54.4 29.4                               8.3 FASTST   M    M   2    MAX(MPH)
                                 MISC ---->  # 23 340               # 35  270
================================================================================
NOTES:
# LAST OF SEVERAL OCCURRENCES

COLUMN 17 PEAK WIND IN M.P.H.

PRELIMINARY LOCAL CLIMATOLOGICAL DATA (WS FORM: F-6) , PAGE 2

                                          STATION:  CODY WY
                                          MONTH:    OCTOBER
                                          YEAR:     2019
                                          LATITUDE:   44 31 N
                                          LONGITUDE: 109  1 W

[TEMPERATURE DATA]      [PRECIPITATION DATA]       SYMBOLS USED IN COLUMN 16

AVERAGE MONTHLY: 41.9   TOTAL FOR MONTH:   0.06    1 = FOG OR MIST
DPTR FM NORMAL:  -7.9   DPTR FM NORMAL:   -0.47    2 = FOG REDUCING VISIBILITY
HIGHEST:    73 ON 16    GRTST 24HR  0.05 ON  4- 4      TO 1/4 MILE OR LESS
LOWEST:     12 ON 11                               3 = THUNDER
                        SNOW, ICE PELLETS, HAIL    4 = ICE PELLETS
                        TOTAL MONTH:    M          5 = HAIL
                        GRTST 24HR    M  ON   M    6 = FREEZING RAIN OR DRIZZLE
                        GRTST DEPTH:  M  ON   M    7 = DUSTSTORM OR SANDSTORM:
                                                       VSBY 1/2 MILE OR LESS
                                                   8 = SMOKE OR HAZE
[NO. OF DAYS WITH]      [WEATHER - DAYS WITH]      9 = BLOWING SNOW
                                                   X = TORNADO
MAX 32 OR BELOW:   2    0.01 INCH OR MORE:   2
MAX 90 OR ABOVE:   0    0.10 INCH OR MORE:   0
MIN 32 OR BELOW:  11    0.50 INCH OR MORE:   0
MIN  0 OR BELOW:   0    1.00 INCH OR MORE:   0

[HDD (BASE 65) ]
TOTAL THIS MO.   390    CLEAR  (SCALE 0-3)  13
DPTR FM NORMAL     M    PTCLDY (SCALE 4-7)   2
TOTAL FM JUL 1   701    CLOUDY (SCALE 8-10)  2
DPTR FM NORMAL     M

[CDD (BASE 65) ]
TOTAL THIS MO.     0
DPTR FM NORMAL     0    [PRESSURE DATA]
TOTAL FM JAN 1   333    HIGHEST SLP M ON M
DPTR FM NORMAL   333    LOWEST  SLP M ON M

[REMARKS]
