000
CXUS53 KDDC 171200
CF6DDC
PRELIMINARY LOCAL CLIMATOLOGICAL DATA (WS FORM: F-6)

                                          STATION:   DODGE CITY KS
                                          MONTH:     JULY
                                          YEAR:      2018
                                          LATITUDE:   37 46 N
                                          LONGITUDE:  99 58 W

  TEMPERATURE IN F:       :PCPN:    SNOW:  WIND      :SUNSHINE: SKY     :PK WND
================================================================================
1   2   3   4   5  6A  6B    7    8   9   10  11  12  13   14  15   16   17  18
                                     12Z  AVG MX 2MIN
DY MAX MIN AVG DEP HDD CDD  WTR  SNW DPTH SPD SPD DIR MIN PSBL S-S WX    SPD DR
================================================================================

 1  90  61  76  -2   0  11 0.00  0.0    0 10.4 31  20   M    M   3        41 360
 2  94  66  80   2   0  15 0.00  0.0    0 15.3 28 150   M    M   2 128    37 150
 3  96  70  83   5   0  18 0.00  0.0    0 15.4 25 180   M    M   0 18     37 170
 4  97  71  84   5   0  19 0.00  0.0    0 16.5 26 160   M    M   0        36 160
 5  92  69  81   2   0  16 0.08  0.0    0 10.1 37  20   M    M   2 138    51  20
 6  91  68  80   1   0  15 0.00  0.0    0  7.0 31 110   M    M   2 13     41 110
 7  92  65  79   0   0  14 0.00  0.0    0  9.1 21 140   M    M   0 18     27 130
 8  93  64  79   0   0  14 0.00  0.0    0 10.8 18 160   M    M   0 18     26 140
 9  95  64  80   1   0  15 0.00  0.0    0  8.8 14 140   M    M   0 18     21 180
10  95  67  81   1   0  16 0.00  0.0    0  9.3 18 160   M    M   1 8      25 160
11  97  68  83   3   0  18 0.00  0.0    0 12.9 22 150   M    M   1 8      31 150
12  99  71  85   5   0  20 0.00  0.0    0 13.2 26 210   M    M   0 38     35 160
13  96  65  81   1   0  16 0.83  0.0    0 13.6 40 300   M    M   3 138    54 290
14  91  68  80   0   0  15 1.00  0.0    0  8.4 21 100   M    M   5 13     27 100
15  95  70  83   3   0  18 0.00  0.0    0  9.6 23 360   M    M   2 13     34  10
16  93  69  81   1   0  16 0.00  0.0    0  9.1 21  40   M    M   1 13     32 140
================================================================================
SM 1506 1076         0 256  1.91     0.0 179.5          M       22
================================================================================
AV 94.1 67.3                              11.2 FASTST   M    M   1    MAX(MPH)
                                 MISC ---->  # 40 300               # 54  290
================================================================================
NOTES:
# LAST OF SEVERAL OCCURRENCES

COLUMN 17 PEAK WIND IN M.P.H.

PRELIMINARY LOCAL CLIMATOLOGICAL DATA (WS FORM: F-6) , PAGE 2

                                          STATION:  DODGE CITY KS
                                          MONTH:    JULY
                                          YEAR:     2018
                                          LATITUDE:   37 46 N
                                          LONGITUDE:  99 58 W

[TEMPERATURE DATA]      [PRECIPITATION DATA]       SYMBOLS USED IN COLUMN 16

AVERAGE MONTHLY: 80.7   TOTAL FOR MONTH:   1.91    1 = FOG OR MIST
DPTR FM NORMAL:   1.4   DPTR FM NORMAL:    0.34    2 = FOG REDUCING VISIBILITY
HIGHEST:    99 ON 12    GRTST 24HR  1.00 ON 14-14      TO 1/4 MILE OR LESS
LOWEST:     61 ON  1                               3 = THUNDER
                        SNOW, ICE PELLETS, HAIL    4 = ICE PELLETS
                        TOTAL MONTH:   0.0 INCH    5 = HAIL
                        GRTST 24HR     0.0         6 = FREEZING RAIN OR DRIZZLE
                        GRTST DEPTH:   0           7 = DUSTSTORM OR SANDSTORM:
                                                       VSBY 1/2 MILE OR LESS
                                                   8 = SMOKE OR HAZE
[NO. OF DAYS WITH]      [WEATHER - DAYS WITH]      9 = BLOWING SNOW
                                                   X = TORNADO
MAX 32 OR BELOW:   0    0.01 INCH OR MORE:   3
MAX 90 OR ABOVE:  16    0.10 INCH OR MORE:   2
MIN 32 OR BELOW:   0    0.50 INCH OR MORE:   2
MIN  0 OR BELOW:   0    1.00 INCH OR MORE:   1

[HDD (BASE 65) ]
TOTAL THIS MO.     0    CLEAR  (SCALE 0-3)  15
DPTR FM NORMAL     0    PTCLDY (SCALE 4-7)   1
TOTAL FM JUL 1     0    CLOUDY (SCALE 8-10)  0
DPTR FM NORMAL     0

[CDD (BASE 65) ]
TOTAL THIS MO.   256
DPTR FM NORMAL    28    [PRESSURE DATA]
TOTAL FM JAN 1   962    HIGHEST SLP M ON M
DPTR FM NORMAL   347    LOWEST  SLP 29.79 ON  3

[REMARKS]
