000
CXUS53 KDDC 181200
CF6DDC
PRELIMINARY LOCAL CLIMATOLOGICAL DATA (WS FORM: F-6)

                                          STATION:   DODGE CITY KS
                                          MONTH:     OCTOBER
                                          YEAR:      2019
                                          LATITUDE:   37 46 N
                                          LONGITUDE:  99 58 W

  TEMPERATURE IN F:       :PCPN:    SNOW:  WIND      :SUNSHINE: SKY     :PK WND
================================================================================
1   2   3   4   5  6A  6B    7    8   9   10  11  12  13   14  15   16   17  18
                                     12Z  AVG MX 2MIN
DY MAX MIN AVG DEP HDD CDD  WTR  SNW DPTH SPD SPD DIR MIN PSBL S-S WX    SPD DR
================================================================================

 1  77  61  69   7   0   4 0.99  0.0    0 11.7 32 220   M    M   6 123    44 200
 2  61  52  57  -5   8   0 0.04  0.0    0 11.0 22  20   M    M   9 12     30  30
 3  60  48  54  -8  11   0    T    M    0 10.4 21  20   M    M  10        30  20
 4  62  50  56  -5   9   0 0.12  0.0    0 15.4 29 160   M    M  10 1      38 160
 5  73  49  61   0   4   0 0.00  0.0    0 13.3 26 350   M    M   1 1      37 360
 6  69  46  58  -2   7   0 0.00  0.0    0  8.7 23 360   M    M   4 8      31 360
 7  70  43  57  -3   8   0 0.00  0.0    0 12.3 23 170   M    M   0 8      28 160
 8  78  45  62   2   3   0 0.00  0.0    0 19.9 35 170   M    M   0 8      44 200
 9  87  53  70  11   0   5    T  0.0    0 21.6 43 170   M    M   1 38     52 170
10  68  34  51  -8  14   0    T    T    0 21.7 35 320   M    M   7        50 360
11  56  25  41 -17  24   0 0.00  0.0    0 13.3 28 310   M    M   0 8      40 320
12  72  31  52  -6  13   0 0.00  0.0    0 12.2 28 220   M    M   0        37 230
13  76  32  54  -4  11   0 0.00  0.0    0  8.0 14  20   M    M   0        19  80
14  82  43  63   6   2   0 0.00  0.0    0  9.1 18 200   M    M   0 18     25 180
15  68  39  54  -3  11   0 0.00  0.0    0 14.0 32  10   M    M   0 8      44  20
16  70  30  50  -7  15   0 0.00  0.0    0 10.5 23 180   M    M   0 8      29 180
17  86  44  65   9   0   0 0.00  0.0    0 15.9 24 180   M    M   0 8      30 190
================================================================================
SM 1215  725       140   9  1.15    T    229.0          M       48
================================================================================
AV 71.5 42.7                              13.5 FASTST   M    M   3    MAX(MPH)
                                 MISC ---->  # 43 170               # 52  170
================================================================================
NOTES:
# LAST OF SEVERAL OCCURRENCES

COLUMN 17 PEAK WIND IN M.P.H.

PRELIMINARY LOCAL CLIMATOLOGICAL DATA (WS FORM: F-6) , PAGE 2

                                          STATION:  DODGE CITY KS
                                          MONTH:    OCTOBER
                                          YEAR:     2019
                                          LATITUDE:   37 46 N
                                          LONGITUDE:  99 58 W

[TEMPERATURE DATA]      [PRECIPITATION DATA]       SYMBOLS USED IN COLUMN 16

AVERAGE MONTHLY: 57.1   TOTAL FOR MONTH:   1.15    1 = FOG OR MIST
DPTR FM NORMAL:  -2.2   DPTR FM NORMAL:    0.16    2 = FOG REDUCING VISIBILITY
HIGHEST:    87 ON  9    GRTST 24HR  0.99 ON  1- 1      TO 1/4 MILE OR LESS
LOWEST:     25 ON 11                               3 = THUNDER
                        SNOW, ICE PELLETS, HAIL    4 = ICE PELLETS
                        TOTAL MONTH:    T          5 = HAIL
                        GRTST 24HR    T  ON 10-10  6 = FREEZING RAIN OR DRIZZLE
                        GRTST DEPTH:   0           7 = DUSTSTORM OR SANDSTORM:
                                                       VSBY 1/2 MILE OR LESS
                                                   8 = SMOKE OR HAZE
[NO. OF DAYS WITH]      [WEATHER - DAYS WITH]      9 = BLOWING SNOW
                                                   X = TORNADO
MAX 32 OR BELOW:   0    0.01 INCH OR MORE:   3
MAX 90 OR ABOVE:   0    0.10 INCH OR MORE:   2
MIN 32 OR BELOW:   4    0.50 INCH OR MORE:   1
MIN  0 OR BELOW:   0    1.00 INCH OR MORE:   0

[HDD (BASE 65) ]
TOTAL THIS MO.   140    CLEAR  (SCALE 0-3)  11
DPTR FM NORMAL    18    PTCLDY (SCALE 4-7)   3
TOTAL FM JUL 1   140    CLOUDY (SCALE 8-10)  3
DPTR FM NORMAL   -47

[CDD (BASE 65) ]
TOTAL THIS MO.     9
DPTR FM NORMAL   -16    [PRESSURE DATA]
TOTAL FM JAN 1  1684    HIGHEST SLP M ON M
DPTR FM NORMAL   226    LOWEST  SLP 29.49 ON  9

[REMARKS]
