000
CXUS55 KDVN 181100
CF6DVN
PRELIMINARY LOCAL CLIMATOLOGICAL DATA (WS FORM: F-6)

                                          STATION:   DAVENPORT IA
                                          MONTH:     SEPTEMBER
                                          YEAR:      2018
                                          LATITUDE:   41 37 N
                                          LONGITUDE:  90 35 W

  TEMPERATURE IN F:       :PCPN:    SNOW:  WIND      :SUNSHINE: SKY     :PK WND
================================================================================
1   2   3   4   5  6A  6B    7    8   9   10  11  12  13   14  15   16   17  18
                                     12Z  AVG MX 2MIN
DY MAX MIN AVG DEP HDD CDD  WTR  SNW DPTH SPD SPD DIR MIN PSBL S-S WX    SPD DR
================================================================================

 1  85  71  78  10   0  13 1.23  0.0    0  7.9 18 230   M    M   5 13     29 230
 2  87  67  77   9   0  12 0.61  0.0    0  7.2 20 200   M    M   3 13     29 310
 3  84  70  77   9   0  12 0.79  0.0    0  5.4 20 150   M    M   5 138    26 160
 4  90  73  82  14   0  17 0.00  0.0    0 10.3 17 170   M    M   0        25 200
 5  79  69  74   7   0   9 0.32  0.0    0  8.5 17 200   M    M   6 1      25 190
 6  70  62  66  -1   0   1 2.25  0.0    0  9.5 18  60   M    M   9 1      26  70
 7  66  60  63  -4   2   0 0.47  0.0    0 10.3 20  70   M    M  10 1      27  70
 8  71  57  64  -2   1   0 0.00  0.0    0 12.5 23  70   M    M   2        32  50
 9  74  53  64  -2   1   0 0.00  0.0    0  9.5 17  40   M    M   0        23  40
10  76  48  62  -4   3   0 0.00  0.0    0  3.0  9  20   M    M   0        13  30
11  80  49  65   0   0   0 0.00  0.0    0  5.2 13 150   M    M   0        18 220
12  84  53  69   4   0   4 0.00  0.0    0  5.8 13 130   M    M   0        20 130
13  83  55  69   5   0   4 0.00  0.0    0  5.9 13 180   M    M   0        19 160
14  88  60  74  10   0   9 0.00  0.0    0  3.9  9 200   M    M   0        13 160
15  88  63  76  12   0  11 0.00  0.0    0  5.3  9 110   M    M   1        14 130
16  88  60  74  11   0   9 0.00  0.0    0  3.5 10 170   M    M   0 1      17 170
17  91  61  76  13   0  11 0.00  0.0    0  4.0 13 250   M    M   1 18     18 230
================================================================================
SM 1384 1031         7 112  5.67     0.0 117.7          M       42
================================================================================
AV 81.4 60.7                               6.9 FASTST   M    M   2    MAX(MPH)
                                 MISC ---->  # 23  70               # 32   50
================================================================================
NOTES:
# LAST OF SEVERAL OCCURRENCES

COLUMN 17 PEAK WIND IN M.P.H.

PRELIMINARY LOCAL CLIMATOLOGICAL DATA (WS FORM: F-6) , PAGE 2

                                          STATION:  DAVENPORT IA
                                          MONTH:    SEPTEMBER
                                          YEAR:     2018
                                          LATITUDE:   41 37 N
                                          LONGITUDE:  90 35 W

[TEMPERATURE DATA]      [PRECIPITATION DATA]       SYMBOLS USED IN COLUMN 16

AVERAGE MONTHLY: 71.0   TOTAL FOR MONTH:   5.67    1 = FOG OR MIST
DPTR FM NORMAL:   5.2   DPTR FM NORMAL:    4.04    2 = FOG REDUCING VISIBILITY
HIGHEST:    91 ON 17    GRTST 24HR  2.25 ON  6- 6      TO 1/4 MILE OR LESS
LOWEST:     48 ON 10                               3 = THUNDER
                        SNOW, ICE PELLETS, HAIL    4 = ICE PELLETS
                        TOTAL MONTH:   0.0 INCH    5 = HAIL
                        GRTST 24HR     0.0         6 = FREEZING RAIN OR DRIZZLE
                        GRTST DEPTH:   0           7 = DUSTSTORM OR SANDSTORM:
                                                       VSBY 1/2 MILE OR LESS
                                                   8 = SMOKE OR HAZE
[NO. OF DAYS WITH]      [WEATHER - DAYS WITH]      9 = BLOWING SNOW
                                                   X = TORNADO
MAX 32 OR BELOW:   0    0.01 INCH OR MORE:   6
MAX 90 OR ABOVE:   2    0.10 INCH OR MORE:   6
MIN 32 OR BELOW:   0    0.50 INCH OR MORE:   4
MIN  0 OR BELOW:   0    1.00 INCH OR MORE:   2

[HDD (BASE 65) ]
TOTAL THIS MO.     7    CLEAR  (SCALE 0-3)  11
DPTR FM NORMAL   -32    PTCLDY (SCALE 4-7)   4
TOTAL FM JUL 1     8    CLOUDY (SCALE 8-10)  2
DPTR FM NORMAL   -45

[CDD (BASE 65) ]
TOTAL THIS MO.   112
DPTR FM NORMAL    60    [PRESSURE DATA]
TOTAL FM JAN 1  1018    HIGHEST SLP M ON M
DPTR FM NORMAL   262    LOWEST  SLP 29.87 ON M

[REMARKS]
