000
CXUS55 KEAX 200736
CF6EAX
PRELIMINARY LOCAL CLIMATOLOGICAL DATA (WS FORM: F-6)

                                          STATION:   Pleasant Hill NWS MO
                                          MONTH:     JUNE
                                          YEAR:      2018
                                          LATITUDE:   38 48 N
                                          LONGITUDE:  94 16 W

  TEMPERATURE IN F:       :PCPN:    SNOW:  WIND      :SUNSHINE: SKY     :PK WND
================================================================================
1   2   3   4   5  6A  6B    7    8   9   10  11  12  13   14  15   16   17  18
                                     12Z  AVG MX 2MIN
DY MAX MIN AVG DEP HDD CDD  WTR  SNW DPTH SPD SPD DIR MIN PSBL S-S WX    SPD DR
================================================================================

 1  92  69  81  12   0  16 0.00  0.0    0   M   M   M   0    0   0         0   0
 2  81  63  72   2   0   7 0.16  0.0    0   M   M   M   0    0   0         0   0
 3  82  59  71   1   0   6 0.00  0.0    0   M   M   M   0    0   0         0   0
 4  80  58  69  -1   0   4 0.00  0.0    0   M   M   M   0    0   0         0   0
 5  85  58  72   2   0   7 0.00  0.0    0   M   M   M   0    0   0         0   0
 6  90  65  78   7   0  13 0.00  0.0    0   M   M   M   0    0   0         0   0
 7  88  66  77   6   0  12 0.00  0.0    0   M   M   M   0    0   0         0   0
 8  90  67  79   8   0  14 0.00  0.0    0   M   M   M   0    0   0         0   0
 9  90  71  81   9   0  16 0.00  0.0    0   M   M   M   0    0   0         0   0
10  92  72  82  10   0  17 0.00  0.0    0   M   M   M   0    0   0         0   0
11  94  67  81   9   0  16 1.05  0.0    0   M   M   M   0    0   0         0   0
12  83  66  75   3   0  10 0.21  0.0    0   M   M   M   0    0   0         0   0
13  85  71  78   5   0  13 0.00  0.0    0   M   M   M   0    0   0         0   0
14  92  69  81   8   0  16 0.00  0.0    0   M   M   M   0    0   0         0   0
15  91  72  82   9   0  17 0.00  0.0    0   M   M   M   0    0   0         0   0
16  92  71  82   9   0  17 0.00  0.0    0   M   M   M   0    0   0         0   0
17  91  72  82   8   0  17 0.00  0.0    0   M   M   M   0    0   0         0   0
18  90  74  82   8   0  17 0.00  0.0    0   M   M   M   0    0   0         0   0
19  89  68  79   5   0  14 0.54  0.0    0   M   M   M   0    0   0         0   0
================================================================================
SM 1677 1278         0 249  1.96     0.0     M            0      0
================================================================================
AV 88.3 67.3                                 M FASTST    0   0   0    MAX(MPH)
                                 MISC ---->     M   M               #  0    0
================================================================================
NOTES:
# LAST OF SEVERAL OCCURRENCES

COLUMN 17 PEAK WIND IN M.P.H.

PRELIMINARY LOCAL CLIMATOLOGICAL DATA (WS FORM: F-6) , PAGE 2

                                          STATION:  Pleasant Hill NWS MO
                                          MONTH:    JUNE
                                          YEAR:     2018
                                          LATITUDE:   38 48 N
                                          LONGITUDE:  94 16 W

[TEMPERATURE DATA]      [PRECIPITATION DATA]       SYMBOLS USED IN COLUMN 16

AVERAGE MONTHLY: 77.8   TOTAL FOR MONTH:   1.96    1 = FOG OR MIST
DPTR FM NORMAL:   6.0   DPTR FM NORMAL:   -2.04    2 = FOG REDUCING VISIBILITY
HIGHEST:    94 ON 11    GRTST 24HR  1.05 ON 11-11      TO 1/4 MILE OR LESS
LOWEST:     58 ON  5, 4                            3 = THUNDER
                        SNOW, ICE PELLETS, HAIL    4 = ICE PELLETS
                        TOTAL MONTH:   0.0 INCH    5 = HAIL
                        GRTST 24HR     0.0         6 = FREEZING RAIN OR DRIZZLE
                        GRTST DEPTH:   0           7 = DUSTSTORM OR SANDSTORM:
                                                       VSBY 1/2 MILE OR LESS
                                                   8 = SMOKE OR HAZE
[NO. OF DAYS WITH]      [WEATHER - DAYS WITH]      9 = BLOWING SNOW
                                                   X = TORNADO
MAX 32 OR BELOW:   0    0.01 INCH OR MORE:   4
MAX 90 OR ABOVE:  11    0.10 INCH OR MORE:   4
MIN 32 OR BELOW:   0    0.50 INCH OR MORE:   2
MIN  0 OR BELOW:   0    1.00 INCH OR MORE:   1

[HDD (BASE 65) ]
TOTAL THIS MO.     0    CLEAR  (SCALE 0-3)  19
DPTR FM NORMAL    -7    PTCLDY (SCALE 4-7)   0
TOTAL FM JUL 1  4817    CLOUDY (SCALE 8-10)  0
DPTR FM NORMAL  -337

[CDD (BASE 65) ]
TOTAL THIS MO.   249
DPTR FM NORMAL   113    [PRESSURE DATA]
TOTAL FM JAN 1   520    HIGHEST SLP  0.00 ON M
DPTR FM NORMAL   288    LOWEST  SLP  0.00 ON M

[REMARKS]
