000
CXUS55 KEAX 240736
CF6EAX
PRELIMINARY LOCAL CLIMATOLOGICAL DATA (WS FORM: F-6)

                                          STATION:   Pleasant Hill NWS MO
                                          MONTH:     SEPTEMBER
                                          YEAR:      2018
                                          LATITUDE:   38 48 N
                                          LONGITUDE:  94 16 W

  TEMPERATURE IN F:       :PCPN:    SNOW:  WIND      :SUNSHINE: SKY     :PK WND
================================================================================
1   2   3   4   5  6A  6B    7    8   9   10  11  12  13   14  15   16   17  18
                                     12Z  AVG MX 2MIN
DY MAX MIN AVG DEP HDD CDD  WTR  SNW DPTH SPD SPD DIR MIN PSBL S-S WX    SPD DR
================================================================================

 1  90  74  82   8   0  17 0.00  0.0    0   M   M   M   0    0   0         0   0
 2  88  69  79   5   0  14 0.00  0.0    0   M   M   M   0    0   0         0   0
 3  87  72  80   7   0  15 0.00  0.0    0   M   M   M   0    0   0         0   0
 4  86  71  79   6   0  14 0.01  0.0    0   M   M   M   0    0   0         0   0
 5  77  71  74   2   0   9 0.35  0.0    0   M   M   M   0    0   0         0   0
 6  80  70  75   3   0  10    T  0.0    0   M   M   M   0    0   0         0   0
 7  72  64  68  -4   0   3 0.43  0.0    0   M   M   M   0    0   0         0   0
 8  69  58  64  -7   1   0 0.02  0.0    0   M   M   M   0    0   0         0   0
 9  74  55  65  -6   0   0 0.00  0.0    0   M   M   M   0    0   0         0   0
10  80  56  68  -3   0   3 0.00  0.0    0   M   M   M   0    0   0         0   0
11  82  59  71   1   0   6 0.00  0.0    0   M   M   M   0    0   0         0   0
12  80  58  69  -1   0   4 0.00  0.0    0   M   M   M   0    0   0         0   0
13  85  63  74   5   0   9 0.00  0.0    0   M   M   M   0    0   0         0   0
14  89  66  78   9   0  13 0.00  0.0    0   M   M   M   0    0   0         0   0
15  90  69  80  12   0  15 0.00  0.0    0   M   M   M   0    0   0         0   0
16  89  67  78  10   0  13 0.00  0.0    0   M   M   M   0    0   0         0   0
17  90  66  78  10   0  13 0.00  0.0    0   M   M   M   0    0   0         0   0
18  92  69  81  14   0  16 0.00  0.0    0   M   M   M   0    0   0         0   0
19  93  70  82  15   0  17 0.00  0.0    0   M   M   M   0    0   0         0   0
20  92  71  82  16   0  17 0.00  0.0    0   M   M   M   0    0   0         0   0
21  70  56  63  -3   2   0 0.08  0.0    0   M   M   M   0    0   0         0   0
22  75  48  62  -4   3   0 0.00  0.0    0   M   M   M   0    0   0         0   0
23  79  53  66   1   0   1 0.00  0.0    0   M   M   M   0    0   0         0   0
================================================================================
SM 1909 1475         6 209  0.89     0.0     M            0      0
================================================================================
AV 83.0 64.1                                 M FASTST    0   0   0    MAX(MPH)
                                 MISC ---->     M   M               #  0    0
================================================================================
NOTES:
# LAST OF SEVERAL OCCURRENCES

COLUMN 17 PEAK WIND IN M.P.H.

PRELIMINARY LOCAL CLIMATOLOGICAL DATA (WS FORM: F-6) , PAGE 2

                                          STATION:  Pleasant Hill NWS MO
                                          MONTH:    SEPTEMBER
                                          YEAR:     2018
                                          LATITUDE:   38 48 N
                                          LONGITUDE:  94 16 W

[TEMPERATURE DATA]      [PRECIPITATION DATA]       SYMBOLS USED IN COLUMN 16

AVERAGE MONTHLY: 73.6   TOTAL FOR MONTH:   0.89    1 = FOG OR MIST
DPTR FM NORMAL:   3.9   DPTR FM NORMAL:   -2.95    2 = FOG REDUCING VISIBILITY
HIGHEST:    93 ON 19    GRTST 24HR  0.43 ON  7- 7      TO 1/4 MILE OR LESS
LOWEST:     48 ON 22                               3 = THUNDER
                        SNOW, ICE PELLETS, HAIL    4 = ICE PELLETS
                        TOTAL MONTH:   0.0 INCH    5 = HAIL
                        GRTST 24HR     0.0         6 = FREEZING RAIN OR DRIZZLE
                        GRTST DEPTH:   0           7 = DUSTSTORM OR SANDSTORM:
                                                       VSBY 1/2 MILE OR LESS
                                                   8 = SMOKE OR HAZE
[NO. OF DAYS WITH]      [WEATHER - DAYS WITH]      9 = BLOWING SNOW
                                                   X = TORNADO
MAX 32 OR BELOW:   0    0.01 INCH OR MORE:   5
MAX 90 OR ABOVE:   6    0.10 INCH OR MORE:   2
MIN 32 OR BELOW:   0    0.50 INCH OR MORE:   0
MIN  0 OR BELOW:   0    1.00 INCH OR MORE:   0

[HDD (BASE 65) ]
TOTAL THIS MO.     6    CLEAR  (SCALE 0-3)  23
DPTR FM NORMAL   -21    PTCLDY (SCALE 4-7)   0
TOTAL FM JUL 1     6    CLOUDY (SCALE 8-10)  0
DPTR FM NORMAL   -23

[CDD (BASE 65) ]
TOTAL THIS MO.   209
DPTR FM NORMAL    75    [PRESSURE DATA]
TOTAL FM JAN 1  1655    HIGHEST SLP  0.00 ON M
DPTR FM NORMAL   400    LOWEST  SLP  0.00 ON M

[REMARKS]
