000
CXUS53 KOAX 181000
CF6FNB
PRELIMINARY LOCAL CLIMATOLOGICAL DATA (WS FORM: F-6)

                                          STATION:   FALLS CITY NE
                                          MONTH:     NOVEMBER
                                          YEAR:      2018
                                          LATITUDE:   40  4 N
                                          LONGITUDE:  95 35 W

  TEMPERATURE IN F:       :PCPN:    SNOW:  WIND      :SUNSHINE: SKY     :PK WND
================================================================================
1   2   3   4   5  6A  6B    7    8   9   10  11  12  13   14  15   16   17  18
                                     12Z  AVG MX 2MIN
DY MAX MIN AVG DEP HDD CDD  WTR  SNW DPTH SPD SPD DIR MIN PSBL S-S WX    SPD DR
================================================================================

 1  61  37  49   1  16   0 0.00    M    M  5.3 12 210   M    M   2        15 290
 2  52  39  46  -2  19   0 0.05    M    M  8.6 21 320   M    M   8 1      28 310
 3  50  39  45  -2  20   0 0.18    M    M  8.1 18  70   M    M   9 1      24  70
 4  48  34  41  -6  24   0 0.01    M    M 11.8 21 310   M    M   7 1      29 300
 5  52  35  44  -2  21   0 0.13    M    M  9.8 20 280   M    M   8 1      28 280
 6  48  29  39  -7  26   0 0.00    M    M 10.5 20 300   M    M   0        26 300
 7  43  26  35 -10  30   0 0.00    M    M  7.1 15 320   M    M   0        20 320
 8  33  22  28 -17  37   0 0.04    M    M  4.4  8  50   M    M   8 1      11  60
 9  31  13  22 -22  43   0    T    M    M 11.9 29 320   M    M   5 1      45 310
10  35   9  22 -22  43   0 0.00    M    M  8.1 24 150   M    M   2        31 140
11  44  23  34  -9  31   0 0.00    M    M  7.0 17 350   M    M   3        26 340
12  30  14  22 -21  43   0 0.00    M    M 11.9 24 360   M    M   8        35 330
13  34  11  23 -19  42   0 0.00    M    M  5.3  9 220   M    M   0        13 220
14  43  18  31 -11  34   0 0.00    M    M  7.8 15 160   M    M   0        21 170
15  53  22  38  -3  27   0 0.00    M    M  7.8 14 330   M    M   0        21 330
16  57  28  43   2  22   0 0.00    M    M  7.5 14 160   M    M   0        19 160
17   M   M   M   M   M   M    M    M    M   M   M   M   M    M   M         M  M
================================================================================
SM  714  399       478   0  0.41    M    132.9          M       60
================================================================================
AV 44.6 24.9                               8.3 FASTST   M    M   4    MAX(MPH)
                                 MISC ---->  # 29 320               # 45  310
================================================================================
NOTES:
# LAST OF SEVERAL OCCURRENCES

COLUMN 17 PEAK WIND IN M.P.H.

PRELIMINARY LOCAL CLIMATOLOGICAL DATA (WS FORM: F-6) , PAGE 2

                                          STATION:  FALLS CITY NE
                                          MONTH:    NOVEMBER
                                          YEAR:     2018
                                          LATITUDE:   40  4 N
                                          LONGITUDE:  95 35 W

[TEMPERATURE DATA]      [PRECIPITATION DATA]       SYMBOLS USED IN COLUMN 16

AVERAGE MONTHLY: 34.8   TOTAL FOR MONTH:   0.41    1 = FOG OR MIST
DPTR FM NORMAL:  -9.5   DPTR FM NORMAL:   -0.86    2 = FOG REDUCING VISIBILITY
HIGHEST:    61 ON  1    GRTST 24HR  0.18 ON  3- 3      TO 1/4 MILE OR LESS
LOWEST:      9 ON 10                               3 = THUNDER
                        SNOW, ICE PELLETS, HAIL    4 = ICE PELLETS
                        TOTAL MONTH:    M          5 = HAIL
                        GRTST 24HR    M  ON   M    6 = FREEZING RAIN OR DRIZZLE
                        GRTST DEPTH:  M  ON   M    7 = DUSTSTORM OR SANDSTORM:
                                                       VSBY 1/2 MILE OR LESS
                                                   8 = SMOKE OR HAZE
[NO. OF DAYS WITH]      [WEATHER - DAYS WITH]      9 = BLOWING SNOW
                                                   X = TORNADO
MAX 32 OR BELOW:   2    0.01 INCH OR MORE:   5
MAX 90 OR ABOVE:   0    0.10 INCH OR MORE:   2
MIN 32 OR BELOW:  11    0.50 INCH OR MORE:   0
MIN  0 OR BELOW:   0    1.00 INCH OR MORE:   0

[HDD (BASE 65) ]
TOTAL THIS MO.   478    CLEAR  (SCALE 0-3)   8
DPTR FM NORMAL   125    PTCLDY (SCALE 4-7)   7
TOTAL FM JUL 1   937    CLOUDY (SCALE 8-10)  1
DPTR FM NORMAL   154

[CDD (BASE 65) ]
TOTAL THIS MO.     0
DPTR FM NORMAL     0    [PRESSURE DATA]
TOTAL FM JAN 1  1506    HIGHEST SLP M ON M
DPTR FM NORMAL   268    LOWEST  SLP 29.55 ON  5

[REMARKS]
