000
CXUS53 KOAX 201000
CF6FNB
PRELIMINARY LOCAL CLIMATOLOGICAL DATA (WS FORM: F-6)

                                          STATION:   FALLS CITY  NE
                                          MONTH:     AUGUST
                                          YEAR:      2018
                                          LATITUDE:   40  4 N
                                          LONGITUDE:  95 35 W

  TEMPERATURE IN F:       :PCPN:    SNOW:  WIND      :SUNSHINE: SKY     :PK WND
================================================================================
1   2   3   4   5  6A  6B    7    8   9   10  11  12  13   14  15   16   17  18
                                     12Z  AVG MX 2MIN
DY MAX MIN AVG DEP HDD CDD  WTR  SNW DPTH SPD SPD DIR MIN PSBL S-S WX    SPD DR
================================================================================

 1  90  57  74  -3   0   9 0.00    M    M  4.5 14 260   M    M   0 1      19 250
 2  95  63  79   2   0  14 0.00    M    M  5.1 13 190   M    M   0        17 210
 3  99  61  80   3   0  15 0.00    M    M  9.9 22 170   M    M   0        32 220
 4  93  66  80   3   0  15 0.00    M    M 10.5 25 190   M    M   2        40 210
 5 101  70  86   9   0  21 0.00    M    M 11.8 23 170   M    M   0        34 180
 6  95  68  82   5   0  17 0.25    M    M  6.4 20 220   M    M   2 13     30 220
 7  86  67  77   0   0  12 0.60    M    M  4.2 17 300   M    M   2 13     24 320
 8  90  64  77   0   0  12 0.00    M    M  2.8  8  90   M    M   2 12     11 170
 9  94  65  80   4   0  15 0.00    M    M  2.1  9 220   M    M   0 18     12 210
10  89  67  78   2   0  13 0.00    M    M  6.3 13 360   M    M   0        19 350
11  89  60  75  -1   0  10 0.00    M    M  2.7  7 330   M    M   0 1      11  30
12  92  61  77   1   0  12 0.00    M    M  6.1 15  90   M    M   0 18     24 130
13  92  65  79   3   0  14 0.00    M    M  6.9 17 170   M    M   1 3      26 100
14  78  70  74  -2   0   9 2.11    M    M  4.8 15  80   M    M   9 13     20  80
15  84  68  76   0   0  11 0.12    M    M  4.6 10 350   M    M   7 1      15 360
16  86  67  77   1   0  12 0.00    M    M  4.0 10 310   M    M   4 12     13 300
17  86  64  75  -1   0  10 0.00    M    M  6.1 14 360   M    M   1 1      19  10
18  88  65  77   2   0  12 0.00    M    M  3.0  8  30   M    M   0 1      11 350
19  76  65  71  -4   0   6 1.21    M    M  7.3 17  90   M    M   5 1      22  80
================================================================================
SM 1703 1233         0 239  4.29    M    109.1          M       35
================================================================================
AV 89.6 64.9                               5.7 FASTST   M    M   2    MAX(MPH)
                                 MISC ---->  # 25 190               # 40  210
================================================================================
NOTES:
# LAST OF SEVERAL OCCURRENCES

COLUMN 17 PEAK WIND IN M.P.H.

PRELIMINARY LOCAL CLIMATOLOGICAL DATA (WS FORM: F-6) , PAGE 2

                                          STATION:  FALLS CITY  NE
                                          MONTH:    AUGUST
                                          YEAR:     2018
                                          LATITUDE:   40  4 N
                                          LONGITUDE:  95 35 W

[TEMPERATURE DATA]      [PRECIPITATION DATA]       SYMBOLS USED IN COLUMN 16

AVERAGE MONTHLY: 77.3   TOTAL FOR MONTH:   4.29    1 = FOG OR MIST
DPTR FM NORMAL:   0.9   DPTR FM NORMAL:    1.72    2 = FOG REDUCING VISIBILITY
HIGHEST:   101 ON  5    GRTST 24HR  2.11 ON 14-14      TO 1/4 MILE OR LESS
LOWEST:     57 ON  1                               3 = THUNDER
                        SNOW, ICE PELLETS, HAIL    4 = ICE PELLETS
                        TOTAL MONTH:    M          5 = HAIL
                        GRTST 24HR    M  ON   M    6 = FREEZING RAIN OR DRIZZLE
                        GRTST DEPTH:  M  ON   M    7 = DUSTSTORM OR SANDSTORM:
                                                       VSBY 1/2 MILE OR LESS
                                                   8 = SMOKE OR HAZE
[NO. OF DAYS WITH]      [WEATHER - DAYS WITH]      9 = BLOWING SNOW
                                                   X = TORNADO
MAX 32 OR BELOW:   0    0.01 INCH OR MORE:   5
MAX 90 OR ABOVE:  10    0.10 INCH OR MORE:   5
MIN 32 OR BELOW:   0    0.50 INCH OR MORE:   3
MIN  0 OR BELOW:   0    1.00 INCH OR MORE:   2

[HDD (BASE 65) ]
TOTAL THIS MO.     0    CLEAR  (SCALE 0-3)  15
DPTR FM NORMAL     0    PTCLDY (SCALE 4-7)   3
TOTAL FM JUL 1     0    CLOUDY (SCALE 8-10)  1
DPTR FM NORMAL    -1

[CDD (BASE 65) ]
TOTAL THIS MO.   239
DPTR FM NORMAL    23    [PRESSURE DATA]
TOTAL FM JAN 1  1202    HIGHEST SLP M ON M
DPTR FM NORMAL   230    LOWEST  SLP 29.80 ON 19

[REMARKS]
