000
CXUS53 KOAX 251000
CF6FNB
PRELIMINARY LOCAL CLIMATOLOGICAL DATA (WS FORM: F-6)

                                          STATION:   FALLS CITY  NE
                                          MONTH:     MAY
                                          YEAR:      2018
                                          LATITUDE:   40  4 N
                                          LONGITUDE:  95 35 W

  TEMPERATURE IN F:       :PCPN:    SNOW:  WIND      :SUNSHINE: SKY     :PK WND
================================================================================
1   2   3   4   5  6A  6B    7    8   9   10  11  12  13   14  15   16   17  18
                                     12Z  AVG MX 2MIN
DY MAX MIN AVG DEP HDD CDD  WTR  SNW DPTH SPD SPD DIR MIN PSBL S-S WX    SPD DR
================================================================================

 1  79  61  70  11   0   5 0.15    M    M 15.8 25 170   M    M   6 13     41 190
 2  83  59  71  12   0   6 1.15    M    M 10.3 44 310   M    M   5 13     54 310
 3  81  57  69   9   0   4 0.71    M    M 10.1 26 190   M    M   8 13     41 180
 4  78  51  65   5   0   0 0.00    M    M  6.5 17 330   M    M   2        26 340
 5  83  48  66   6   0   1 0.06    M    M  5.9 30 290   M    M   1 3      40 300
 6  85  55  70  10   0   5 0.00    M    M  6.4 16 360   M    M   0        28  10
 7  84  55  70   9   0   5 0.00    M    M  5.5 13 130   M    M   0        20 150
 8  86  63  75  14   0  10 0.00    M    M 11.8 24 150   M    M   0        35 130
 9  83  59  71   9   0   6 0.00    M    M 10.1 24 290   M    M   0        31 290
10  87  57  72  10   0   7 0.00    M    M  7.0 17 110   M    M   0        22 100
11  79  58  69   7   0   4 0.02    M    M  9.4 18 150   M    M   6 3      25 160
12  85  57  71   9   0   6    T    M    M  9.8 18 360   M    M   5 3      27 350
13  85  56  71   8   0   6 0.01    M    M  5.2 15 320   M    M   1 138    20 310
14  83  61  72   9   0   7 0.03    M    M  8.1 24 290   M    M   3 138    39 300
15  77  61  69   5   0   4 0.16    M    M  4.8 13  30   M    M   7 13     17  20
16  82  58  70   6   0   5    T    M    M  4.6 15  80   M    M   6 3      23  50
17  86  57  72   8   0   7 0.00    M    M  5.8 15 130   M    M   0 3      29 190
18  85  55  70   6   0   5    T    M    M  5.5 20 100   M    M   1 18     29 120
19  79  60  70   5   0   5 0.03    M    M  7.0 16 360   M    M   6 13     23 350
20  70  57  64  -1   1   0    T    M    M  6.4 13 290   M    M   7 1      17 310
21  78  55  67   1   0   2 0.00    M    M  6.9 13 300   M    M   5        19 260
22  89  59  74   8   0   9 0.00    M    M  9.1 21 150   M    M   2        33 120
23  91  64  78  12   0  13 0.00    M    M 10.4 22 150   M    M   1        32 160
24  89  66  78  12   0  13 0.00  0.0    0 11.0 23 160   M    M   1        31 170
================================================================================
SM 1987 1389         1 135  2.32     0.0 193.4          M       73
================================================================================
AV 82.8 57.9                               8.1 FASTST   M    M   3    MAX(MPH)
                                 MISC ---->  # 44 310               # 54  310
================================================================================
NOTES:
# LAST OF SEVERAL OCCURRENCES

COLUMN 17 PEAK WIND IN M.P.H.

PRELIMINARY LOCAL CLIMATOLOGICAL DATA (WS FORM: F-6) , PAGE 2

                                          STATION:  FALLS CITY  NE
                                          MONTH:    MAY
                                          YEAR:     2018
                                          LATITUDE:   40  4 N
                                          LONGITUDE:  95 35 W

[TEMPERATURE DATA]      [PRECIPITATION DATA]       SYMBOLS USED IN COLUMN 16

AVERAGE MONTHLY: 70.3   TOTAL FOR MONTH:   2.32    1 = FOG OR MIST
DPTR FM NORMAL:   7.7   DPTR FM NORMAL:   -1.17    2 = FOG REDUCING VISIBILITY
HIGHEST:    91 ON 23    GRTST 24HR  1.15 ON  2- 2      TO 1/4 MILE OR LESS
LOWEST:     48 ON  5                               3 = THUNDER
                        SNOW, ICE PELLETS, HAIL    4 = ICE PELLETS
                        TOTAL MONTH:   0.0 INCH    5 = HAIL
                        GRTST 24HR     0.0         6 = FREEZING RAIN OR DRIZZLE
                        GRTST DEPTH:   0           7 = DUSTSTORM OR SANDSTORM:
                                                       VSBY 1/2 MILE OR LESS
                                                   8 = SMOKE OR HAZE
[NO. OF DAYS WITH]      [WEATHER - DAYS WITH]      9 = BLOWING SNOW
                                                   X = TORNADO
MAX 32 OR BELOW:   0    0.01 INCH OR MORE:   9
MAX 90 OR ABOVE:   1    0.10 INCH OR MORE:   4
MIN 32 OR BELOW:   0    0.50 INCH OR MORE:   2
MIN  0 OR BELOW:   0    1.00 INCH OR MORE:   1

[HDD (BASE 65) ]
TOTAL THIS MO.     1    CLEAR  (SCALE 0-3)  13
DPTR FM NORMAL  -107    PTCLDY (SCALE 4-7)  11
TOTAL FM JUL 1  5556    CLOUDY (SCALE 8-10)  0
DPTR FM NORMAL   -59

[CDD (BASE 65) ]
TOTAL THIS MO.   135
DPTR FM NORMAL    83    [PRESSURE DATA]
TOTAL FM JAN 1   142    HIGHEST SLP M ON M
DPTR FM NORMAL    68    LOWEST  SLP 29.54 ON  1

[REMARKS]
