000
CXUS53 KGID 170730
CF6GRI
PRELIMINARY LOCAL CLIMATOLOGICAL DATA (WS FORM: F-6)

                                          STATION:   GRAND ISLAND NE
                                          MONTH:     JUNE
                                          YEAR:      2018
                                          LATITUDE:   40 58 N
                                          LONGITUDE:  98 19 W

  TEMPERATURE IN F:       :PCPN:    SNOW:  WIND      :SUNSHINE: SKY     :PK WND
================================================================================
1   2   3   4   5  6A  6B    7    8   9   10  11  12  13   14  15   16   17  18
                                     12Z  AVG MX 2MIN
DY MAX MIN AVG DEP HDD CDD  WTR  SNW DPTH SPD SPD DIR MIN PSBL S-S WX    SPD DR
================================================================================

 1  95  62  79  12   0  14 1.00  0.0    0 15.7 29 160   M    M   1 13     43 120
 2  79  58  69   2   0   4 0.15  0.0    0 12.6 29 340   M    M   3 13     37 310
 3  82  54  68   1   0   3 0.00  0.0    0  7.0 14 320   M    M   0        21 340
 4  83  61  72   4   0   7    T  0.0    0 14.4 25 170   M    M   1        34 170
 5  93  62  78  10   0  13 0.00  0.0    0 11.4 18 230   M    M   0        29 220
 6  94  66  80  12   0  15 0.00  0.0    0 10.0 33  80   M    M   0 18     43  80
 7  84  66  75   6   0  10 0.03  0.0    0 11.0 30 220   M    M   3 3      43 210
 8  91  66  79  10   0  14 0.00  0.0    0  9.1 18 190   M    M   0 1      27 150
 9  92  62  77   8   0  12 0.13  0.0    0 12.3 48 340   M    M   1 138    74 330
10  98  72  85  15   0  20 0.00  0.0    0 14.2 23 160   M    M   0        33 170
11  88  65  77   7   0  12 0.00  0.0    0 13.5 24 350   M    M   3        32 330
12  87  59  73   3   0   8 0.00  0.0    0  8.2 18  20   M    M   1 1      24  50
13  83  59  71   0   0   6 0.00  0.0    0 13.4 24 160   M    M   1        32 150
14 100  67  84  13   0  19 0.00  0.0    0 17.1 25 180   M    M   0        39 170
15 103  78  91  20   0  26 0.00  0.0    0 18.5 28 180   M    M   0        39 190
16 100  77  89  17   0  24 0.00  0.0    0 19.7 31 180   M    M   0        41 200
================================================================================
SM 1452 1034         0 207  1.31     0.0 208.1          M       14
================================================================================
AV 90.8 64.6                              13.0 FASTST   M    M   1    MAX(MPH)
                                 MISC ---->  # 48 340               # 74  330
================================================================================
NOTES:
# LAST OF SEVERAL OCCURRENCES

COLUMN 17 PEAK WIND IN M.P.H.

PRELIMINARY LOCAL CLIMATOLOGICAL DATA (WS FORM: F-6) , PAGE 2

                                          STATION:  GRAND ISLAND NE
                                          MONTH:    JUNE
                                          YEAR:     2018
                                          LATITUDE:   40 58 N
                                          LONGITUDE:  98 19 W

[TEMPERATURE DATA]      [PRECIPITATION DATA]       SYMBOLS USED IN COLUMN 16

AVERAGE MONTHLY: 77.7   TOTAL FOR MONTH:   1.31    1 = FOG OR MIST
DPTR FM NORMAL:   8.5   DPTR FM NORMAL:   -1.11    2 = FOG REDUCING VISIBILITY
HIGHEST:   103 ON 15    GRTST 24HR  1.00 ON  1- 1      TO 1/4 MILE OR LESS
LOWEST:     54 ON  3                               3 = THUNDER
                        SNOW, ICE PELLETS, HAIL    4 = ICE PELLETS
                        TOTAL MONTH:   0.0 INCH    5 = HAIL
                        GRTST 24HR     0.0         6 = FREEZING RAIN OR DRIZZLE
                        GRTST DEPTH:   0           7 = DUSTSTORM OR SANDSTORM:
                                                       VSBY 1/2 MILE OR LESS
                                                   8 = SMOKE OR HAZE
[NO. OF DAYS WITH]      [WEATHER - DAYS WITH]      9 = BLOWING SNOW
                                                   X = TORNADO
MAX 32 OR BELOW:   0    0.01 INCH OR MORE:   4
MAX 90 OR ABOVE:   9    0.10 INCH OR MORE:   3
MIN 32 OR BELOW:   0    0.50 INCH OR MORE:   1
MIN  0 OR BELOW:   0    1.00 INCH OR MORE:   1

[HDD (BASE 65) ]
TOTAL THIS MO.     0    CLEAR  (SCALE 0-3)  16
DPTR FM NORMAL   -21    PTCLDY (SCALE 4-7)   0
TOTAL FM JUL 1  6277    CLOUDY (SCALE 8-10)  0
DPTR FM NORMAL    81

[CDD (BASE 65) ]
TOTAL THIS MO.   207
DPTR FM NORMAL   121    [PRESSURE DATA]
TOTAL FM JAN 1   368    HIGHEST SLP M ON M
DPTR FM NORMAL   217    LOWEST  SLP 29.53 ON 11

[REMARKS]
