000
CXUS51 KILN 250947
CF6HAO
PRELIMINARY LOCAL CLIMATOLOGICAL DATA (WS FORM: F-6)
STATION: HAMILTON
MONTH: APRIL
YEAR: 2024
LATITUDE: 39 21 N
LONGITUDE: 84 31 W
TEMPERATURE IN F: :PCPN: SNOW: WIND :SUNSHINE: SKY :PK WND
================================================================================
1 2 3 4 5 6A 6B 7 8 9 10 11 12 13 14 15 16 17 18
12Z AVG MX 2MIN
DY MAX MIN AVG DEP HDD CDD WTR SNW DPTH SPD SPD DIR MIN PSBL S-S WX SPD DR
================================================================================
1 72 53 63 14 2 0 0.01 M M 5.5 23 10 M M 7 1 26 360
2 76 52 64 15 1 0 1.55 M M 7.6 21 290 M M 7 13 31 300
3 52 39 46 -4 19 0 0.12 M M 9.5 23 260 M M 9 18 31 260
4 47 37 42 -8 23 0 0.12 M M 9.0 21 300 M M 10 1 32 300
5 50 33 42 -8 23 0 0.03 M M 6.0 15 340 M M 9 1 20 320
6 59 29 44 -7 21 0 0.00 M M 2.7 15 30 M M 2 21 360
7 67 31 49 -2 16 0 T M M 4.8 17 320 M M 3 21 320
8 79 44 62 10 3 0 0.01 M M 2.4 10 260 M M 3 15 230
9 70 57 64 12 1 0 0.05 M M 3.8 12 170 M M 8 1 18 190
10 64 58 61 9 4 0 0.86 M M 2.4 9 80 M M 10 12 12 100
11 70 52 61 8 4 0 0.82 M M 7.2 23 300 M M 10 1 31 290
12 60 48 54 1 11 0 0.19 M M 9.1 29 310 M M 9 13 37 320
13 69 40 55 2 10 0 0.00 M M 3.8 17 300 M M 0 22 300
14 85 46 66 12 0 1 0.00 M M 5.9 17 250 M M 0 32 250
15 85 55 70 16 0 5 0.00 M M 2.6 14 320 M M 0 18 320
16 87 54 71 17 0 6 T M M 4.3 12 180 M M 1 21 160
17 82 55 69 14 0 4 0.12 M M 9.3 21 300 M M 6 1 33 220
18 81 46 64 9 1 0 0.00 M M 2.8 12 310 M M 0 16 310
19 72 50 61 6 4 0 0.11 M M 9.0 20 300 M M 6 1 33 250
20 58 39 49 -7 16 0 0.00 M M 7.9 20 310 M M 2 25 300
21 54 36 45 -11 20 0 0.00 M M 4.9 14 310 M M 4 17 320
22 66 31 49 -7 16 0 0.00 M M 1.7 10 300 M M 0 1 15 210
23 69 47 58 1 7 0 0.07 M M 4.0 15 210 M M 3 1 25 210
24 61 37 49 -8 16 0 0.00 M M 6.1 16 350 M M 4 12 21 360
================================================================================
SM 1635 1069 218 16 4.06 M 132.3 M 113
================================================================================
AV 68.1 44.5 5.5 FASTST M M 5 MAX(MPH)
MISC ----> 29 310 37 320
================================================================================
NOTES:
# LAST OF SEVERAL OCCURRENCES
COLUMN 17 PEAK WIND IN M.P.H.
PRELIMINARY LOCAL CLIMATOLOGICAL DATA (WS FORM: F-6) , PAGE 2
STATION: HAMILTON
MONTH: APRIL
YEAR: 2024
LATITUDE: 39 21 N
LONGITUDE: 84 31 W
[TEMPERATURE DATA] [PRECIPITATION DATA] SYMBOLS USED IN COLUMN 16
AVERAGE MONTHLY: 56.3 TOTAL FOR MONTH: 4.06 1 = FOG OR MIST
DPTR FM NORMAL: 3.3 DPTR FM NORMAL: 0.39 2 = FOG REDUCING VISIBILITY
HIGHEST: 87 ON 16 GRTST 24HR 1.56 ON 1- 2 TO 1/4 MILE OR LESS
LOWEST: 29 ON 6 3 = THUNDER
SNOW, ICE PELLETS, HAIL 4 = ICE PELLETS
TOTAL MONTH: M 5 = HAIL
GRTST 24HR M ON M 6 = FREEZING RAIN OR DRIZZLE
GRTST DEPTH: M ON M 7 = DUSTSTORM OR SANDSTORM:
VSBY 1/2 MILE OR LESS
8 = SMOKE OR HAZE
[NO. OF DAYS WITH] [WEATHER - DAYS WITH] 9 = BLOWING SNOW
X = TORNADO
MAX 32 OR BELOW: 0 0.01 INCH OR MORE: 13
MAX 90 OR ABOVE: 0 0.10 INCH OR MORE: 8
MIN 32 OR BELOW: 3 0.50 INCH OR MORE: 3
MIN 0 OR BELOW: 0 1.00 INCH OR MORE: 1
[HDD (BASE 65) ]
TOTAL THIS MO. 218 CLEAR (SCALE 0-3) 9
DPTR FM NORMAL -76 PTCLDY (SCALE 4-7) 9
TOTAL FM JUL 1 3809 CLOUDY (SCALE 8-10) 6
DPTR FM NORMAL -1116
[CDD (BASE 65) ]
TOTAL THIS MO. 16
DPTR FM NORMAL 15 [PRESSURE DATA]
TOTAL FM JAN 1 16 HIGHEST SLP M ON M
DPTR FM NORMAL 12 LOWEST SLP 29.28 ON 2
[REMARKS]