000
CXUS53 KGLD 200800
CF6HLC
PRELIMINARY LOCAL CLIMATOLOGICAL DATA (WS FORM: F-6)

                                          STATION:   HILL CITY KS
                                          MONTH:     NOVEMBER
                                          YEAR:      2018
                                          LATITUDE:   39 22 N
                                          LONGITUDE:  99 50 W

  TEMPERATURE IN F:       :PCPN:    SNOW:  WIND      :SUNSHINE: SKY     :PK WND
================================================================================
1   2   3   4   5  6A  6B    7    8   9   10  11  12  13   14  15   16   17  18
                                     12Z  AVG MX 2MIN
DY MAX MIN AVG DEP HDD CDD  WTR  SNW DPTH SPD SPD DIR MIN PSBL S-S WX    SPD DR
================================================================================

 1  62  27  45  -2  20   0 0.00    M    M  6.9 18 290   M    M   3 1      24 290
 2  55  39  47   0  18   0    T    M    M  9.2 18 340   M    M   5        25 340
 3  59  40  50   4  15   0    T    M    M 16.2 30 360   M    M   6        39 360
 4  57  36  47   1  18   0 0.00    M    M 10.2 21 340   M    M   4 8      29 340
 5  64  35  50   4  15   0    T    M    M 12.8 28 340   M    M   3        41 330
 6  54  28  41  -4  24   0 0.01    M    M  3.8  9 200   M    M   3        12 360
 7  43  28  36  -9  29   0 0.00    M    M  7.1 16  10   M    M   7        21  30
 8  33  26  30 -14  35   0 0.11    M    M  5.1 15 360   M    M   9        20 350
 9  29  15  22 -22  43   0 0.00    M    M  9.3 25 360   M    M   1        34 360
10  55  14  35  -8  30   0 0.00    M    M  9.8 21 190   M    M   0        29 200
11  42  27  35  -8  30   0 0.03    M    M  9.4 17  20   M    M   6        22  40
12  31  11  21 -21  44   0 0.00    M    M 10.5 23 360   M    M   2        31 360
13  48  10  29 -13  36   0 0.00    M    M  5.2 12 280   M    M   0        15 300
14  60  20  40  -1  25   0 0.00    M    M  4.7 10 200   M    M   0        16 190
15  67  27  47   6  18   0 0.00    M    M  8.9 17 350   M    M   0        23 330
16  63  23  43   3  22   0 0.00    M    M  8.2 25 210   M    M   0        35 200
17  45  21  33  -7  32   0 0.00    M    M 20.2 31  20   M    M   5        43  20
18  43  14  29 -10  36   0 0.00    M    M  7.8 16 220   M    M   2        22  10
19  53  24  39   0  26   0 0.00  0.0    0  8.8 21 360   M    M   0        27 360
================================================================================
SM  963  465       516   0  0.15     0.0 174.1          M       56
================================================================================
AV 50.7 24.5                               9.2 FASTST   M    M   3    MAX(MPH)
                                 MISC ---->  # 31  20               # 43   20
================================================================================
NOTES:
# LAST OF SEVERAL OCCURRENCES

COLUMN 17 PEAK WIND IN M.P.H.

PRELIMINARY LOCAL CLIMATOLOGICAL DATA (WS FORM: F-6) , PAGE 2

                                          STATION:  HILL CITY KS
                                          MONTH:    NOVEMBER
                                          YEAR:     2018
                                          LATITUDE:   39 22 N
                                          LONGITUDE:  99 50 W

[TEMPERATURE DATA]      [PRECIPITATION DATA]       SYMBOLS USED IN COLUMN 16

AVERAGE MONTHLY: 37.6   TOTAL FOR MONTH:   0.15    1 = FOG OR MIST
DPTR FM NORMAL:  -5.6   DPTR FM NORMAL:   -0.54    2 = FOG REDUCING VISIBILITY
HIGHEST:    67 ON 15    GRTST 24HR  0.11 ON  8- 8      TO 1/4 MILE OR LESS
LOWEST:     10 ON 13                               3 = THUNDER
                        SNOW, ICE PELLETS, HAIL    4 = ICE PELLETS
                        TOTAL MONTH:   0.0 INCH    5 = HAIL
                        GRTST 24HR     0.0         6 = FREEZING RAIN OR DRIZZLE
                        GRTST DEPTH:   0           7 = DUSTSTORM OR SANDSTORM:
                                                       VSBY 1/2 MILE OR LESS
                                                   8 = SMOKE OR HAZE
[NO. OF DAYS WITH]      [WEATHER - DAYS WITH]      9 = BLOWING SNOW
                                                   X = TORNADO
MAX 32 OR BELOW:   2    0.01 INCH OR MORE:   3
MAX 90 OR ABOVE:   0    0.10 INCH OR MORE:   1
MIN 32 OR BELOW:  15    0.50 INCH OR MORE:   0
MIN  0 OR BELOW:   0    1.00 INCH OR MORE:   0

[HDD (BASE 65) ]
TOTAL THIS MO.   516    CLEAR  (SCALE 0-3)  12
DPTR FM NORMAL   101    PTCLDY (SCALE 4-7)   6
TOTAL FM JUL 1  1011    CLOUDY (SCALE 8-10)  1
DPTR FM NORMAL   160

[CDD (BASE 65) ]
TOTAL THIS MO.     0
DPTR FM NORMAL     0    [PRESSURE DATA]
TOTAL FM JAN 1  1498    HIGHEST SLP M ON M
DPTR FM NORMAL   198    LOWEST  SLP 29.57 ON M

[REMARKS]
