806
CXUS53 KGLD 210800
CF6HLC
PRELIMINARY LOCAL CLIMATOLOGICAL DATA (WS FORM: F-6)

                                          STATION:   HILL CITY KS
                                          MONTH:     AUGUST
                                          YEAR:      2018
                                          LATITUDE:   39 22 N
                                          LONGITUDE:  99 50 W

  TEMPERATURE IN F:       :PCPN:    SNOW:  WIND      :SUNSHINE: SKY     :PK WND
================================================================================
1   2   3   4   5  6A  6B    7    8   9   10  11  12  13   14  15   16   17  18
                                     12Z  AVG MX 2MIN
DY MAX MIN AVG DEP HDD CDD  WTR  SNW DPTH SPD SPD DIR MIN PSBL S-S WX    SPD DR
================================================================================

 1  89  58  74  -5   0   9 0.00    M    0  5.6 16 240   M    M   0        21 210
 2  95  63  79   0   0  14 0.00    M    M  8.7 16 180   M    M   0        22 170
 3  95  69  82   3   0  17 0.45    M    M 12.1 26 250   M    M   1 1      42 280
 4  95  69  82   3   0  17 0.10    M    M  7.6 18 190   M    M   2 1      28 190
 5  95  67  81   3   0  16 0.14    M    M  8.5 30 340   M    M   1 1      38 350
 6  92  67  80   2   0  15 0.41    M    M  5.4 26 330   M    M   2 1      39 340
 7  85  64  75  -3   0  10 0.00    M    M  3.8 13  10   M    M   3 8      17 350
 8  89  65  77  -1   0  12 0.01    M    M  4.9 18 110   M    M   1 13     26 110
 9  94  63  79   1   0  14 0.00    M    M  4.0 12  30   M    M   0 8      15  50
10  91  65  78   0   0  13 0.00    M    M  4.4 13  70   M    M   0 18     19  90
11  92  60  76  -2   0  11 0.00    M    M  3.0  8 100   M    M   0 18     10 100
12  90  61  76  -2   0  11 0.00    M    M  4.8 15 130   M    M   0 18     21 120
13  83  66  75  -2   0  10 0.07    M    M  6.7 15  80   M    M   4 1      21 100
14  79  63  71  -6   0   6 0.58    M    M  7.7 20  30   M    M   7 18     26  20
15  86  61  74  -3   0   9 0.00    M    M  4.9 12 110   M    M   2 18     16 130
16  88  64  76  -1   0  11 0.00    M    M  5.7 15  60   M    M   2 128    20  50
17  87  62  75  -2   0  10 0.00    M    M  3.3 12  80   M    M   1 18     16  60
18  87  64  76   0   0  11 0.12    M    M  5.6 17 210   M    M   2 13     24 190
19  83  63  73  -3   0   8 0.69    M    M 11.1 23 330   M    M   8 13     34 360
20  80  59  70  -6   0   5    T    M    M 15.9 25 340   M    M   5 8      37 340
================================================================================
SM 1775 1273         0 229  2.57    M    133.7          M       41
================================================================================
AV 88.8 63.7                               6.7 FASTST   M    M   2    MAX(MPH)
                                 MISC ---->  # 30 340               # 42  280
================================================================================
NOTES:
# LAST OF SEVERAL OCCURRENCES

COLUMN 17 PEAK WIND IN M.P.H.

PRELIMINARY LOCAL CLIMATOLOGICAL DATA (WS FORM: F-6) , PAGE 2

                                          STATION:  HILL CITY KS
                                          MONTH:    AUGUST
                                          YEAR:     2018
                                          LATITUDE:   39 22 N
                                          LONGITUDE:  99 50 W

[TEMPERATURE DATA]      [PRECIPITATION DATA]       SYMBOLS USED IN COLUMN 16

AVERAGE MONTHLY: 76.2   TOTAL FOR MONTH:   2.57    1 = FOG OR MIST
DPTR FM NORMAL:  -1.5   DPTR FM NORMAL:    0.69    2 = FOG REDUCING VISIBILITY
HIGHEST:    95 ON  5, 4 GRTST 24HR  0.69 ON 19-19      TO 1/4 MILE OR LESS
LOWEST:     58 ON  1                               3 = THUNDER
                        SNOW, ICE PELLETS, HAIL    4 = ICE PELLETS
                        TOTAL MONTH:    M          5 = HAIL
                        GRTST 24HR    M  ON   M    6 = FREEZING RAIN OR DRIZZLE
                        GRTST DEPTH:   0           7 = DUSTSTORM OR SANDSTORM:
                                                       VSBY 1/2 MILE OR LESS
                                                   8 = SMOKE OR HAZE
[NO. OF DAYS WITH]      [WEATHER - DAYS WITH]      9 = BLOWING SNOW
                                                   X = TORNADO
MAX 32 OR BELOW:   0    0.01 INCH OR MORE:   9
MAX 90 OR ABOVE:   9    0.10 INCH OR MORE:   7
MIN 32 OR BELOW:   0    0.50 INCH OR MORE:   2
MIN  0 OR BELOW:   0    1.00 INCH OR MORE:   0

[HDD (BASE 65) ]
TOTAL THIS MO.     0    CLEAR  (SCALE 0-3)  15
DPTR FM NORMAL     0    PTCLDY (SCALE 4-7)   5
TOTAL FM JUL 1     0    CLOUDY (SCALE 8-10)  0
DPTR FM NORMAL    -1

[CDD (BASE 65) ]
TOTAL THIS MO.   229
DPTR FM NORMAL   -26    [PRESSURE DATA]
TOTAL FM JAN 1  1171    HIGHEST SLP M ON M
DPTR FM NORMAL   143    LOWEST  SLP 29.73 ON  3

[REMARKS]
