000
CXUS53 KGLD 180800
CF6HLC
PRELIMINARY LOCAL CLIMATOLOGICAL DATA (WS FORM: F-6)

                                          STATION:   HILL CITY KS
                                          MONTH:     OCTOBER
                                          YEAR:      2019
                                          LATITUDE:   39 22 N
                                          LONGITUDE:  99 50 W

  TEMPERATURE IN F:       :PCPN:    SNOW:  WIND      :SUNSHINE: SKY     :PK WND
================================================================================
1   2   3   4   5  6A  6B    7    8   9   10  11  12  13   14  15   16   17  18
                                     12Z  AVG MX 2MIN
DY MAX MIN AVG DEP HDD CDD  WTR  SNW DPTH SPD SPD DIR MIN PSBL S-S WX    SPD DR
================================================================================

 1  79  51  65   5   0   0 0.23    M    M 11.4 21 200   M    M   8 1      35 230
 2  59  47  53  -7  12   0 0.04    M    M  9.5 17 360   M    M  10 1      24  20
 3  65  40  53  -7  12   0 0.00    M    M  4.9 10 140   M    M   5        15 130
 4  63  51  57  -2   8   0 0.04    M    M 13.3 26 130   M    M  10 1      39 120
 5  71  42  57  -2   8   0 0.00    M    M 12.8 29 330   M    M   1        40 330
 6  66  39  53  -5  12   0 0.00    M    M  6.8 20 350   M    M   4        27 330
 7  74  38  56  -2   9   0 0.00    M    M  9.7 21 180   M    M   0        32 170
 8  80  47  64   7   1   0 0.00    M    M 11.4 26 170   M    M   0        37 170
 9  80  56  68  11   0   3 0.00    M    M 10.9 21 150   M    M   0        28 100
10  63  30  47  -9  18   0    T    M    0 23.9 36 340   M    M   8 1      50 330
11  52  24  38 -18  27   0 0.00    M    M 12.7 31 320   M    M   0        43 290
12  69  28  49  -7  16   0 0.00    M    M  6.1 15 340   M    M   0 8      20 340
13  70  26  48  -7  17   0 0.00    M    M  2.4  9 160   M    M   0 8      12 170
14  82  30  56   1   9   0 0.00    M    M  2.9 20 160   M    M   0 8      25 130
15  66  34  50  -4  15   0 0.00    M    M 14.3 28 360   M    M   0 8      36 350
16  71  28  50  -4  15   0 0.00    M    M  6.7 17 200   M    M   0        26 160
17  84  33  59   5   6   0 0.00  0.0    0  7.8 18 170   M    M   0 8      30 190
================================================================================
SM 1194  644       185   3  0.31     0.0 167.5          M       46
================================================================================
AV 70.2 37.9                               9.9 FASTST   M    M   3    MAX(MPH)
                                 MISC ---->  # 36 340               # 50  330
================================================================================
NOTES:
# LAST OF SEVERAL OCCURRENCES

COLUMN 17 PEAK WIND IN M.P.H.

PRELIMINARY LOCAL CLIMATOLOGICAL DATA (WS FORM: F-6) , PAGE 2

                                          STATION:  HILL CITY KS
                                          MONTH:    OCTOBER
                                          YEAR:     2019
                                          LATITUDE:   39 22 N
                                          LONGITUDE:  99 50 W

[TEMPERATURE DATA]      [PRECIPITATION DATA]       SYMBOLS USED IN COLUMN 16

AVERAGE MONTHLY: 54.1   TOTAL FOR MONTH:   0.31    1 = FOG OR MIST
DPTR FM NORMAL:  -2.9   DPTR FM NORMAL:   -0.60    2 = FOG REDUCING VISIBILITY
HIGHEST:    84 ON 17    GRTST 24HR  0.23 ON  1- 1      TO 1/4 MILE OR LESS
LOWEST:     24 ON 11                               3 = THUNDER
                        SNOW, ICE PELLETS, HAIL    4 = ICE PELLETS
                        TOTAL MONTH:   0.0 INCH    5 = HAIL
                        GRTST 24HR     0.0         6 = FREEZING RAIN OR DRIZZLE
                        GRTST DEPTH:   0           7 = DUSTSTORM OR SANDSTORM:
                                                       VSBY 1/2 MILE OR LESS
                                                   8 = SMOKE OR HAZE
[NO. OF DAYS WITH]      [WEATHER - DAYS WITH]      9 = BLOWING SNOW
                                                   X = TORNADO
MAX 32 OR BELOW:   0    0.01 INCH OR MORE:   3
MAX 90 OR ABOVE:   0    0.10 INCH OR MORE:   1
MIN 32 OR BELOW:   6    0.50 INCH OR MORE:   0
MIN  0 OR BELOW:   0    1.00 INCH OR MORE:   0

[HDD (BASE 65) ]
TOTAL THIS MO.   185    CLEAR  (SCALE 0-3)  11
DPTR FM NORMAL    32    PTCLDY (SCALE 4-7)   3
TOTAL FM JUL 1   195    CLOUDY (SCALE 8-10)  3
DPTR FM NORMAL   -35

[CDD (BASE 65) ]
TOTAL THIS MO.     3
DPTR FM NORMAL   -12    [PRESSURE DATA]
TOTAL FM JAN 1  1486    HIGHEST SLP M ON M
DPTR FM NORMAL   189    LOWEST  SLP 29.39 ON 17

[REMARKS]
