000
CXUS53 KGLD 210800
CF6HLC
PRELIMINARY LOCAL CLIMATOLOGICAL DATA (WS FORM: F-6)

                                          STATION:   HILL CITY KS
                                          MONTH:     FEBRUARY
                                          YEAR:      2019
                                          LATITUDE:   39 22 N
                                          LONGITUDE:  99 50 W

  TEMPERATURE IN F:       :PCPN:    SNOW:  WIND      :SUNSHINE: SKY     :PK WND
================================================================================
1   2   3   4   5  6A  6B    7    8   9   10  11  12  13   14  15   16   17  18
                                     12Z  AVG MX 2MIN
DY MAX MIN AVG DEP HDD CDD  WTR  SNW DPTH SPD SPD DIR MIN PSBL S-S WX    SPD DR
================================================================================

 1  62  21  42  12  23   0 0.00    M    M  7.4 17 200   M    M   0 1      23 190
 2  62  30  46  16  19   0 0.00    M    M  7.4 18 210   M    M   5 12     26 210
 3  65  31  48  18  17   0 0.00    M    M  6.4 22  10   M    M   5 12     27  10
 4  38  18  28  -3  37   0 0.00  0.0    M 12.1 21  10   M    M   5 128    27 350
 5  22  12  17 -14  48   0    T    M    M  6.7 15  60   M    M   9 18     19  60
 6  19   9  14 -17  51   0    T    M    M 12.4 22  10   M    M  10 18     28 360
 7  14   2   8 -23  57   0    T    M    M 15.3 26 330   M    M   4 18     35 310
 8  34  -4  15 -16  50   0 0.00    M    M  9.8 22 170   M    M   0        33 160
 9  45  19  32   1  33   0 0.00    M    M 15.8 24 190   M    M   1        36 170
10  39  21  30  -2  35   0 0.00    M    M 10.0 22 340   M    M   2        29 360
11  33  25  29  -3  36   0    T    M    M 10.4 16 110   M    M  10 1      22 110
12  49  19  34   2  31   0 0.00    M    M  7.0 20 310   M    M   0        27 320
13  57  22  40   8  25   0 0.00    M    M  4.7 14 150   M    M   0        21 170
14  59  24  42  10  23   0 0.00    M    M 11.7 29 360   M    M   0        37  10
15  24  14  19 -14  46   0    T    M    M 10.4 17  50   M    M  10 18     22  70
16  19  14  17 -16  48   0    T    M    M  6.9 14 110   M    M  10 16     18 120
17  26  11  19 -14  46   0 0.00    M    M 12.8 26 340   M    M   4        35 330
18  22   7  15 -19  50   0    T    M    M  8.0 22 360   M    M   7 8      27 360
19  25   7  16 -18  49   0 0.05    M    M  7.7 16  80   M    M   9 18     19  90
20  40   7  24 -10  41   0 0.03    M    M  6.9 23 280   M    M   3 1      31 290
================================================================================
SM  754  309       765   0  0.08     0.0 189.8          M       94
================================================================================
AV 37.7 15.5                               9.5 FASTST   M    M   5    MAX(MPH)
                                 MISC ---->  # 29 360               # 37   10
================================================================================
NOTES:
# LAST OF SEVERAL OCCURRENCES

COLUMN 17 PEAK WIND IN M.P.H.

PRELIMINARY LOCAL CLIMATOLOGICAL DATA (WS FORM: F-6) , PAGE 2

                                          STATION:  HILL CITY KS
                                          MONTH:    FEBRUARY
                                          YEAR:     2019
                                          LATITUDE:   39 22 N
                                          LONGITUDE:  99 50 W

[TEMPERATURE DATA]      [PRECIPITATION DATA]       SYMBOLS USED IN COLUMN 16

AVERAGE MONTHLY: 26.6   TOTAL FOR MONTH:   0.08    1 = FOG OR MIST
DPTR FM NORMAL:  -5.3   DPTR FM NORMAL:   -0.28    2 = FOG REDUCING VISIBILITY
HIGHEST:    65 ON  3    GRTST 24HR  0.05 ON 19-19      TO 1/4 MILE OR LESS
LOWEST:     -4 ON  8                               3 = THUNDER
                        SNOW, ICE PELLETS, HAIL    4 = ICE PELLETS
                        TOTAL MONTH:   0.0 INCH    5 = HAIL
                        GRTST 24HR     0.0         6 = FREEZING RAIN OR DRIZZLE
                        GRTST DEPTH:  M  ON   M    7 = DUSTSTORM OR SANDSTORM:
                                                       VSBY 1/2 MILE OR LESS
                                                   8 = SMOKE OR HAZE
[NO. OF DAYS WITH]      [WEATHER - DAYS WITH]      9 = BLOWING SNOW
                                                   X = TORNADO
MAX 32 OR BELOW:   8    0.01 INCH OR MORE:   2
MAX 90 OR ABOVE:   0    0.10 INCH OR MORE:   0
MIN 32 OR BELOW:  20    0.50 INCH OR MORE:   0
MIN  0 OR BELOW:   1    1.00 INCH OR MORE:   0

[HDD (BASE 65) ]
TOTAL THIS MO.   765    CLEAR  (SCALE 0-3)   8
DPTR FM NORMAL   102    PTCLDY (SCALE 4-7)   6
TOTAL FM JUL 1  4151    CLOUDY (SCALE 8-10)  6
DPTR FM NORMAL   137

[CDD (BASE 65) ]
TOTAL THIS MO.     0
DPTR FM NORMAL     0    [PRESSURE DATA]
TOTAL FM JAN 1     0    HIGHEST SLP M ON M
DPTR FM NORMAL     0    LOWEST  SLP 29.34 ON  3

[REMARKS]
