059
CXUS51 KPBZ 200730
CF6HLG
PRELIMINARY LOCAL CLIMATOLOGICAL DATA (WS FORM: F-6)

                                          STATION:   WHEELING WV
                                          MONTH:     OCTOBER
                                          YEAR:      2019
                                          LATITUDE:   40 10 N
                                          LONGITUDE:  80 39 W

  TEMPERATURE IN F:       :PCPN:    SNOW:  WIND      :SUNSHINE: SKY     :PK WND
================================================================================
1   2   3   4   5  6A  6B    7    8   9   10  11  12  13   14  15   16   17  18
                                     12Z  AVG MX 2MIN
DY MAX MIN AVG DEP HDD CDD  WTR  SNW DPTH SPD SPD DIR MIN PSBL S-S WX    SPD DR
================================================================================

 1  90  70  80  21   0  15 0.00    M    M  6.8 18 270   M    M   2        25 220
 2  88  69  79  21   0  14 0.00    M    M  6.5 17 270   M    M   3        23 270
 3  89  63  76  18   0  11    T    M    M  8.9 20 230   M    M   5 1      28 210
 4  66  47  57  -1   8   0    T    M    M  8.9 17 360   M    M   4        22 360
 5  70  43  57   0   8   0 0.00    M    M  9.6 15 100   M    M   0        19 130
 6  69  56  63   6   2   0 0.53    M    M  7.5 17 320   M    M   7 1      23 320
 7  60  49  55  -1  10   0 1.07    M    M  2.9 16 350   M    M   9 12     21 340
 8  67  49  58   2   7   0 0.00    M    M  7.6 18  60   M    M   4 12     25  90
 9  69  45  57   1   8   0 0.00    M    M  6.7 13  40   M    M   0        16  70
10  75  48  62   7   3   0 0.00    M    M  6.3 13  80   M    M   0        15  80
11  76  52  64   9   1   0 0.00    M    M  7.0 10 110   M    M   2        14 120
12  66  42  54   0  11   0 0.12    M    M  8.0 21 290   M    M   5 1      27 270
13  65  35  50  -4  15   0 0.00    M    M  7.1 17 190   M    M   1 12     20 180
14  63  44  54   0  11   0 0.00    M    M  8.1 20 250   M    M   0        26 270
15  70  40  55   1  10   0 0.00    M    M  4.9 13 190   M    M   0        16 180
16  60  45  53   0  12   0 0.73    M    M 11.1 21 260   M    M   8 13     30 280
17  53  42  48  -5  17   0    T    M    M 11.3 21 280   M    M   9        28 250
18  57  40  49  -3  16   0 0.00    M    M  3.5 13 320   M    M   4        16 320
19  67  33  50  -2  15   0 0.00    M    M  3.3 13  80   M    M   0        16  90
================================================================================
SM 1320  912       154  40  2.45    M    136.0          M       63
================================================================================
AV 69.5 48.0                               7.2 FASTST   M    M   3    MAX(MPH)
                                 MISC ---->  # 21 290                 30 280
================================================================================
NOTES:
# LAST OF SEVERAL OCCURRENCES

COLUMN 17 PEAK WIND IN M.P.H.

PRELIMINARY LOCAL CLIMATOLOGICAL DATA (WS FORM: F-6) , PAGE 2

                                          STATION:   WHEELING WV
                                          MONTH:     OCTOBER
                                          YEAR:      2019
                                          LATITUDE:   40 10 N
                                          LONGITUDE:  80 39 W

[TEMPERATURE DATA]      [PRECIPITATION DATA]       SYMBOLS USED IN COLUMN 16

AVERAGE MONTHLY: 58.7   TOTAL FOR MONTH:   2.45    1 = FOG OR MIST
DPTR FM NORMAL:   3.4   DPTR FM NORMAL:    0.86    2 = FOG REDUCING VISIBILITY
HIGHEST:    90 ON  1    GRTST 24HR  1.60 ON  6- 7      TO 1/4 MILE OR LESS
LOWEST:     33 ON 19                               3 = THUNDER
                        SNOW, ICE PELLETS, HAIL    4 = ICE PELLETS
                        TOTAL MONTH:  M            5 = HAIL
                        GRTST 24HR    M  ON   M    6 = FREEZING RAIN OR DRIZZLE
                        GRTST DEPTH:  M  ON   M    7 = DUSTSTORM OR SANDSTORM:
                                                       VSBY 1/2 MILE OR LESS
                                                   8 = SMOKE OR HAZE
[NO. OF DAYS WITH]      [WEATHER - DAYS WITH]      9 = BLOWING SNOW
                                                   X = TORNADO
MAX 32 OR BELOW:   0    0.01 INCH OR MORE:   4
MAX 90 OR ABOVE:   1    0.10 INCH OR MORE:   4
MIN 32 OR BELOW:   0    0.50 INCH OR MORE:   3
MIN  0 OR BELOW:   0    1.00 INCH OR MORE:   1

[HDD (BASE 65) ]
TOTAL THIS MO.   154    CLEAR  (SCALE 0-3)  10
DPTR FM NORMAL   -40    PTCLDY (SCALE 4-7)   7
TOTAL FM JUL 1   155    CLOUDY (SCALE 8-10)  2
DPTR FM NORMAL  -140

[CDD (BASE 65) ]
TOTAL THIS MO.    40
DPTR FM NORMAL    30    [PRESSURE DATA]
TOTAL FM JAN 1   986    HIGHEST SLP M ON M
DPTR FM NORMAL   298    LOWEST  SLP 29.64 ON 16

[REMARKS]
