000
CXUS51 KPBZ 160904
CF6HLG
PRELIMINARY LOCAL CLIMATOLOGICAL DATA (WS FORM: F-6)

                                          STATION:   WHEELING
                                          MONTH:     DECEMBER
                                          YEAR:      2018
                                          LATITUDE:   40 10 N
                                          LONGITUDE:  80 39 W

  TEMPERATURE IN F:       :PCPN:    SNOW:  WIND      :SUNSHINE: SKY     :PK WND
================================================================================
1   2   3   4   5  6A  6B    7    8   9   10  11  12  13   14  15   16   17  18
                                     12Z  AVG MX 2MIN
DY MAX MIN AVG DEP HDD CDD  WTR  SNW DPTH SPD SPD DIR MIN PSBL S-S WX    SPD DR
================================================================================

 1  50  37  44   6  21   0 0.23    M    0  9.8 18 120   M    M  10 13     22 130
 2  65  49  57  20   8   0 0.16    M    M 12.2 31 280   M    M   4 1      38 280
 3  49  34  42   5  23   0 0.01    M    0 12.4 16 240   M    M   9 1      36 250
 4  35  30  33  -3  32   0    T    M    0  5.5 13 320   M    M  10 18     17 320
 5  33  28  31  -5  34   0 0.03    M    0  7.3 23 260   M    M  10 18     30 280
 6  37  27  32  -4  33   0 0.05    M    0 12.5 24 230   M    M   9 1      32 230
 7  33  20  27  -8  38   0 0.00  0.0    0  5.1 15 290   M    M   3        20 330
 8  28  18  23 -12  42   0    T    M    0  5.5 12  70   M    M   3 18     15  60
 9  32  20  26  -9  39   0 0.00  0.0    0  6.6 13  70   M    M   0        16  70
10  26  18  22 -12  43   0 0.00    M    M  4.2 12  40   M    M   8 18     14  20
11  34  22  28  -6  37   0 0.00  0.0    0  9.6 18 230   M    M   6 18     24 230
12  43  26  35   1  30   0 0.00    M    M  7.3 16 140   M    M   4        20 150
13  48  37  43  10  22   0 0.00    M    M  7.1 13 210   M    M   4        18 210
14  53  38  46  13  19   0 0.02    M    M  5.8 12  60   M    M   5 18     14 140
15  50  47  49  16  16   0 0.66    M    M 12.7 21  50   M    M  10 1      30  60
================================================================================
SM  616  451       437   0  1.16     0.0 123.6          M       95
================================================================================
AV 41.1 30.1                               8.2 FASTST   M    M   6    MAX(MPH)
                                 MISC ---->  # 31 280               # 38  280
================================================================================
NOTES:
# LAST OF SEVERAL OCCURRENCES

COLUMN 17 PEAK WIND IN M.P.H.

PRELIMINARY LOCAL CLIMATOLOGICAL DATA (WS FORM: F-6) , PAGE 2

                                          STATION:  WHEELING
                                          MONTH:    DECEMBER
                                          YEAR:     2018
                                          LATITUDE:   40 10 N
                                          LONGITUDE:  80 39 W

[TEMPERATURE DATA]      [PRECIPITATION DATA]       SYMBOLS USED IN COLUMN 16

AVERAGE MONTHLY: 35.6   TOTAL FOR MONTH:   1.16    1 = FOG OR MIST
DPTR FM NORMAL:   0.5   DPTR FM NORMAL:    0.03    2 = FOG REDUCING VISIBILITY
HIGHEST:    65 ON  2    GRTST 24HR  0.66 ON 15-15      TO 1/4 MILE OR LESS
LOWEST:     18 ON 10, 8                            3 = THUNDER
                        SNOW, ICE PELLETS, HAIL    4 = ICE PELLETS
                        TOTAL MONTH:   0.0 INCH    5 = HAIL
                        GRTST 24HR     0.0         6 = FREEZING RAIN OR DRIZZLE
                        GRTST DEPTH:   0           7 = DUSTSTORM OR SANDSTORM:
                                                       VSBY 1/2 MILE OR LESS
                                                   8 = SMOKE OR HAZE
[NO. OF DAYS WITH]      [WEATHER - DAYS WITH]      9 = BLOWING SNOW
                                                   X = TORNADO
MAX 32 OR BELOW:   3    0.01 INCH OR MORE:   7
MAX 90 OR ABOVE:   0    0.10 INCH OR MORE:   3
MIN 32 OR BELOW:   9    0.50 INCH OR MORE:   1
MIN  0 OR BELOW:   0    1.00 INCH OR MORE:   0

[HDD (BASE 65) ]
TOTAL THIS MO.   437    CLEAR  (SCALE 0-3)   3
DPTR FM NORMAL   -12    PTCLDY (SCALE 4-7)   6
TOTAL FM JUL 1  1643    CLOUDY (SCALE 8-10)  6
DPTR FM NORMAL    66

[CDD (BASE 65) ]
TOTAL THIS MO.     0
DPTR FM NORMAL     0    [PRESSURE DATA]
TOTAL FM JAN 1  1185    HIGHEST SLP M ON M
DPTR FM NORMAL   496    LOWEST  SLP 29.51 ON  2

[REMARKS]
