000
CXHW50 PHFO 201250
CF6HNL
PRELIMINARY LOCAL CLIMATOLOGICAL DATA (WS FORM: F-6)

                                          STATION:   HONOLULU HI
                                          MONTH:     OCTOBER
                                          YEAR:      2020
                                          LATITUDE:   21 21 N
                                          LONGITUDE: 157 56 W

  TEMPERATURE IN F:       :PCPN:    SNOW:  WIND      :SUNSHINE: SKY     :PK WND
================================================================================
1   2   3   4   5  6A  6B    7    8   9   10  11  12  13   14  15   16   17  18
                                     12Z  AVG MX 2MIN
DY MAX MIN AVG DEP HDD CDD  WTR  SNW DPTH SPD SPD DIR MIN PSBL S-S WX    SPD DR
================================================================================

 1  88  72  80  -1   0  15 0.00  0.0    M  6.5 16 240   M    M   M 8      20 250
 2  87  76  82   1   0  17    T  0.0    M  5.0 13 300   M    M   M        17 150
 3  87  67  77  -4   0  12    T  0.0    M  8.1 17  60   M    M   M        23 140
 4  89  74  82   1   0  17 0.00  0.0    M 10.4 20  50   M    M   M        24  40
 5  89  73  81   0   0  16    T  0.0    M  7.5 20  60   M    M   M        22  60
 6  89  74  82   1   0  17 0.00  0.0    M  7.9 16 140   M    M   M        20 150
 7  91  76  84   3   0  19 0.00  0.0    M  8.9 18  40   M    M   M        24  30
 8  89  74  82   1   0  17 0.00  0.0    M  8.7 16 130   M    M   M        21 100
 9  87  72  80  -1   0  15 0.00  0.0    M  8.1 17 150   M    M   M        21 140
10  90  77  84   3   0  19 0.00  0.0    M 11.0 18  70   M    M   M        24 130
11  89  74  82   2   0  17 0.03  0.0    M  7.8 25  70   M    M   M        29  70
12  88  73  81   1   0  16 0.37  0.0    M  8.0 20  70   M    M   M 1      25  70
13  89  76  83   3   0  18    T  0.0    M 10.0 20  60   M    M   M        26  70
14  85  71  78  -2   0  13 0.04  0.0    M  6.1 14  40   M    M   M 1      19 140
15  86  75  81   1   0  16    T  0.0    M  3.8 14 220   M    M   M        17 180
16  86  76  81   1   0  16 0.06  0.0    M  5.4 13 200   M    M   M        15 190
17  85  76  81   1   0  16    T  0.0    M  4.2 10 170   M    M   M        14 160
18  86  76  81   1   0  16 0.11  0.0    M  6.4 16 180   M    M   M        20 180
19  85  76  81   1   0  16 0.02  0.0    M  7.0 16 150   M    M   M        20 150
================================================================================
SM 1665 1408         0 308  0.63     0.0 140.8          M        M
================================================================================
AV 87.6 74.1                               7.4 FASTST   M    M   0    MAX(MPH)
                                 MISC ---->  # 25  70               # 29   70
================================================================================
NOTES:
# LAST OF SEVERAL OCCURRENCES

COLUMN 17 PEAK WIND IN M.P.H.

PRELIMINARY LOCAL CLIMATOLOGICAL DATA (WS FORM: F-6) , PAGE 2

                                          STATION:  HONOLULU HI
                                          MONTH:    OCTOBER
                                          YEAR:     2020
                                          LATITUDE:   21 21 N
                                          LONGITUDE: 157 56 W

[TEMPERATURE DATA]      [PRECIPITATION DATA]       SYMBOLS USED IN COLUMN 16

AVERAGE MONTHLY: 80.9   TOTAL FOR MONTH:   0.63    1 = FOG OR MIST
DPTR FM NORMAL:   0.3   DPTR FM NORMAL:   -0.33    2 = FOG REDUCING VISIBILITY
HIGHEST:    91 ON  7    GRTST 24HR  0.37 ON 12-12      TO 1/4 MILE OR LESS
LOWEST:     67 ON  3                               3 = THUNDER
                        SNOW, ICE PELLETS, HAIL    4 = ICE PELLETS
                        TOTAL MONTH:   0.0 INCH    5 = HAIL
                        GRTST 24HR     0.0         6 = FREEZING RAIN OR DRIZZLE
                        GRTST DEPTH:  M  ON   M    7 = DUSTSTORM OR SANDSTORM:
                                                       VSBY 1/2 MILE OR LESS
                                                   8 = SMOKE OR HAZE
[NO. OF DAYS WITH]      [WEATHER - DAYS WITH]      9 = BLOWING SNOW
                                                   X = TORNADO
MAX 32 OR BELOW:   0    0.01 INCH OR MORE:   6
MAX 90 OR ABOVE:   2    0.10 INCH OR MORE:   2
MIN 32 OR BELOW:   0    0.50 INCH OR MORE:   0
MIN  0 OR BELOW:   0    1.00 INCH OR MORE:   0

[HDD (BASE 65) ]
TOTAL THIS MO.     0    CLEAR  (SCALE 0-3)   0
DPTR FM NORMAL     0    PTCLDY (SCALE 4-7)   0
TOTAL FM JUL 1     0    CLOUDY (SCALE 8-10)  0
DPTR FM NORMAL     0

[CDD (BASE 65) ]
TOTAL THIS MO.   308
DPTR FM NORMAL    14    [PRESSURE DATA]
TOTAL FM JAN 1  4145    HIGHEST SLP M ON M
DPTR FM NORMAL   372    LOWEST  SLP 29.84 ON 14

[REMARKS]
