000
CXHW50 PHFO 221250
CF6HNL
PRELIMINARY LOCAL CLIMATOLOGICAL DATA (WS FORM: F-6)

                                          STATION:   HONOLULU HI
                                          MONTH:     FEBRUARY
                                          YEAR:      2019
                                          LATITUDE:   21 21 N
                                          LONGITUDE: 157 56 W

  TEMPERATURE IN F:       :PCPN:    SNOW:  WIND      :SUNSHINE: SKY     :PK WND
================================================================================
1   2   3   4   5  6A  6B    7    8   9   10  11  12  13   14  15   16   17  18
                                     12Z  AVG MX 2MIN
DY MAX MIN AVG DEP HDD CDD  WTR  SNW DPTH SPD SPD DIR MIN PSBL S-S WX    SPD DR
================================================================================

 1  81  67  74   1   0   9 0.18  0.0    M 10.6 24  70   M    M   M 1      35  70
 2  81  70  76   3   0  11 0.10  0.0    M 10.6 20  30   M    M   M 1      28  40
 3  83  70  77   4   0  12    T  0.0    M  7.7 17  30   M    M   M        23  20
 4  82  68  75   2   0  10 0.00  0.0    M  9.9 23  30   M    M   M        29  40
 5  83  65  74   1   0   9 0.00  0.0    M  9.0 20  80   M    M   M        24  80
 6  82  67  75   2   0  10 0.17  0.0    M  5.1 20 290   M    M   M 1      22 290
 7  84  68  76   3   0  11 0.02  0.0    M  7.2 20 230   M    M   M        29 350
 8   M   M   M   M   M   M    M    M    M   M   M   M   M    M   M         M  M
 9  77  63  70  -3   0   5    T  0.0    M 15.0 33 330   M    M   M        43 330
10  76  61  69  -4   0   4 0.11  0.0    M 15.7 39 280   M    M   M        48 280
11  80  61  71  -2   0   6    T  0.0    M  9.8 23 340   M    M   M        38 340
12  80  62  71  -2   0   6 0.06  0.0    M  8.3 18  50   M    M   M        26  20
13  78  61  70  -3   0   5 0.43  0.0    M  8.0 22  10   M    M   M 1      28  10
14  76  61  69  -4   0   4 0.06  0.0    M 11.4 29  40   M    M   M 3      34  30
15  79  66  73   0   0   8 0.15  0.0    M 10.1 22  10   M    M   M 1      30 360
16  77  63  70  -3   0   5 0.10  0.0    M  6.8 20 320   M    M   M        23 320
17  79  64  72  -1   0   7 0.03  0.0    M  7.3 20 360   M    M   M        28  10
18  80  65  73   0   0   8 0.01  0.0    M  6.9 17 110   M    M   M        21 110
19  72  65  69  -4   0   4 0.53  0.0    M  6.1 22 100   M    M   M        27 100
20  78  62  70  -3   0   5 0.00  0.0    M  4.1 13 210   M    M   M        16 210
21  79  63  71  -2   0   6 0.00  0.0    M  4.7 12 190   M    M   M        14 190
================================================================================
SM 1587 1292         0 145  1.95     0.0 174.3          M        M
================================================================================
AV 79.4 64.6                               8.7 FASTST   M    M   0    MAX(MPH)
                                 MISC ---->  # 39 280               # 48  280
================================================================================
NOTES:
# LAST OF SEVERAL OCCURRENCES

COLUMN 17 PEAK WIND IN M.P.H.

PRELIMINARY LOCAL CLIMATOLOGICAL DATA (WS FORM: F-6) , PAGE 2

                                          STATION:  HONOLULU HI
                                          MONTH:    FEBRUARY
                                          YEAR:     2019
                                          LATITUDE:   21 21 N
                                          LONGITUDE: 157 56 W

[TEMPERATURE DATA]      [PRECIPITATION DATA]       SYMBOLS USED IN COLUMN 16

AVERAGE MONTHLY: 72.0   TOTAL FOR MONTH:   1.95    1 = FOG OR MIST
DPTR FM NORMAL:  -1.0   DPTR FM NORMAL:    0.50    2 = FOG REDUCING VISIBILITY
HIGHEST:    84 ON  7    GRTST 24HR  0.53 ON 19-19      TO 1/4 MILE OR LESS
LOWEST:     61 ON 14,13                            3 = THUNDER
                        SNOW, ICE PELLETS, HAIL    4 = ICE PELLETS
                        TOTAL MONTH:   0.0 INCH    5 = HAIL
                        GRTST 24HR     0.0         6 = FREEZING RAIN OR DRIZZLE
                        GRTST DEPTH:  M  ON   M    7 = DUSTSTORM OR SANDSTORM:
                                                       VSBY 1/2 MILE OR LESS
                                                   8 = SMOKE OR HAZE
[NO. OF DAYS WITH]      [WEATHER - DAYS WITH]      9 = BLOWING SNOW
                                                   X = TORNADO
MAX 32 OR BELOW:   0    0.01 INCH OR MORE:  13
MAX 90 OR ABOVE:   0    0.10 INCH OR MORE:   8
MIN 32 OR BELOW:   0    0.50 INCH OR MORE:   1
MIN  0 OR BELOW:   0    1.00 INCH OR MORE:   0

[HDD (BASE 65) ]
TOTAL THIS MO.     0    CLEAR  (SCALE 0-3)   0
DPTR FM NORMAL     0    PTCLDY (SCALE 4-7)   0
TOTAL FM JUL 1     0    CLOUDY (SCALE 8-10)  0
DPTR FM NORMAL     0

[CDD (BASE 65) ]
TOTAL THIS MO.   145
DPTR FM NORMAL   -23    [PRESSURE DATA]
TOTAL FM JAN 1   477    HIGHEST SLP M ON M
DPTR FM NORMAL    55    LOWEST  SLP 29.65 ON 10

[REMARKS]
