000
CXUS54 KMAF 221110
CF6HOB
PRELIMINARY LOCAL CLIMATOLOGICAL DATA (WS FORM: F-6)

                                          STATION:   LEA AIRPORT, HOBBS
                                          MONTH:     OCTOBER
                                          YEAR:      2019
                                          LATITUDE:   32 40 N
                                          LONGITUDE: 103-12 E

  TEMPERATURE IN F:       :PCPN:    SNOW:  WIND      :SUNSHINE: SKY     :PK WND
================================================================================
1   2   3   4   5  6A  6B    7    8   9   10  11  12  13   14  15   16   17  18
                                     12Z  AVG MX 2MIN
DY MAX MIN AVG DEP HDD CDD  WTR  SNW DPTH SPD SPD DIR MIN PSBL S-S WX    SPD DR
================================================================================

 1  84  68  76   M   0  11 0.51    M    M 15.3 24 150   M    M   8 3      31 150
 2  82  68  75   M   0  10 0.11    M    M  7.0 15 160   M    M   8 3      21 120
 3  82  61  72   M   0   7 0.01    M    M 12.0 27 360   M    M   6        28 360
 4  82  59  71   M   0   6 0.00    M    M 10.6 17 150   M    M   7 12     22 170
 5  86  61  74   M   0   9 0.00    M    M  6.8 13 300   M    M   2        16 290
 6  88  57  73   M   0   8 0.00    M    M 10.1 25  40   M    M   0        35  30
 7  68  50  59   M   6   0 0.00    M    M  8.3 13  50   M    M   3 8      18  70
 8  81  48  65   M   0   0 0.00    M    M 14.2129 160   M    M   3        39 160
 9  86  61  74   M   0   9 0.00    M    M 12.6 23 240   M    M   1        32 240
10  84  41  63   M   2   0 0.00    M    M 13.0 30  30   M    M   0        40  30
11  68  34  51   M  14   0 0.00    M    M 13.4 30  30   M    M   1        35  30
12  64  36  50   M  15   0 0.00    M    M  9.7 18 160   M    M   1        21 170
13  82  43  63   M   2   0 0.00    M    M  7.3 14 260   M    M   0         M   M
14  79  54  67   M   0   2 0.00    M    M  7.1 12 220   M    M   1         M   M
15  84  55  70   M   0   5 0.00    M    M 10.8 18  30   M    M   1        24  30
16  70  41  56   M   9   0 0.00    M    M  7.0 14  40   M    M   0        21  40
17  79  41  60   M   5   0 0.00    M    M  8.2 14 160   M    M   0        22 170
18  82  52  67   M   0   2 0.00    M    M 13.6 25 240   M    M   1        32 240
19  73  48  61   M   4   0 0.00    M    M  8.2 16  20   M    M   0        20  30
20 464  46 255   M   0 190 0.00    M    M 15.1 29 220   M    M   0        40 220
21 554  41 298   M   0 233 0.00    M    M 10.4 18 260   M    M   0        28 280
================================================================================
SM 2522 1065        57 492  0.63    M    220.6          M       43
================================================================================
AV120.1 50.7                              10.5 FASTST   M    M   2    MAX(MPH)
                                 MISC ---->   129 160                 40 220
================================================================================
NOTES:
# LAST OF SEVERAL OCCURRENCES

COLUMN 17 PEAK WIND IN M.P.H.

PRELIMINARY LOCAL CLIMATOLOGICAL DATA (WS FORM: F-6) , PAGE 2

                                          STATION:   LEA AIRPORT, HOBBS
                                          MONTH:     OCTOBER
                                          YEAR:      2019
                                          LATITUDE:   32 40 N
                                          LONGITUDE: 103-12 E

[TEMPERATURE DATA]      [PRECIPITATION DATA]       SYMBOLS USED IN COLUMN 16

AVERAGE MONTHLY: 85.4   TOTAL FOR MONTH:   0.63    1 = FOG OR MIST
DPTR FM NORMAL:   0.0   DPTR FM NORMAL:    0.63    2 = FOG REDUCING VISIBILITY
HIGHEST:   554 ON 21    GRTST 24HR  0.51 ON  1- 1      TO 1/4 MILE OR LESS
LOWEST:     34 ON 11                               3 = THUNDER
                        SNOW, ICE PELLETS, HAIL    4 = ICE PELLETS
                        TOTAL MONTH:  M            5 = HAIL
                        GRTST 24HR    M  ON   M    6 = FREEZING RAIN OR DRIZZLE
                        GRTST DEPTH:  M  ON   M    7 = DUSTSTORM OR SANDSTORM:
                                                       VSBY 1/2 MILE OR LESS
                                                   8 = SMOKE OR HAZE
[NO. OF DAYS WITH]      [WEATHER - DAYS WITH]      9 = BLOWING SNOW
                                                   X = TORNADO
MAX 32 OR BELOW:   0    0.01 INCH OR MORE:   3
MAX 90 OR ABOVE:   2    0.10 INCH OR MORE:   2
MIN 32 OR BELOW:   0    0.50 INCH OR MORE:   1
MIN  0 OR BELOW:   0    1.00 INCH OR MORE:   0

[HDD (BASE 65) ]
TOTAL THIS MO.    57    CLEAR  (SCALE 0-3)  17
DPTR FM NORMAL     M    PTCLDY (SCALE 4-7)   2
TOTAL FM JUL 1    57    CLOUDY (SCALE 8-10)  2
DPTR FM NORMAL     M

[CDD (BASE 65) ]
TOTAL THIS MO.   492
DPTR FM NORMAL     M    [PRESSURE DATA]
TOTAL FM JAN 1  2238    HIGHEST SLP M ON M
DPTR FM NORMAL     M    LOWEST  SLP M ON M

[REMARKS]
