000
CXUS55 KFSD 170905
CF6HON
PRELIMINARY LOCAL CLIMATOLOGICAL DATA (WS FORM: F-6)

                                          STATION:   HURON
                                          MONTH:     OCTOBER
                                          YEAR:      2019
                                          LATITUDE:   44 22 N
                                          LONGITUDE:  98 13 W

  TEMPERATURE IN F:       :PCPN:    SNOW:  WIND      :SUNSHINE: SKY     :PK WND
================================================================================
1   2   3   4   5  6A  6B    7    8   9   10  11  12  13   14  15   16   17  18
                                     12Z  AVG MX 2MIN
DY MAX MIN AVG DEP HDD CDD  WTR  SNW DPTH SPD SPD DIR MIN PSBL S-S WX    SPD DR
================================================================================

 1  52  45  49  -5  16   0 0.04  0.0    0 13.4 21  10   M    M  10        28 360
 2  47  42  45  -9  20   0 0.22  0.0    0 10.0 17  40   M    M  10 1      24  40
 3  49  35  42 -12  23   0 0.00  0.0    0  8.0 17 330   M    M   8        24 320
 4  53  35  44  -9  21   0 0.02  0.0    0 13.2 23 130   M    M   7 13     35 150
 5  61  48  55   2  10   0 0.17  0.0    0 16.1 38 290   M    M   7 13     53 290
 6  66  43  55   3  10   0 0.00  0.0    0 14.5 26 300   M    M   0        39 300
 7  68  36  52   0  13   0 0.00  0.0    0  7.8 16 150   M    M   0        23 180
 8  73  49  61  10   4   0 0.00  0.0    0 14.7 23 170   M    M   0        34 190
 9  61  42  52   1  13   0 0.04  0.0    0 15.0 22 160   M    M   5 1      33 160
10  42  31  37 -13  28   0 1.10  1.0    0 19.9 33 320   M    M  10 1      46 320
11  35  30  33 -17  32   0 0.06  0.8    1 25.5 37 290   M    M   8 1      48 290
12  34  30  32 -18  33   0 0.32  3.7    2 20.1 36 290   M    M   8 1      44 290
13  42  29  36 -13  29   0 0.00  0.0    4  9.6 20 310   M    M   8        25 300
14  57  27  42  -7  23   0 0.00  0.0    0  9.0 18 140   M    M   0        26 140
15  44  36  40  -8  25   0    T  0.0    0 15.4 28 340   M    M   7        39 300
16  51  32  42  -6  23   0 0.00  0.0    0  5.9 13 150   M    M   3        20 140
================================================================================
SM  835  590       323   0  1.97     5.5 218.1          M       91
================================================================================
AV 52.2 36.9                              13.6 FASTST   M    M   6    MAX(MPH)
                                 MISC ---->  # 38 290               # 53  290
================================================================================
NOTES:
# LAST OF SEVERAL OCCURRENCES

COLUMN 17 PEAK WIND IN M.P.H.

PRELIMINARY LOCAL CLIMATOLOGICAL DATA (WS FORM: F-6) , PAGE 2

                                          STATION:  HURON
                                          MONTH:    OCTOBER
                                          YEAR:     2019
                                          LATITUDE:   44 22 N
                                          LONGITUDE:  98 13 W

[TEMPERATURE DATA]      [PRECIPITATION DATA]       SYMBOLS USED IN COLUMN 16

AVERAGE MONTHLY: 44.5   TOTAL FOR MONTH:   1.97    1 = FOG OR MIST
DPTR FM NORMAL:  -6.6   DPTR FM NORMAL:    0.94    2 = FOG REDUCING VISIBILITY
HIGHEST:    73 ON  8    GRTST 24HR  1.10 ON 10-10      TO 1/4 MILE OR LESS
LOWEST:     27 ON 14                               3 = THUNDER
                        SNOW, ICE PELLETS, HAIL    4 = ICE PELLETS
                        TOTAL MONTH:   5.5 INCHES  5 = HAIL
                        GRTST 24HR   3.7 ON 12-12  6 = FREEZING RAIN OR DRIZZLE
                        GRTST DEPTH:   4 ON 13     7 = DUSTSTORM OR SANDSTORM:
                                                       VSBY 1/2 MILE OR LESS
                                                   8 = SMOKE OR HAZE
[NO. OF DAYS WITH]      [WEATHER - DAYS WITH]      9 = BLOWING SNOW
                                                   X = TORNADO
MAX 32 OR BELOW:   0    0.01 INCH OR MORE:   8
MAX 90 OR ABOVE:   0    0.10 INCH OR MORE:   4
MIN 32 OR BELOW:   6    0.50 INCH OR MORE:   1
MIN  0 OR BELOW:   0    1.00 INCH OR MORE:   1

[HDD (BASE 65) ]
TOTAL THIS MO.   323    CLEAR  (SCALE 0-3)   4
DPTR FM NORMAL    98    PTCLDY (SCALE 4-7)   9
TOTAL FM JUL 1   401    CLOUDY (SCALE 8-10)  3
DPTR FM NORMAL   -20

[CDD (BASE 65) ]
TOTAL THIS MO.     0
DPTR FM NORMAL     0    [PRESSURE DATA]
TOTAL FM JAN 1   714    HIGHEST SLP M ON M
DPTR FM NORMAL   -24    LOWEST  SLP 29.66 ON M

[REMARKS]
