000
CXUS54 KLZK 251130
CF6HOT
PRELIMINARY LOCAL CLIMATOLOGICAL DATA (WS FORM: F-6)

                                          STATION:   Hot Springs Memorial Field
                                          MONTH:     FEBRUARY
                                          YEAR:      2020
                                          LATITUDE:   34 28 N
                                          LONGITUDE:  93  6 W

  TEMPERATURE IN F:       :PCPN:    SNOW:  WIND      :SUNSHINE: SKY     :PK WND
================================================================================
1   2   3   4   5  6A  6B    7    8   9   10  11  12  13   14  15   16   17  18
                                     12Z  AVG MX 2MIN
DY MAX MIN AVG DEP HDD CDD  WTR  SNW DPTH SPD SPD DIR MIN PSBL S-S WX    SPD DR
================================================================================

 1  61  33  47   4  18   0 0.00    M    M  3.3 13 260   M    M   1 1      19 290
 2  76  37  57  14   8   0 0.00    M    M  4.1 18 240   M    M   0        23 230
 3  66  55  61  17   4   0    T    M    M  7.9 21 230   M    M   6        29 230
 4  65  48  57  13   8   0 0.46    M    M  6.3 15 200   M    M   7 1      21 200
 5  48  40  44   0  21   0 0.45    M    M  5.9 14  50   M    M  10 138    18  40
 6  40  31  36  -8  29   0    T    M    M  5.6 12 290   M    M  10 18     18 300
 7  49  24  37  -7  28   0 0.00    M    M  2.5  9 140   M    M   2        13 130
 8  60  30  45   1  20   0 0.00    M    M  4.5 15 140   M    M   2 12     21 140
 9  65  49  57  12   8   0 0.38    M    M  4.8 12 100   M    M   9 138    18 180
10  62  46  54   9  11   0 1.14    M    M  5.9 17  50   M    M  10 13     21  40
11  46  40  43  -2  22   0 0.01    M    M  7.3 18  50   M    M   8        22  60
12  46  39  43  -2  22   0 0.95    M    M  4.9 13 310   M    M  10 1      20 290
13  48  32  40  -6  25   0 0.00    M    M  7.1 16 350   M    M   8        24 350
14  45  25  35 -11  30   0 0.00    M    M  6.5 14  80   M    M   0        18  90
15  58  28  43  -3  22   0 0.00    M    M  4.6 10 200   M    M   4        15 160
16  65  48  57  11   8   0 0.00    M    M  4.1 10 170   M    M   9        18 130
17  63  56  60  14   5   0    T    M    M  5.4 13 170   M    M  10 18     17 180
18  64  44  54   7  11   0 1.79    M    M  7.7 22  50   M    M  10 13     29  50
19  54  37  46  -1  19   0    T    M    M 10.6 20  90   M    M   4        22  90
20  48  37  43  -4  22   0 0.03    M    M  9.3 21  60   M    M   8        26  50
21  47  28  38  -9  27   0 0.00    M    M  4.8 14  60   M    M   0        20  50
22  53  23  38 -10  27   0 0.00    M    M  2.8 10 140   M    M   1        13 250
23  52  45  49   1  16   0 0.04    M    M  4.0 10  80   M    M  10 1      14 130
24  70  51  61  13   4   0 0.07    M    M  8.9 30 240   M    M   7 13     39 240
================================================================================
SM 1351  926       415   0  5.32    M    138.8          M      146
================================================================================
AV 56.3 38.6                               5.8 FASTST   M    M   6    MAX(MPH)
                                 MISC ---->  # 30 240               # 39  240
================================================================================
NOTES:
# LAST OF SEVERAL OCCURRENCES

COLUMN 17 PEAK WIND IN M.P.H.

PRELIMINARY LOCAL CLIMATOLOGICAL DATA (WS FORM: F-6) , PAGE 2

                                          STATION:  Hot Springs Memorial Field
                                          MONTH:    FEBRUARY
                                          YEAR:     2020
                                          LATITUDE:   34 28 N
                                          LONGITUDE:  93  6 W

[TEMPERATURE DATA]      [PRECIPITATION DATA]       SYMBOLS USED IN COLUMN 16

AVERAGE MONTHLY: 47.4   TOTAL FOR MONTH:   5.32    1 = FOG OR MIST
DPTR FM NORMAL:   1.9   DPTR FM NORMAL:    1.86    2 = FOG REDUCING VISIBILITY
HIGHEST:    76 ON  2    GRTST 24HR  1.79 ON 18-18      TO 1/4 MILE OR LESS
LOWEST:     23 ON 22                               3 = THUNDER
                        SNOW, ICE PELLETS, HAIL    4 = ICE PELLETS
                        TOTAL MONTH:    M          5 = HAIL
                        GRTST 24HR    M  ON   M    6 = FREEZING RAIN OR DRIZZLE
                        GRTST DEPTH:  M  ON   M    7 = DUSTSTORM OR SANDSTORM:
                                                       VSBY 1/2 MILE OR LESS
                                                   8 = SMOKE OR HAZE
[NO. OF DAYS WITH]      [WEATHER - DAYS WITH]      9 = BLOWING SNOW
                                                   X = TORNADO
MAX 32 OR BELOW:   0    0.01 INCH OR MORE:  10
MAX 90 OR ABOVE:   0    0.10 INCH OR MORE:   6
MIN 32 OR BELOW:   8    0.50 INCH OR MORE:   3
MIN  0 OR BELOW:   0    1.00 INCH OR MORE:   2

[HDD (BASE 65) ]
TOTAL THIS MO.   415    CLEAR  (SCALE 0-3)   7
DPTR FM NORMAL   -54    PTCLDY (SCALE 4-7)   8
TOTAL FM JUL 1  2161    CLOUDY (SCALE 8-10)  9
DPTR FM NORMAL  -204

[CDD (BASE 65) ]
TOTAL THIS MO.     0
DPTR FM NORMAL     0    [PRESSURE DATA]
TOTAL FM JAN 1     0    HIGHEST SLP M ON M
DPTR FM NORMAL    -1    LOWEST  SLP 29.52 ON 24

[REMARKS]
