000
CXUS54 KHGX 310724
CF6HOU
PRELIMINARY LOCAL CLIMATOLOGICAL DATA (WS FORM: F-6)

                                          STATION:   HOUSTON/HOBBY AIRPORT
                                          MONTH:     OCTOBER
                                          YEAR:      2020
                                          LATITUDE:   29 38 N
                                          LONGITUDE:  95 17 W

  TEMPERATURE IN F:       :PCPN:    SNOW:  WIND      :SUNSHINE: SKY     :PK WND
================================================================================
1   2   3   4   5  6A  6B    7    8   9   10  11  12  13   14  15   16   17  18
                                     12Z  AVG MX 2MIN
DY MAX MIN AVG DEP HDD CDD  WTR  SNW DPTH SPD SPD DIR MIN PSBL S-S WX    SPD DR
================================================================================

 1  90  61  76   0   0  11 0.00  0.0    0  5.1 14  50   M    M   1        33 220
 2  84  63  74  -2   0   9 0.00  0.0    0  7.6 17  60   M    M   1        22  20
 3  85  61  73  -3   0   8 0.00  0.0    0  6.1 14 120   M    M   1        21 110
 4  88  61  75   0   0  10 0.00  0.0    0  3.5 13  60   M    M   1        15  60
 5  84  68  76   1   0  11 0.00  0.0    0  6.1 14  80   M    M   3        17  80
 6  87  66  77   2   0  12 0.00  0.0    0  5.8 15  60   M    M   1        19  30
 7  89  64  77   2   0  12 0.00  0.0    0  6.3 13  60   M    M   4        17  80
 8  84  75  80   6   0  15    T  0.0    0 10.4 20  40   M    M   9        24  40
 9  80  73  77   3   0  12 0.34  0.0    0 17.7 33 340   M    M   9 1      42 360
10  92  68  80   6   0  15 0.00  0.0    0  5.2 13 290   M    M   2 1      16 320
11  93  76  85  11   0  20 0.00  0.0    0  7.7 16 190   M    M   4 12     20 190
12  92  75  84  11   0  19 0.00  0.0    0  8.8 16  30   M    M   6 1      20  40
13  89  72  81   8   0  16 0.00  0.0    0  6.2 15  40   M    M   3        19  30
14  89  69  79   6   0  14 0.00  0.0    0  6.0 16 160   M    M   4        20 160
15  93  71  82  10   0  17 0.43  0.0    0  8.1 18 200   M    M   4 1      21 210
16  77  57  67  -5   0   2 0.12  0.0    0 13.2 26  50   M    M   9 1      37  50
17  82  65  74   2   0   9 0.00  0.0    0  9.8 17 150   M    M   8        22 160
18  88  70  79   7   0  14 0.00  0.0    0 10.0 20 160   M    M   4 1      24 160
19  87  75  81  10   0  16    T  0.0    0  9.2 17 160   M    M   7 13     22 150
20  87  72  80   9   0  15 0.00  0.0    0  7.9 18 110   M    M   4 1      23 110
21  87  73  80   9   0  15 0.00  0.0    0  7.5 15 110   M    M   3 18     18 120
22  88  74  81  10   0  16 0.00  0.0    0  8.5 18 110   M    M   4 1      21 130
23  91  60  76   6   0  11 0.02  0.0    0 10.0 41 350   M    M   5 137    49 320
24  72  56  64  -6   1   0 0.00  0.0    0  9.6 21 350   M    M   7        24 340
25  77  64  71   1   0   6    T  0.0    0  8.3 17 110   M    M   8 18     20 110
26  83  72  78   9   0  13 0.00  0.0    0 12.1 20 110   M    M   7        24 110
27  77  63  70   1   0   5 0.06  0.0    0  9.6 17 350   M    M   9 18     20 350
28  63  47  55 -14  10   0 0.16  0.0    0 12.1 21 310   M    M   8 1      26 310
29  67  46  57 -12   8   0 0.00    M    0 13.2 25 350   M    M   2        33 340
30  70  50  60  -8   5   0 0.00  0.0    0  6.3 15  20   M    M   0        21  10
================================================================================
SM 2515 1967        24 323  1.13     0.0 257.9          M      138
================================================================================
AV 83.8 65.6                               8.6 FASTST   M    M   5    MAX(MPH)
                                 MISC ---->  # 41 350               # 49  320
================================================================================
NOTES:
# LAST OF SEVERAL OCCURRENCES

COLUMN 17 PEAK WIND IN M.P.H.

PRELIMINARY LOCAL CLIMATOLOGICAL DATA (WS FORM: F-6) , PAGE 2

                                          STATION:  HOUSTON/HOBBY AIRPORT
                                          MONTH:    OCTOBER
                                          YEAR:     2020
                                          LATITUDE:   29 38 N
                                          LONGITUDE:  95 17 W

[TEMPERATURE DATA]      [PRECIPITATION DATA]       SYMBOLS USED IN COLUMN 16

AVERAGE MONTHLY: 74.7   TOTAL FOR MONTH:   1.13    1 = FOG OR MIST
DPTR FM NORMAL:   2.4   DPTR FM NORMAL:   -4.68    2 = FOG REDUCING VISIBILITY
HIGHEST:    93 ON 15,11 GRTST 24HR  0.43 ON 15-15      TO 1/4 MILE OR LESS
LOWEST:     46 ON 29                               3 = THUNDER
                        SNOW, ICE PELLETS, HAIL    4 = ICE PELLETS
                        TOTAL MONTH:   0.0 INCH    5 = HAIL
                        GRTST 24HR     0.0         6 = FREEZING RAIN OR DRIZZLE
                        GRTST DEPTH:   0           7 = DUSTSTORM OR SANDSTORM:
                                                       VSBY 1/2 MILE OR LESS
                                                   8 = SMOKE OR HAZE
[NO. OF DAYS WITH]      [WEATHER - DAYS WITH]      9 = BLOWING SNOW
                                                   X = TORNADO
MAX 32 OR BELOW:   0    0.01 INCH OR MORE:   6
MAX 90 OR ABOVE:   6    0.10 INCH OR MORE:   4
MIN 32 OR BELOW:   0    0.50 INCH OR MORE:   0
MIN  0 OR BELOW:   0    1.00 INCH OR MORE:   0

[HDD (BASE 65) ]
TOTAL THIS MO.    24    CLEAR  (SCALE 0-3)  10
DPTR FM NORMAL     7    PTCLDY (SCALE 4-7)  15
TOTAL FM JUL 1    24    CLOUDY (SCALE 8-10)  5
DPTR FM NORMAL     7

[CDD (BASE 65) ]
TOTAL THIS MO.   323
DPTR FM NORMAL    86    [PRESSURE DATA]
TOTAL FM JAN 1  3759    HIGHEST SLP M ON M
DPTR FM NORMAL   729    LOWEST  SLP 29.64 ON  9

[REMARKS]
