975
CXUS54 KHGX 211003
CF6HOU
PRELIMINARY LOCAL CLIMATOLOGICAL DATA (WS FORM: F-6)

                                          STATION:   HOUSTON/HOBBY AIRPORT
                                          MONTH:     OCTOBER
                                          YEAR:      2019
                                          LATITUDE:   29 38 N
                                          LONGITUDE:  95 17 W

  TEMPERATURE IN F:       :PCPN:    SNOW:  WIND      :SUNSHINE: SKY     :PK WND
================================================================================
1   2   3   4   5  6A  6B    7    8   9   10  11  12  13   14  15   16   17  18
                                     12Z  AVG MX 2MIN
DY MAX MIN AVG DEP HDD CDD  WTR  SNW DPTH SPD SPD DIR MIN PSBL S-S WX    SPD DR
================================================================================

 1  91  77  84   8   0  19 0.00  0.0    0  8.9 20 100   M    M   3        23 100
 2  92  76  84   8   0  19 0.00  0.0    0  6.6 16 110   M    M   3 8      22 130
 3  94  77  86  10   0  21 0.00  0.0    0  6.6 16 120   M    M   3        22  90
 4  94  75  85  10   0  20 0.00  0.0    0  5.8 16 130   M    M   4        19 130
 5  93  74  84   9   0  19 0.00  0.0    0  4.4 12 120   M    M   2        14 120
 6  91  75  83   8   0  18 0.00  0.0    0  5.6 15 110   M    M   3 1      19 110
 7  88  69  79   4   0  14 0.00  0.0    0 10.8 21 360   M    M   5        26  30
 8  85  67  76   2   0  11 0.00  0.0    0  7.0 14  50   M    M   6        16  40
 9  89  69  79   5   0  14 0.00  0.0    0  7.3 18 150   M    M   4 18     22 150
10  91  74  83   9   0  18 0.00  0.0    0 10.7 22 180   M    M   2        28 190
11  86  54  70  -4   0   5 0.47  0.0    0 13.7 26 340   M    M   5 13     38 360
12  73  54  64  -9   1   0 0.00  0.0    0 11.9 22  10   M    M   6        28  30
13  84  58  71  -2   0   6 0.00  0.0    0  5.3 13 130   M    M   7        15 130
14  89  74  82   9   0  17    T  0.0    0  8.0 15 160   M    M   7        18 160
15  92  77  85  13   0  20 0.00  0.0    0  8.5 16 210   M    M   7        19 190
16  78  63  71  -1   0   6 0.63  0.0    0 10.4 23 350   M    M   9 13     29  10
17  68  58  63  -9   2   0 0.00  0.0    0  9.5 16  60   M    M   8        19  40
18  82  58  70  -2   0   5 0.03  0.0    0  4.4 12 110   M    M   2        13  80
19  90  66  78   7   0  13 0.00  0.0    0  6.4 15 190   M    M   4 1      19 200
20  90  75  83  12   0  18 0.02  0.0    0  9.4 22 170   M    M   7 1      28 160
================================================================================
SM 1740 1370         3 263  1.15     0.0 161.2          M       97
================================================================================
AV 87.0 68.5                               8.1 FASTST   M    M   5    MAX(MPH)
                                 MISC ---->  # 26 340               # 38  360
================================================================================
NOTES:
# LAST OF SEVERAL OCCURRENCES

COLUMN 17 PEAK WIND IN M.P.H.

PRELIMINARY LOCAL CLIMATOLOGICAL DATA (WS FORM: F-6) , PAGE 2

                                          STATION:  HOUSTON/HOBBY AIRPORT
                                          MONTH:    OCTOBER
                                          YEAR:     2019
                                          LATITUDE:   29 38 N
                                          LONGITUDE:  95 17 W

[TEMPERATURE DATA]      [PRECIPITATION DATA]       SYMBOLS USED IN COLUMN 16

AVERAGE MONTHLY: 77.8   TOTAL FOR MONTH:   1.15    1 = FOG OR MIST
DPTR FM NORMAL:   4.1   DPTR FM NORMAL:   -2.63    2 = FOG REDUCING VISIBILITY
HIGHEST:    94 ON  4, 3 GRTST 24HR  0.63 ON 16-16      TO 1/4 MILE OR LESS
LOWEST:     54 ON 12,11                            3 = THUNDER
                        SNOW, ICE PELLETS, HAIL    4 = ICE PELLETS
                        TOTAL MONTH:   0.0 INCH    5 = HAIL
                        GRTST 24HR     0.0         6 = FREEZING RAIN OR DRIZZLE
                        GRTST DEPTH:   0           7 = DUSTSTORM OR SANDSTORM:
                                                       VSBY 1/2 MILE OR LESS
                                                   8 = SMOKE OR HAZE
[NO. OF DAYS WITH]      [WEATHER - DAYS WITH]      9 = BLOWING SNOW
                                                   X = TORNADO
MAX 32 OR BELOW:   0    0.01 INCH OR MORE:   4
MAX 90 OR ABOVE:  10    0.10 INCH OR MORE:   2
MIN 32 OR BELOW:   0    0.50 INCH OR MORE:   1
MIN  0 OR BELOW:   0    1.00 INCH OR MORE:   0

[HDD (BASE 65) ]
TOTAL THIS MO.     3    CLEAR  (SCALE 0-3)   7
DPTR FM NORMAL    -2    PTCLDY (SCALE 4-7)  11
TOTAL FM JUL 1     3    CLOUDY (SCALE 8-10)  2
DPTR FM NORMAL    -2

[CDD (BASE 65) ]
TOTAL THIS MO.   263
DPTR FM NORMAL    83    [PRESSURE DATA]
TOTAL FM JAN 1  3511    HIGHEST SLP M ON M
DPTR FM NORMAL   538    LOWEST  SLP 29.69 ON 19

[REMARKS]
