000
CXUS54 KHGX 261515
CF6HOU
PRELIMINARY LOCAL CLIMATOLOGICAL DATA (WS FORM: F-6)

                                          STATION:   HOUSTON/HOBBY AIRPORT
                                          MONTH:     MAY
                                          YEAR:      2020
                                          LATITUDE:   29 38 N
                                          LONGITUDE:  95 17 W

  TEMPERATURE IN F:       :PCPN:    SNOW:  WIND      :SUNSHINE: SKY     :PK WND
================================================================================
1   2   3   4   5  6A  6B    7    8   9   10  11  12  13   14  15   16   17  18
                                     12Z  AVG MX 2MIN
DY MAX MIN AVG DEP HDD CDD  WTR  SNW DPTH SPD SPD DIR MIN PSBL S-S WX    SPD DR
================================================================================

 1  84  62  73  -1   0   8 0.00  0.0    0  8.9 17 170   M    M   3        29 140
 2  86  66  76   2   0  11 0.00  0.0    0 10.4 20 150   M    M   5        27 140
 3  87  72  80   6   0  15 0.00  0.0    0  9.3 18 180   M    M   5        24 190
 4  90  71  81   7   0  16 0.00  0.0    0  9.2 20 160   M    M   5        25 150
 5  92  70  81   6   0  16 2.17  0.0    0  7.2 17  30   M    M   7 13     23  40
 6  85  66  76   1   0  11 0.24  0.0    0 10.5 23  50   M    M   4 13     28  40
 7  86  64  75   0   0  10 0.00  0.0    0 11.6 22 160   M    M   4 8      27 180
 8  90  72  81   6   0  16 0.06  0.0    0 16.1 29 340   M    M   8 3      36 330
 9  74  63  69  -7   0   4 0.00  0.0    0 13.0 24  50   M    M   8        28  50
10  82  62  72  -4   0   7 0.00  0.0    0  7.3 15  50   M    M   3        19  50
11  82  64  73  -3   0   8 0.00  0.0    0  9.5 20 130   M    M   4        24 110
12  85  70  78   2   0  13 0.07  0.0    0 12.6 24 150   M    M   8        31 120
13  87  72  80   4   0  15 0.08  0.0    0 10.4 22 140   M    M   8 3      27 140
14  88  74  81   4   0  16 0.01  0.0    0  9.8 20 140   M    M   6 13     23 140
15  88  70  79   2   0  14 1.25  0.0    0  8.3 30 100   M    M   7 13     39 110
16  82  67  75  -2   0  10 0.57  0.0    0  9.3 35 250   M    M   8 13     49 260
17  89  67  78   1   0  13 0.01  0.0    0  7.9 23 330   M    M   6        27 330
18  92  66  79   1   0  14 0.00  0.0    0  6.9 13 200   M    M   1        16 210
19  92  70  81   3   0  16 0.00  0.0    0 10.4 18 200   M    M   2        21 200
20  94  77  86   8   0  21 0.00  0.0    0  7.7 18 170   M    M   5        23 170
21  90  76  83   5   0  18 0.00  0.0    0  9.8 17 150   M    M   6        22 190
22  91  76  84   6   0  19 0.00  0.0    0 11.0 23 150   M    M   5        28 180
23  92  79  86   7   0  21 0.00  0.0    0 12.8 20 140   M    M   7        25 150
24  90  69  80   1   0  15 0.44  0.0    0 13.1 24 160   M    M   7 13     33 150
25  85  69  77  -2   0  12 0.11  0.0    0  9.6 23 210   M    M   8 38     28 220
================================================================================
SM 2183 1734         0 339  5.01     0.0 252.6          M      140
================================================================================
AV 87.3 69.4                              10.1 FASTST   M    M   6    MAX(MPH)
                                 MISC ---->  # 35 250               # 49  260
================================================================================
NOTES:
# LAST OF SEVERAL OCCURRENCES

COLUMN 17 PEAK WIND IN M.P.H.

PRELIMINARY LOCAL CLIMATOLOGICAL DATA (WS FORM: F-6) , PAGE 2

                                          STATION:  HOUSTON/HOBBY AIRPORT
                                          MONTH:    MAY
                                          YEAR:     2020
                                          LATITUDE:   29 38 N
                                          LONGITUDE:  95 17 W

[TEMPERATURE DATA]      [PRECIPITATION DATA]       SYMBOLS USED IN COLUMN 16

AVERAGE MONTHLY: 78.3   TOTAL FOR MONTH:   5.01    1 = FOG OR MIST
DPTR FM NORMAL:   1.9   DPTR FM NORMAL:    1.32    2 = FOG REDUCING VISIBILITY
HIGHEST:    94 ON 20    GRTST 24HR  2.17 ON  5- 5      TO 1/4 MILE OR LESS
LOWEST:     62 ON 10, 1                            3 = THUNDER
                        SNOW, ICE PELLETS, HAIL    4 = ICE PELLETS
                        TOTAL MONTH:   0.0 INCH    5 = HAIL
                        GRTST 24HR     0.0         6 = FREEZING RAIN OR DRIZZLE
                        GRTST DEPTH:   0           7 = DUSTSTORM OR SANDSTORM:
                                                       VSBY 1/2 MILE OR LESS
                                                   8 = SMOKE OR HAZE
[NO. OF DAYS WITH]      [WEATHER - DAYS WITH]      9 = BLOWING SNOW
                                                   X = TORNADO
MAX 32 OR BELOW:   0    0.01 INCH OR MORE:  11
MAX 90 OR ABOVE:  10    0.10 INCH OR MORE:   6
MIN 32 OR BELOW:   0    0.50 INCH OR MORE:   3
MIN  0 OR BELOW:   0    1.00 INCH OR MORE:   2

[HDD (BASE 65) ]
TOTAL THIS MO.     0    CLEAR  (SCALE 0-3)   3
DPTR FM NORMAL     0    PTCLDY (SCALE 4-7)  21
TOTAL FM JUL 1   850    CLOUDY (SCALE 8-10)  1
DPTR FM NORMAL  -369

[CDD (BASE 65) ]
TOTAL THIS MO.   339
DPTR FM NORMAL    53    [PRESSURE DATA]
TOTAL FM JAN 1   896    HIGHEST SLP M ON M
DPTR FM NORMAL   330    LOWEST  SLP 29.60 ON 16

[REMARKS]
