000
CXUS54 KHGX 271410
CF6HOU
PRELIMINARY LOCAL CLIMATOLOGICAL DATA (WS FORM: F-6)

                                          STATION:   HOUSTON/HOBBY AIRPORT
                                          MONTH:     JUNE
                                          YEAR:      2022
                                          LATITUDE:   29 38 N
                                          LONGITUDE:  95 17 W

  TEMPERATURE IN F:       :PCPN:    SNOW:  WIND      :SUNSHINE: SKY     :PK WND
================================================================================
1   2   3   4   5  6A  6B    7    8   9   10  11  12  13   14  15   16   17  18
                                     12Z  AVG MX 2MIN
DY MAX MIN AVG DEP HDD CDD  WTR  SNW DPTH SPD SPD DIR MIN PSBL S-S WX    SPD DR
================================================================================

 1  92  78  85   4   0  20    T  0.0    0  9.3 17 170   M    M   6        24 170
 2  93  76  85   4   0  20 0.00  0.0    0  5.5 21 360   M    M   6        29 360
 3  90  73  82   0   0  17 0.00  0.0    0  8.6 17  40   M    M   4        25  50
 4  91  73  82   0   0  17 0.02  0.0    0  5.4 14  80   M    M   6 3      17  80
 5  93  74  84   2   0  19 0.00  0.0    0  7.2 17 160   M    M   4        23 160
 6  92  76  84   2   0  19 0.00  0.0    0 12.4 22 140   M    M   5        31 150
 7  93  77  85   3   0  20 0.00  0.0    0 10.6 20 150   M    M   4        29 200
 8  97  78  88   6   0  23 0.00  0.0    0  9.8 21 200   M    M   7        26 210
 9  96  77  87   5   0  22 0.00  0.0    0  6.7 17 160   M    M   4        22 150
10  98  78  88   5   0  23 0.00  0.0    0  9.2 21 190   M    M   3        28 180
11  97  77  87   4   0  22 0.00  0.0    0  8.4 21 190   M    M   6        27 180
12  98  78  88   5   0  23 0.00  0.0    0 11.3 21 180   M    M   5        27 230
13  98  79  89   6   0  24 0.00  0.0    0 12.0 23 170   M    M   4        30 180
14  94  80  87   4   0  22 0.00  0.0    0 12.8 24 160   M    M   7        33 160
15  96  80  88   5   0  23 0.00  0.0    0 10.9 18 180   M    M   5        26 170
16  99  77  88   5   0  23 0.00  0.0    0  5.9 17 180   M    M   3 8      23 180
17  95  78  87   4   0  22 0.08  0.0    0  5.8 17 170   M    M   4        22 190
18  97  78  88   5   0  23 0.00  0.0    0  4.4 15 120   M    M   4        21 120
19 100  77  89   6   0  24 0.00  0.0    0  5.9 15 180   M    M   2        21 180
20 101  78  90   6   0  25 0.00  0.0    0  6.4 18 140   M    M   4        23 130
21  96  80  88   4   0  23 0.12  0.0    0  5.8 18 160   M    M   5 1      24 160
22  97  79  88   4   0  23    T  0.0    0  6.0 17 160   M    M   4        24 160
23 100  77  89   5   0  24 0.00  0.0    0  7.3 16 160   M    M   3        22 160
24  99  78  89   5   0  24 0.00  0.0    0  7.7 20 180   M    M   3        24 180
25  99  75  87   3   0  22 0.00  0.0    0  7.1 20 160   M    M   2        23 150
26 101  76  89   5   0  24 0.00  0.0    0  6.5 20 190   M    M   3        23 180
================================================================================
SM 2502 2007         0 571  0.22  0.0    208.9          M      113
================================================================================
AV 96.2 77.2                               8.0 FASTST   M    M   4    MAX(MPH)
                                 MISC ---->    24 160                 33 160
================================================================================
NOTES:
# LAST OF SEVERAL OCCURRENCES

COLUMN 17 PEAK WIND IN M.P.H.

PRELIMINARY LOCAL CLIMATOLOGICAL DATA (WS FORM: F-6) , PAGE 2

                                          STATION:   HOUSTON/HOBBY AIRPORT
                                          MONTH:     JUNE
                                          YEAR:      2022
                                          LATITUDE:   29 38 N
                                          LONGITUDE:  95 17 W

[TEMPERATURE DATA]      [PRECIPITATION DATA]       SYMBOLS USED IN COLUMN 16

AVERAGE MONTHLY: 86.7   TOTAL FOR MONTH:   0.22    1 = FOG OR MIST
DPTR FM NORMAL:   3.9   DPTR FM NORMAL:   -5.10    2 = FOG REDUCING VISIBILITY
HIGHEST:   101 ON 26,20  GRTST 24HR  0.12 ON 21-21      TO 1/4 MILE OR LESS
LOWEST:     73 ON  4, 3                             3 = THUNDER
                        SNOW, ICE PELLETS, HAIL    4 = ICE PELLETS
                        TOTAL MONTH:   0.0 INCH    5 = HAIL
                        GRTST 24HR  0.0            6 = FREEZING RAIN OR DRIZZLE
                        GRTST DEPTH:  0            7 = DUSTSTORM OR SANDSTORM:
                                                       VSBY 1/2 MILE OR LESS
                                                   8 = SMOKE OR HAZE
[NO. OF DAYS WITH]      [WEATHER - DAYS WITH]      9 = BLOWING SNOW
                                                   X = TORNADO
MAX 32 OR BELOW:   0    0.01 INCH OR MORE:   3
MAX 90 OR ABOVE:  26    0.10 INCH OR MORE:   1
MIN 32 OR BELOW:   0    0.50 INCH OR MORE:   0
MIN  0 OR BELOW:   0    1.00 INCH OR MORE:   0

[HDD (BASE 65) ]
TOTAL THIS MO.     0    CLEAR  (SCALE 0-3)   4
DPTR FM NORMAL     0    PTCLDY (SCALE 4-7)  22
TOTAL FM JUL 1   928    CLOUDY (SCALE 8-10)  0
DPTR FM NORMAL  -171

[CDD (BASE 65) ]
TOTAL THIS MO.   571
DPTR FM NORMAL   108    [PRESSURE DATA]
TOTAL FM JAN 1  1485    HIGHEST SLP M ON M
DPTR FM NORMAL   300    LOWEST  SLP 29.72 ON  5

[REMARKS]
