000
CXUS54 KHGX 181515
CF6HOU
PRELIMINARY LOCAL CLIMATOLOGICAL DATA (WS FORM: F-6)

                                          STATION:   HOUSTON/HOBBY AIRPORT
                                          MONTH:     NOVEMBER
                                          YEAR:      2018
                                          LATITUDE:   29 38 N
                                          LONGITUDE:  95 17 W

  TEMPERATURE IN F:       :PCPN:    SNOW:  WIND      :SUNSHINE: SKY     :PK WND
================================================================================
1   2   3   4   5  6A  6B    7    8   9   10  11  12  13   14  15   16   17  18
                                     12Z  AVG MX 2MIN
DY MAX MIN AVG DEP HDD CDD  WTR  SNW DPTH SPD SPD DIR MIN PSBL S-S WX    SPD DR
================================================================================

 1  69  54  62  -6   3   0 0.03  0.0    0 10.6 22 310   M    M   5 1      28 300
 2  72  48  60  -7   5   0 0.00  0.0    0  5.7 15 280   M    M   0        24 310
 3  78  53  66  -1   0   1 0.00  0.0    0  9.6 24 180   M    M   4        32 150
 4  74  62  68   1   0   3 0.39  0.0    0  7.6 20  10   M    M   8 1      23  10
 5  85  64  75   9   0  10    T  0.0    0 10.4 24 200   M    M   7        35  70
 6  88  74  81  15   0  16 0.00  0.0    0  5.7 13 160   M    M   6 1      17 200
 7  88  75  82  16   0  17 0.05  0.0    0  6.1 17 180   M    M   7 138    22 180
 8  76  68  72   6   0   7 0.01  0.0    0  7.0 12  90   M    M  10 18     15 110
 9  68  52  60  -5   5   0 0.38  0.0    0 17.2 29  20   M    M   9 13     35  10
10  53  47  50 -15  15   0    T  0.0    0 11.4 22  40   M    M   7        26  40
11  58  48  53 -12  12   0 0.08  0.0    0 10.0 17  70   M    M  10 13     22  70
12  57  44  51 -13  14   0 0.05  0.0    0 14.7 28 350   M    M   9 1      34 340
13  44  35  40 -24  25   0    T    T    0 16.8 29 350   M    M   9 35     37 360
14  53  33  43 -21  22   0 0.00  0.0    0  8.6 16 290   M    M   3        23 320
15  60  32  46 -17  19   0 0.00  0.0    0  3.0 10 170   M    M   3        14 180
16  69  39  54  -9  11   0 0.00  0.0    0  3.7 12 120   M    M   4        14 130
17  73  48  61  -2   4   0 0.00  0.0    0  6.3 17 100   M    M   8 1      21 100
================================================================================
SM 1165  876       135  54  0.99    T    154.4          M      109
================================================================================
AV 68.5 51.5                               9.1 FASTST   M    M   6    MAX(MPH)
                                 MISC ---->  # 29  20               # 37  360
================================================================================
NOTES:
# LAST OF SEVERAL OCCURRENCES

COLUMN 17 PEAK WIND IN M.P.H.

PRELIMINARY LOCAL CLIMATOLOGICAL DATA (WS FORM: F-6) , PAGE 2

                                          STATION:  HOUSTON/HOBBY AIRPORT
                                          MONTH:    NOVEMBER
                                          YEAR:     2018
                                          LATITUDE:   29 38 N
                                          LONGITUDE:  95 17 W

[TEMPERATURE DATA]      [PRECIPITATION DATA]       SYMBOLS USED IN COLUMN 16

AVERAGE MONTHLY: 60.0   TOTAL FOR MONTH:   0.99    1 = FOG OR MIST
DPTR FM NORMAL:  -5.2   DPTR FM NORMAL:   -1.54    2 = FOG REDUCING VISIBILITY
HIGHEST:    88 ON  7, 6 GRTST 24HR  2.60 ON 31- 1      TO 1/4 MILE OR LESS
LOWEST:     32 ON 15                               3 = THUNDER
                        SNOW, ICE PELLETS, HAIL    4 = ICE PELLETS
                        TOTAL MONTH:    T          5 = HAIL
                        GRTST 24HR    T  ON 13-13  6 = FREEZING RAIN OR DRIZZLE
                        GRTST DEPTH:   0           7 = DUSTSTORM OR SANDSTORM:
                                                       VSBY 1/2 MILE OR LESS
                                                   8 = SMOKE OR HAZE
[NO. OF DAYS WITH]      [WEATHER - DAYS WITH]      9 = BLOWING SNOW
                                                   X = TORNADO
MAX 32 OR BELOW:   0    0.01 INCH OR MORE:   7
MAX 90 OR ABOVE:   0    0.10 INCH OR MORE:   2
MIN 32 OR BELOW:   1    0.50 INCH OR MORE:   0
MIN  0 OR BELOW:   0    1.00 INCH OR MORE:   0

[HDD (BASE 65) ]
TOTAL THIS MO.   135    CLEAR  (SCALE 0-3)   3
DPTR FM NORMAL    81    PTCLDY (SCALE 4-7)   9
TOTAL FM JUL 1   151    CLOUDY (SCALE 8-10)  5
DPTR FM NORMAL    76

[CDD (BASE 65) ]
TOTAL THIS MO.    54
DPTR FM NORMAL    -3    [PRESSURE DATA]
TOTAL FM JAN 1  3495    HIGHEST SLP M ON M
DPTR FM NORMAL   402    LOWEST  SLP 29.73 ON  5

[REMARKS]
