533
CXUS55 KSEW 270930
CF6HQM
PRELIMINARY LOCAL CLIMATOLOGICAL DATA (WS FORM: F-6)

                                          STATION:   HOQUIAM WA AIRPORT
                                          MONTH:     MAY
                                          YEAR:      2024
                                          LATITUDE:   46 58 N
                                          LONGITUDE: 123 56 W

  TEMPERATURE IN F:       :PCPN:    SNOW:  WIND      :SUNSHINE: SKY     :PK WND
================================================================================
1   2   3   4   5  6A  6B    7    8   9   10  11  12  13   14  15   16   17  18
                                     12Z  AVG MX 2MIN
DY MAX MIN AVG DEP HDD CDD  WTR  SNW DPTH SPD SPD DIR MIN PSBL S-S WX    SPD DR
================================================================================

 1  53  37  45  -6  20   0 0.06    M    M  4.9 14 210   M    M   6 1      17 210
 2  60  39  50  -1  15   0 0.00    M    M  7.1 17 260   M    M   0 8      22 260
 3  60  39  50  -1  15   0 0.49    M    M  8.9 21 160   M    M   5 1      24 160
 4  51  48  50  -2  15   0 0.54    M    M  7.6 17 280   M    M  10 1      23 280
 5  52  48  50  -2  15   0 0.24    M    M 14.8 29 240   M    M  10 18     42 220
 6  53  45  49  -3  16   0 0.23    M    M 13.0 28 260   M    M   7 1      39 250
 7  56  40  48  -4  17   0 0.12    M    M  8.9 18 300   M    M   2 1      31 280
 8  60  39  50  -2  15   0 0.00    M    M  5.8 17 290   M    M   2        22 290
 9  76  41  59   7   6   0 0.00    M    M  6.0 14 340   M    M   0        21 340
10  82  50  66  14   0   1 0.00    M    M  8.3 17 330   M    M   0        24 310
11  68  50  59   6   6   0 0.00    M    M  7.5 20 240   M    M   0        23 250
12  63  49  56   3   9   0 0.00    M    M 10.8 24 300   M    M   2        35 290
13  59  48  54   1  11   0 0.00    M    M 11.9 22 290   M    M   7 1      29 290
14  65  43  54   1  11   0 0.00    M    M  6.4 17 290   M    M   0 18     23 290
15  60  49  55   2  10   0 0.00    M    M  8.9 17 290   M    M   5 1      25 290
16  56  48  52  -2  13   0 0.04    M    M 11.7 23 230   M    M  10 1      30 310
17  58  48  53  -1  12   0    T    M    M 10.4 18 290   M    M   7        30 270
18  56  47  52  -2  13   0    T    M    M 10.4 21 270   M    M   7        31 270
19  57  44  51  -3  14   0 0.00    M    M  9.4 21 290   M    M   3 18     30 270
20  57  44  51  -3  14   0    T    M    M  9.6 20 290   M    M   5        31 270
21  54  50  52  -2  13   0 1.22    M    M 13.6 23 200   M    M  10 1      31 270
22  58  48  53  -1  12   0 0.04    M    M 13.7 23 290   M    M   7 1      31 290
23  58  49  54   0  11   0 0.00    M    M  7.7 14 260   M    M   7        19 270
24  55  47  51  -3  14   0 0.11    M    M  8.1 20 290   M    M   9 1      27 300
25  54  49  52  -3  13   0    T    M    M 10.6 18 250   M    M  10 18     27 290
26  55  50  53  -2  12   0 0.09    M    M  7.4 18 230   M    M  10 1      23 230
================================================================================
SM 1536 1189       322   1  3.18    M    243.4          M      141
================================================================================
AV 59.1 45.7                               9.4 FASTST   M    M   5    MAX(MPH)
                                 MISC ---->    29 240                 42 220
================================================================================
NOTES:
# LAST OF SEVERAL OCCURRENCES

COLUMN 17 PEAK WIND IN M.P.H.

PRELIMINARY LOCAL CLIMATOLOGICAL DATA (WS FORM: F-6) , PAGE 2

                                          STATION:   HOQUIAM WA AIRPORT
                                          MONTH:     MAY
                                          YEAR:      2024
                                          LATITUDE:   46 58 N
                                          LONGITUDE: 123 56 W

[TEMPERATURE DATA]      [PRECIPITATION DATA]       SYMBOLS USED IN COLUMN 16

AVERAGE MONTHLY: 52.4   TOTAL FOR MONTH:   3.18    1 = FOG OR MIST
DPTR FM NORMAL:  -0.6   DPTR FM NORMAL:    0.61    2 = FOG REDUCING VISIBILITY
HIGHEST:    82 ON 10    GRTST 24HR  1.22 ON 20-21      TO 1/4 MILE OR LESS
LOWEST:     37 ON  1                               3 = THUNDER
                        SNOW, ICE PELLETS, HAIL    4 = ICE PELLETS
                        TOTAL MONTH:  M            5 = HAIL
                        GRTST 24HR    M  ON   M    6 = FREEZING RAIN OR DRIZZLE
                        GRTST DEPTH:  M  ON   M    7 = DUSTSTORM OR SANDSTORM:
                                                       VSBY 1/2 MILE OR LESS
                                                   8 = SMOKE OR HAZE
[NO. OF DAYS WITH]      [WEATHER - DAYS WITH]      9 = BLOWING SNOW
                                                   X = TORNADO
MAX 32 OR BELOW:   0    0.01 INCH OR MORE:  11
MAX 90 OR ABOVE:   0    0.10 INCH OR MORE:   7
MIN 32 OR BELOW:   0    0.50 INCH OR MORE:   2
MIN  0 OR BELOW:   0    1.00 INCH OR MORE:   1

[HDD (BASE 65) ]
TOTAL THIS MO.   322    CLEAR  (SCALE 0-3)   8
DPTR FM NORMAL    10    PTCLDY (SCALE 4-7)  11
TOTAL FM JUL 1  4374    CLOUDY (SCALE 8-10)  7
DPTR FM NORMAL  -451

[CDD (BASE 65) ]
TOTAL THIS MO.     1
DPTR FM NORMAL     1    [PRESSURE DATA]
TOTAL FM JAN 1     1    HIGHEST SLP M ON M
DPTR FM NORMAL     1    LOWEST  SLP 29.55 ON  4

[REMARKS]