000
CXUS55 KSEW 210930
CF6HQM
PRELIMINARY LOCAL CLIMATOLOGICAL DATA (WS FORM: F-6)

                                          STATION:   HOQUIAM WA AIRPORT
                                          MONTH:     OCTOBER
                                          YEAR:      2019
                                          LATITUDE:   46 58 N
                                          LONGITUDE: 123 56 W

  TEMPERATURE IN F:       :PCPN:    SNOW:  WIND      :SUNSHINE: SKY     :PK WND
================================================================================
1   2   3   4   5  6A  6B    7    8   9   10  11  12  13   14  15   16   17  18
                                     12Z  AVG MX 2MIN
DY MAX MIN AVG DEP HDD CDD  WTR  SNW DPTH SPD SPD DIR MIN PSBL S-S WX    SPD DR
================================================================================

 1  60  38  49  -7  16   0 0.00  0.0    0  6.6 13 290   M    M   0 1      15 320
 2  58  41  50  -6  15   0 0.07  0.0    0  7.4 13 100   M    M   4 1      15 100
 3  56  50  53  -2  12   0 0.26  0.0    0  8.4 22 260   M    M   8 1      25 260
 4  59  51  55   0  10   0 0.10  0.0    0  9.9 20 190   M    M   6 1      23 190
 5  61  48  55   0  10   0    T  0.0    0  3.8 13 290   M    M   6 1      14 290
 6  66  45  56   1   9   0 0.00  0.0    0  6.3 12  70   M    M   1 1      15  80
 7  60  48  54   0  11   0 0.27  0.0    0 11.9 22 230   M    M   9 1      27 220
 8  54  39  47  -7  18   0 0.10  0.0    0  9.7 24 280   M    M   2 1      32 300
 9  54  34  44 -10  21   0 0.00  0.0    0  5.9 16 110   M    M   1        19  80
10  60  33  47  -7  18   0 0.00  0.0    0  7.7 14  70   M    M   0        16  70
11  64  41  53   0  12   0 0.00  0.0    0 10.3 17 110   M    M   0        20 100
12  60  43  52  -1  13   0    T  0.0    0  6.3 13 120   M    M   7        14 100
13  58  42  50  -3  15   0 0.00  0.0    0  4.7 17 260   M    M   5        21 280
14  58  40  49  -4  16   0 0.00  0.0    0  5.6 13 100   M    M   1 1      14 110
15  56  46  51  -1  14   0 0.11  0.0    0  8.8 15 180   M    M   7 1      19 110
16  56  51  54   2  11   0 1.07  0.0    0 10.7 25 180   M    M   8 1      32 190
17  58  47  53   1  12   0 0.39  0.0    0 13.0 35 200   M    M   9 1      41 210
18  55  47  51  -1  14   0 0.52  0.0    0  8.6 22 200   M    M   8 1      27 200
19  56  45  51  -1  14   0 0.69  0.0    0  8.6 36 300   M    M   6 1      46 310
20  56  45  51   0  14   0 0.32  0.0    0 10.5 26 190   M    M   8 1      33 200
================================================================================
SM 1165  874       275   0  3.90     0.0 164.7          M       96
================================================================================
AV 58.3 43.7                               8.2 FASTST   M    M   5    MAX(MPH)
                                 MISC ---->  # 36 300               # 46  310
================================================================================
NOTES:
# LAST OF SEVERAL OCCURRENCES

COLUMN 17 PEAK WIND IN M.P.H.

PRELIMINARY LOCAL CLIMATOLOGICAL DATA (WS FORM: F-6) , PAGE 2

                                          STATION:  HOQUIAM WA AIRPORT
                                          MONTH:    OCTOBER
                                          YEAR:     2019
                                          LATITUDE:   46 58 N
                                          LONGITUDE: 123 56 W

[TEMPERATURE DATA]      [PRECIPITATION DATA]       SYMBOLS USED IN COLUMN 16

AVERAGE MONTHLY: 51.0   TOTAL FOR MONTH:   3.90    1 = FOG OR MIST
DPTR FM NORMAL:  -2.6   DPTR FM NORMAL:    0.41    2 = FOG REDUCING VISIBILITY
HIGHEST:    66 ON  6    GRTST 24HR  1.07 ON 16-16      TO 1/4 MILE OR LESS
LOWEST:     33 ON 10                               3 = THUNDER
                        SNOW, ICE PELLETS, HAIL    4 = ICE PELLETS
                        TOTAL MONTH:   0.0 INCH    5 = HAIL
                        GRTST 24HR     0.0         6 = FREEZING RAIN OR DRIZZLE
                        GRTST DEPTH:   0           7 = DUSTSTORM OR SANDSTORM:
                                                       VSBY 1/2 MILE OR LESS
                                                   8 = SMOKE OR HAZE
[NO. OF DAYS WITH]      [WEATHER - DAYS WITH]      9 = BLOWING SNOW
                                                   X = TORNADO
MAX 32 OR BELOW:   0    0.01 INCH OR MORE:  11
MAX 90 OR ABOVE:   0    0.10 INCH OR MORE:  10
MIN 32 OR BELOW:   0    0.50 INCH OR MORE:   3
MIN  0 OR BELOW:   0    1.00 INCH OR MORE:   1

[HDD (BASE 65) ]
TOTAL THIS MO.   275    CLEAR  (SCALE 0-3)   7
DPTR FM NORMAL    46    PTCLDY (SCALE 4-7)   9
TOTAL FM JUL 1   552    CLOUDY (SCALE 8-10)  4
DPTR FM NORMAL  -180

[CDD (BASE 65) ]
TOTAL THIS MO.     0
DPTR FM NORMAL     0    [PRESSURE DATA]
TOTAL FM JAN 1    42    HIGHEST SLP M ON M
DPTR FM NORMAL    19    LOWEST  SLP 29.56 ON 17

[REMARKS]
