000
CXUS56 KPDT 261832
CF6HRI
PRELIMINARY LOCAL CLIMATOLOGICAL DATA (WS FORM: F-6)

                                          STATION:   HERMISTON OR
                                          MONTH:     MAY
                                          YEAR:      2020
                                          LATITUDE:   45 49 N
                                          LONGITUDE: 119 16 W

  TEMPERATURE IN F:       :PCPN:    SNOW:  WIND      :SUNSHINE: SKY     :PK WND
================================================================================
1   2   3   4   5  6A  6B    7    8   9   10  11  12  13   14  15   16   17  18
                                     12Z  AVG MX 2MIN
DY MAX MIN AVG DEP HDD CDD  WTR  SNW DPTH SPD SPD DIR MIN PSBL S-S WX    SPD DR
================================================================================

 1  74  34  54  -1  11   0 0.00    M    M  4.1 12 220   M    M   1        16 210
 2  79  43  61   5   4   0 0.05    M    M  9.3 32 260   M    M   4 13     43 250
 3  66  40  53  -3  12   0 0.00    M    M 11.7 21 260   M    M   0        27 250
 4  76  32  54  -2  11   0 0.00    M    M  5.8 14  50   M    M   0        17  50
 5  82  40  61   4   4   0 0.00    M    M  5.4 15 260   M    M   0        19 260
 6  68  41  55  -2  10   0 0.16    M    M 21.1 37 250   M    M   2 1      47 260
 7  71  33  52  -5  13   0 0.00    M    M  5.5 15  30   M    M   0        19  40
 8  79  39  59   1   6   0 0.00    M    M  7.5 20  40   M    M   0        23  30
 9  86  39  63   5   2   0 0.00    M    M  5.0 14  50   M    M   0        17  40
10  87  46  67   9   0   2 0.00    M    M  5.9 17  40   M    M   0        30  50
11  79  54  67   8   0   2 0.00    M    M  5.8 15 260   M    M   0        19 260
12  67  51  59   0   6   0 0.18    M    M 10.4 23 250   M    M   9 13     28 250
13  72  50  61   2   4   0    T    M    M 10.8 21 230   M    M   3        29 230
14  70  52  61   2   4   0    T    M    M  7.4 26 230   M    M   8        35 230
15  73  51  62   2   3   0 0.00    M    M  9.9 18 250   M    M   4        23 240
16  82  48  65   5   0   0    T    M    M  7.4 20  30   M    M   3        25  30
17  69  52  61   1   4   0    T    M    M  7.2 25 270   M    M   3        31 270
18  74  47  61   0   4   0 0.28    M    M  7.5 20 210   M    M   6 13     27 210
19  67  53  60  -1   5   0    T    M    M 10.8 20 250   M    M   9        25 250
20  67  53  60  -1   5   0 0.20    M    M 19.1 38 250   M    M   7        48 250
21  68  48  58  -3   7   0 0.00    M    M 20.1 35 260   M    M   2        44 250
22  69  46  58  -4   7   0 0.00    M    M 15.3 23 250   M    M   4        29 240
23  72  43  58  -4   7   0 0.00    M    M  8.5 20 230   M    M   1 8      26 240
24  79  42  61  -1   4   0 0.00    M    M  4.6 12 270   M    M   0        14 230
25  75  53  64   2   1   0 0.04    M    M  8.8 17 190   M    M   4 1      22 200
================================================================================
SM 1851 1130       134   4  0.91    M    234.9          M       70
================================================================================
AV 74.0 45.2                               9.4 FASTST   M    M   3    MAX(MPH)
                                 MISC ---->  # 38 250               # 48  250
================================================================================
NOTES:
# LAST OF SEVERAL OCCURRENCES

COLUMN 17 PEAK WIND IN M.P.H.

PRELIMINARY LOCAL CLIMATOLOGICAL DATA (WS FORM: F-6) , PAGE 2

                                          STATION:  HERMISTON OR
                                          MONTH:    MAY
                                          YEAR:     2020
                                          LATITUDE:   45 49 N
                                          LONGITUDE: 119 16 W

[TEMPERATURE DATA]      [PRECIPITATION DATA]       SYMBOLS USED IN COLUMN 16

AVERAGE MONTHLY: 59.6   TOTAL FOR MONTH:   0.91    1 = FOG OR MIST
DPTR FM NORMAL:   0.6   DPTR FM NORMAL:    0.21    2 = FOG REDUCING VISIBILITY
HIGHEST:    87 ON 10    GRTST 24HR  0.28 ON 18-18      TO 1/4 MILE OR LESS
LOWEST:     32 ON  4                               3 = THUNDER
                        SNOW, ICE PELLETS, HAIL    4 = ICE PELLETS
                        TOTAL MONTH:    M          5 = HAIL
                        GRTST 24HR    M  ON   M    6 = FREEZING RAIN OR DRIZZLE
                        GRTST DEPTH:  M  ON   M    7 = DUSTSTORM OR SANDSTORM:
                                                       VSBY 1/2 MILE OR LESS
                                                   8 = SMOKE OR HAZE
[NO. OF DAYS WITH]      [WEATHER - DAYS WITH]      9 = BLOWING SNOW
                                                   X = TORNADO
MAX 32 OR BELOW:   0    0.01 INCH OR MORE:   6
MAX 90 OR ABOVE:   0    0.10 INCH OR MORE:   4
MIN 32 OR BELOW:   1    0.50 INCH OR MORE:   0
MIN  0 OR BELOW:   0    1.00 INCH OR MORE:   0

[HDD (BASE 65) ]
TOTAL THIS MO.   134    CLEAR  (SCALE 0-3)  15
DPTR FM NORMAL   -42    PTCLDY (SCALE 4-7)   7
TOTAL FM JUL 1  4729    CLOUDY (SCALE 8-10)  3
DPTR FM NORMAL  -295

[CDD (BASE 65) ]
TOTAL THIS MO.     4
DPTR FM NORMAL   -19    [PRESSURE DATA]
TOTAL FM JAN 1     4    HIGHEST SLP M ON M
DPTR FM NORMAL   -19    LOWEST  SLP 29.62 ON 11

[REMARKS]
