000
CXUS54 KLZK 211130
CF6HRO
PRELIMINARY LOCAL CLIMATOLOGICAL DATA (WS FORM: F-6)

                                          STATION:   Harrison
                                          MONTH:     JULY
                                          YEAR:      2018
                                          LATITUDE:   36 15 N
                                          LONGITUDE:  93  9 W

  TEMPERATURE IN F:       :PCPN:    SNOW:  WIND      :SUNSHINE: SKY     :PK WND
================================================================================
1   2   3   4   5  6A  6B    7    8   9   10  11  12  13   14  15   16   17  18
                                     12Z  AVG MX 2MIN
DY MAX MIN AVG DEP HDD CDD  WTR  SNW DPTH SPD SPD DIR MIN PSBL S-S WX    SPD DR
================================================================================

 1  91  71  81   4   0  16 0.00  0.0    0  5.5 16 240   M    M   1        26 210
 2  95  66  81   4   0  16 0.00  0.0    0  4.1 10 120   M    M   1 1      18 180
 3  96  70  83   6   0  18 0.01  0.0    0  6.7 21 270   M    M   2 3      30 270
 4  96  67  82   5   0  17 0.00  0.0    0  6.9 22 160   M    M   2 1      30 140
 5  99  69  84   6   0  19 0.12  0.0    0  5.3 23 100   M    M   1 3      30  90
 6  97  70  84   6   0  19    T  0.0    0  4.4 17  60   M    M   2 3      23 360
 7  90  69  80   2   0  15 0.00  0.0    0  6.0 14  80   M    M   1        20 110
 8  90  61  76  -2   0  11 0.00  0.0    0  4.3 14 120   M    M   4 3      18 100
 9  93  68  81   3   0  16 0.00  0.0    0  3.9 14 130   M    M   2 12     19 140
10  95  68  82   4   0  17 0.00  0.0    0  3.5 14 120   M    M   1 3      19 120
11  99  69  84   6   0  19 0.00  0.0    0  3.8 15 130   M    M   0        23 130
12  97  71  84   6   0  19 0.00  0.0    0  5.1 17 140   M    M   1 3      21 140
13  97  69  83   5   0  18 0.00  0.0    0  5.2 15 150   M    M   0        20 170
14  97  73  85   7   0  20 0.00  0.0    0  4.7 14 240   M    M   1        20 220
15  96  73  85   7   0  20    T  0.0    0  4.1 21 350   M    M   3        31 340
16  95  69  82   4   0  17 1.04  0.0    0  5.0 22 100   M    M   3 13     27 100
17  92  67  80   1   0  15 0.07  0.0    0  2.7 17 280   M    M   3 123    26 260
18  84  71  78  -1   0  13 0.05  0.0    0  6.1 14 150   M    M   6 1      18 140
19  95  68  82   3   0  17 0.40  0.0    0  6.1 33  10   M    M   4 13     47  10
20  96  68  82   3   0  17 0.23  0.0    0  5.6 16 260   M    M   0 13     25 300
================================================================================
SM 1890 1377         0 339  1.92     0.0  99.0          M       38
================================================================================
AV 94.5 68.9                               4.9 FASTST   M    M   2    MAX(MPH)
                                 MISC ---->  # 33  10               # 47   10
================================================================================
NOTES:
# LAST OF SEVERAL OCCURRENCES

COLUMN 17 PEAK WIND IN M.P.H.

PRELIMINARY LOCAL CLIMATOLOGICAL DATA (WS FORM: F-6) , PAGE 2

                                          STATION:  Harrison
                                          MONTH:    JULY
                                          YEAR:     2018
                                          LATITUDE:   36 15 N
                                          LONGITUDE:  93  9 W

[TEMPERATURE DATA]      [PRECIPITATION DATA]       SYMBOLS USED IN COLUMN 16

AVERAGE MONTHLY: 81.7   TOTAL FOR MONTH:   1.92    1 = FOG OR MIST
DPTR FM NORMAL:   3.7   DPTR FM NORMAL:   -0.08    2 = FOG REDUCING VISIBILITY
HIGHEST:    99 ON 11, 5 GRTST 24HR  1.04 ON 16-16      TO 1/4 MILE OR LESS
LOWEST:     61 ON  8                               3 = THUNDER
                        SNOW, ICE PELLETS, HAIL    4 = ICE PELLETS
                        TOTAL MONTH:   0.0 INCH    5 = HAIL
                        GRTST 24HR     0.0         6 = FREEZING RAIN OR DRIZZLE
                        GRTST DEPTH:   0           7 = DUSTSTORM OR SANDSTORM:
                                                       VSBY 1/2 MILE OR LESS
                                                   8 = SMOKE OR HAZE
[NO. OF DAYS WITH]      [WEATHER - DAYS WITH]      9 = BLOWING SNOW
                                                   X = TORNADO
MAX 32 OR BELOW:   0    0.01 INCH OR MORE:   7
MAX 90 OR ABOVE:  19    0.10 INCH OR MORE:   4
MIN 32 OR BELOW:   0    0.50 INCH OR MORE:   1
MIN  0 OR BELOW:   0    1.00 INCH OR MORE:   1

[HDD (BASE 65) ]
TOTAL THIS MO.     0    CLEAR  (SCALE 0-3)  16
DPTR FM NORMAL     0    PTCLDY (SCALE 4-7)   4
TOTAL FM JUL 1     0    CLOUDY (SCALE 8-10)  0
DPTR FM NORMAL     0

[CDD (BASE 65) ]
TOTAL THIS MO.   339
DPTR FM NORMAL    78    [PRESSURE DATA]
TOTAL FM JAN 1  1018    HIGHEST SLP M ON M
DPTR FM NORMAL   353    LOWEST  SLP 29.80 ON 20

[REMARKS]
ALL SNOWFALL DATA IS FROM THE HARRISON COOPERATIVE OBSERVER SITE
