000
CXUS53 KGID 250730
CF6HSI
PRELIMINARY LOCAL CLIMATOLOGICAL DATA (WS FORM: F-6)

                                          STATION:   HASTINGS NE
                                          MONTH:     MAY
                                          YEAR:      2020
                                          LATITUDE:   40 35 N
                                          LONGITUDE:  98 26 W

  TEMPERATURE IN F:       :PCPN:    SNOW:  WIND      :SUNSHINE: SKY     :PK WND
================================================================================
1   2   3   4   5  6A  6B    7    8   9   10  11  12  13   14  15   16   17  18
                                     12Z  AVG MX 2MIN
DY MAX MIN AVG DEP HDD CDD  WTR  SNW DPTH SPD SPD DIR MIN PSBL S-S WX    SPD DR
================================================================================

 1  88  57  73  17   0   8 0.00  0.0    0  8.5 18  20   M    M   0 8      25  10
 2  69  53  61   5   4   0    T  0.0    0 13.3 25  40   M    M   5 8      33  40
 3  77  51  64   7   1   0    T  0.0    0  7.2 15 120   M    M   2        22 140
 4  64  47  56  -1   9   0 0.31  0.0    0 11.2 25 340   M    M   8 13     36 110
 5  71  45  58   1   7   0 0.00  0.0    0 15.4 30 310   M    M   2        39 310
 6  64  42  53  -5  12   0 0.00  0.0    0 11.2 21 350   M    M   1        30 360
 7  62  45  54  -4  11   0 0.17  0.0    0 12.3 26  40   M    M   5 13     35  40
 8  59  37  48 -10  17   0 0.08  0.0    0 12.2 28  20   M    M   2 1      38  20
 9  63  40  52  -7  13   0    T  0.0    0 12.8 28 340   M    M   5        37 350
10  57  31  44 -15  21   0 0.00  0.0    0 11.8 25 340   M    M   1        36 310
11  46  40  43 -17  22   0 0.00  0.0    0  4.6 14  50   M    M  10        19  50
12  58  41  50 -10  15   0 0.00  0.0    0  7.6 16 170   M    M  10        24 160
13  55  46  51  -9  14   0 0.05  0.0    0  9.1 17 170   M    M  10 1      27 160
14  79  52  66   5   0   1 0.01    M    M  6.7 18  40   M    M   6 12     26  40
15  76  50  63   2   2   0    T  0.0    0 10.8 20  80   M    M   1        26 120
16  71  51  61   0   4   0 0.01  0.0    0  8.1 20 360   M    M   6 1      25 350
17  69  50  60  -2   5   0 0.00  0.0    0 14.7 29 340   M    M   8 1      36 340
18  74  48  61  -1   4   0 0.00  0.0    0 10.2 17  70   M    M   3        24  80
19  71  45  58  -4   7   0 0.00  0.0    0  6.1 15 110   M    M   4 1      22 120
20  78  51  65   2   0   0 0.00  0.0    0 12.9 22 130   M    M   2 1      31 130
21  64  58  61  -2   4   0 0.57  0.0    0 10.4 21 130   M    M  10 13     32 140
22  62  59  61  -3   4   0 2.11  0.0    0 11.1 22  30   M    M  10 123    30  30
23  77  52  65   1   0   0 0.00  0.0    0  8.9 18 120   M    M   5 128    29 120
24  75  57  66   2   0   1 0.22  0.0    0 10.7 32 330   M    M   7 13     45 330
================================================================================
SM 1629 1148       176  10  3.53     0.0 247.8          M      123
================================================================================
AV 67.9 47.8                              10.3 FASTST   M    M   5    MAX(MPH)
                                 MISC ---->  # 32 330               # 45  330
================================================================================
NOTES:
# LAST OF SEVERAL OCCURRENCES

COLUMN 17 PEAK WIND IN M.P.H.

PRELIMINARY LOCAL CLIMATOLOGICAL DATA (WS FORM: F-6) , PAGE 2

                                          STATION:  HASTINGS NE
                                          MONTH:    MAY
                                          YEAR:     2020
                                          LATITUDE:   40 35 N
                                          LONGITUDE:  98 26 W

[TEMPERATURE DATA]      [PRECIPITATION DATA]       SYMBOLS USED IN COLUMN 16

AVERAGE MONTHLY: 57.9   TOTAL FOR MONTH:   3.53    1 = FOG OR MIST
DPTR FM NORMAL:  -2.2   DPTR FM NORMAL:   -0.18    2 = FOG REDUCING VISIBILITY
HIGHEST:    88 ON  1    GRTST 24HR  2.11 ON 22-22      TO 1/4 MILE OR LESS
LOWEST:     31 ON 10                               3 = THUNDER
                        SNOW, ICE PELLETS, HAIL    4 = ICE PELLETS
                        TOTAL MONTH:   0.0 INCH    5 = HAIL
                        GRTST 24HR     0.0         6 = FREEZING RAIN OR DRIZZLE
                        GRTST DEPTH:   0           7 = DUSTSTORM OR SANDSTORM:
                                                       VSBY 1/2 MILE OR LESS
                                                   8 = SMOKE OR HAZE
[NO. OF DAYS WITH]      [WEATHER - DAYS WITH]      9 = BLOWING SNOW
                                                   X = TORNADO
MAX 32 OR BELOW:   0    0.01 INCH OR MORE:   9
MAX 90 OR ABOVE:   0    0.10 INCH OR MORE:   5
MIN 32 OR BELOW:   1    0.50 INCH OR MORE:   2
MIN  0 OR BELOW:   0    1.00 INCH OR MORE:   1

[HDD (BASE 65) ]
TOTAL THIS MO.   176    CLEAR  (SCALE 0-3)   9
DPTR FM NORMAL    25    PTCLDY (SCALE 4-7)  10
TOTAL FM JUL 1  5817    CLOUDY (SCALE 8-10)  5
DPTR FM NORMAL  -173

[CDD (BASE 65) ]
TOTAL THIS MO.    10
DPTR FM NORMAL   -23    [PRESSURE DATA]
TOTAL FM JAN 1    11    HIGHEST SLP M ON M
DPTR FM NORMAL   -27    LOWEST  SLP 29.66 ON 24

[REMARKS]
