000
CXUS53 KGID 230730
CF6HSI
PRELIMINARY LOCAL CLIMATOLOGICAL DATA (WS FORM: F-6)

                                          STATION:   HASTINGS NE
                                          MONTH:     OCTOBER
                                          YEAR:      2019
                                          LATITUDE:   40 35 N
                                          LONGITUDE:  98 26 W

  TEMPERATURE IN F:       :PCPN:    SNOW:  WIND      :SUNSHINE: SKY     :PK WND
================================================================================
1   2   3   4   5  6A  6B    7    8   9   10  11  12  13   14  15   16   17  18
                                     12Z  AVG MX 2MIN
DY MAX MIN AVG DEP HDD CDD  WTR  SNW DPTH SPD SPD DIR MIN PSBL S-S WX    SPD DR
================================================================================

 1  67  50  59   0   6   0 0.38  0.0    0 11.7 18  10   M    M  10        26  10
 2  55  43  49 -10  16   0 0.05  0.0    0 10.1 20 340   M    M  10 1      25 340
 3  64  39  52  -6  13   0 0.00  0.0    0  6.4 13 120   M    M   1        19 120
 4  57  48  53  -5  12   0 0.08  0.0    0 12.7 23 140   M    M  10 1      34 140
 5  67  43  55  -3  10   0 0.03  0.0    0 11.7 29 310   M    M   3 1      41 300
 6  65  43  54  -3  11   0    T  0.0    0  6.6 21 300   M    M   2        30 290
 7  71  40  56  -1   9   0 0.00  0.0    0  9.0 17 190   M    M   0        29 210
 8  74  50  62   6   3   0 0.00  0.0    0 14.1 23 170   M    M   0        38 180
 9  69  50  60   4   5   0 0.09  0.0    0 12.7 25 160   M    M   4 1      37 170
10  50  33  42 -13  23   0 0.13    T    0 21.6 32 340   M    M  10 1      44 340
11  43  28  36 -19  29   0    T    T    M 14.9 28 320   M    M   3        39 310
12  63  25  44 -10  21   0 0.00  0.0    0  7.5 22 290   M    M   0        29 270
13  64  27  46  -8  19   0 0.00  0.0    0  5.2 14 340   M    M   0 8      20 320
14  75  33  54   0  11   0 0.00  0.0    0  7.7 17 190   M    M   0        27 180
15  60  36  48  -5  17   0 0.00  0.0    0 17.6 32 340   M    M   0        46 330
16  60  28  44  -9  21   0 0.00  0.0    0  6.1 13 200   M    M   0        18 190
17  76  39  58   6   7   0 0.00  0.0    0  9.8 16 170   M    M   0        25 170
18  81  50  66  14   0   1 0.41  0.0    0 13.7 25 210   M    M   1 1      39 190
19  67  39  53   2  12   0    T  0.0    0  5.8 12  10   M    M   1 8      16  20
20  64  42  53   2  12   0 0.00  0.0    0 12.2 24 160   M    M   3        35 160
21  49  41  45  -5  20   0    T  0.0    0 23.3 37 310   M    M   7        53 310
22  62  36  49  -1  16   0    T  0.0    0 11.0 26 300   M    M   2        36 300
================================================================================
SM 1403  863       293   1  1.17    T    251.4          M       67
================================================================================
AV 63.8 39.2                              11.4 FASTST   M    M   3    MAX(MPH)
                                 MISC ---->  # 37 310               # 53  310
================================================================================
NOTES:
# LAST OF SEVERAL OCCURRENCES

COLUMN 17 PEAK WIND IN M.P.H.

PRELIMINARY LOCAL CLIMATOLOGICAL DATA (WS FORM: F-6) , PAGE 2

                                          STATION:  HASTINGS NE
                                          MONTH:    OCTOBER
                                          YEAR:     2019
                                          LATITUDE:   40 35 N
                                          LONGITUDE:  98 26 W

[TEMPERATURE DATA]      [PRECIPITATION DATA]       SYMBOLS USED IN COLUMN 16

AVERAGE MONTHLY: 51.5   TOTAL FOR MONTH:   1.17    1 = FOG OR MIST
DPTR FM NORMAL:  -3.1   DPTR FM NORMAL:   -0.36    2 = FOG REDUCING VISIBILITY
HIGHEST:    81 ON 18    GRTST 24HR  0.41 ON 18-18      TO 1/4 MILE OR LESS
LOWEST:     25 ON 12                               3 = THUNDER
                        SNOW, ICE PELLETS, HAIL    4 = ICE PELLETS
                        TOTAL MONTH:    T          5 = HAIL
                        GRTST 24HR    T  ON 11-11  6 = FREEZING RAIN OR DRIZZLE
                        GRTST DEPTH:   0           7 = DUSTSTORM OR SANDSTORM:
                                                       VSBY 1/2 MILE OR LESS
                                                   8 = SMOKE OR HAZE
[NO. OF DAYS WITH]      [WEATHER - DAYS WITH]      9 = BLOWING SNOW
                                                   X = TORNADO
MAX 32 OR BELOW:   0    0.01 INCH OR MORE:   7
MAX 90 OR ABOVE:   0    0.10 INCH OR MORE:   3
MIN 32 OR BELOW:   4    0.50 INCH OR MORE:   0
MIN  0 OR BELOW:   0    1.00 INCH OR MORE:   0

[HDD (BASE 65) ]
TOTAL THIS MO.   293    CLEAR  (SCALE 0-3)  15
DPTR FM NORMAL    52    PTCLDY (SCALE 4-7)   3
TOTAL FM JUL 1   307    CLOUDY (SCALE 8-10)  4
DPTR FM NORMAL   -30

[CDD (BASE 65) ]
TOTAL THIS MO.     1
DPTR FM NORMAL   -10    [PRESSURE DATA]
TOTAL FM JAN 1  1181    HIGHEST SLP M ON M
DPTR FM NORMAL   107    LOWEST  SLP 29.44 ON 18

[REMARKS]
