000
CXUS53 KGID 230730
CF6HSI
PRELIMINARY LOCAL CLIMATOLOGICAL DATA (WS FORM: F-6)

                                          STATION:   HASTINGS NE
                                          MONTH:     SEPTEMBER
                                          YEAR:      2018
                                          LATITUDE:   40 35 N
                                          LONGITUDE:  98 26 W

  TEMPERATURE IN F:       :PCPN:    SNOW:  WIND      :SUNSHINE: SKY     :PK WND
================================================================================
1   2   3   4   5  6A  6B    7    8   9   10  11  12  13   14  15   16   17  18
                                     12Z  AVG MX 2MIN
DY MAX MIN AVG DEP HDD CDD  WTR  SNW DPTH SPD SPD DIR MIN PSBL S-S WX    SPD DR
================================================================================

 1  84  66  75   4   0  10 0.23  0.0    0  9.1 39 290   M    M   1 138    60 300
 2  80  64  72   2   0   7 0.25  0.0    0  7.4 23 180   M    M   5 13     37 170
 3  75  66  71   1   0   6    T  0.0    0  6.1 15 160   M    M   9 12     22 170
 4  82  67  75   5   0  10 2.68  0.0    0  5.4 25 340   M    M   8 13     37 320
 5  72  65  69  -1   0   4 0.07  0.0    0 10.6 20  20   M    M   9 1      28  20
 6  70  58  64  -5   1   0    T  0.0    0  7.6 13  40   M    M  10        18  80
 7  73  61  67  -2   0   2 0.04  0.0    0  9.1 16  50   M    M  10 1      24  60
 8  72  59  66  -3   0   1    T  0.0    0  6.6 14 120   M    M   7 1      19  80
 9  72  59  66  -2   0   1 0.00  0.0    0  7.3 13 180   M    M   6 12     20 210
10  78  59  69   1   0   4 0.00  0.0    0  9.3 16 180   M    M   2        24 160
11  82  59  71   3   0   6 0.00  0.0    0 11.8 22 170   M    M   0        34 170
12  80  60  70   3   0   5 0.00  0.0    0 13.5 24 160   M    M   0        37 160
13  85  69  77  10   0  12 0.00  0.0    0 15.0 24 180   M    M   6        38 170
14  89  68  79  13   0  14 0.00  0.0    0 11.7 20 170   M    M   2        31 160
15  87  67  77  11   0  12 0.00  0.0    0  9.0 18 160   M    M   1        29 240
16  87  66  77  11   0  12 0.00  0.0    0  9.2 20 170   M    M   1        31 180
17  91  67  79  14   0  14 0.00  0.0    0  8.4 15 210   M    M   0        26 210
18  88  68  78  13   0  13 0.00  0.0    0  9.1 22  80   M    M   1        29  90
19  92  68  80  16   0  15 0.00  0.0    0 10.4 21 180   M    M   1        35 160
20  89  61  75  11   0  10 0.30  0.0    0 12.2 25 270   M    M   3 13     36 190
21  66  48  57  -7   8   0 0.00  0.0    0 11.8 25 350   M    M   0        36 350
22  72  45  59  -4   6   0 0.00  0.0    0  9.6 17 160   M    M   0        28 180
================================================================================
SM 1766 1370        15 158  3.57     0.0 210.2          M       82
================================================================================
AV 80.3 62.3                               9.6 FASTST   M    M   4    MAX(MPH)
                                 MISC ---->  # 39 290               # 60  300
================================================================================
NOTES:
# LAST OF SEVERAL OCCURRENCES

COLUMN 17 PEAK WIND IN M.P.H.

PRELIMINARY LOCAL CLIMATOLOGICAL DATA (WS FORM: F-6) , PAGE 2

                                          STATION:  HASTINGS NE
                                          MONTH:    SEPTEMBER
                                          YEAR:     2018
                                          LATITUDE:   40 35 N
                                          LONGITUDE:  98 26 W

[TEMPERATURE DATA]      [PRECIPITATION DATA]       SYMBOLS USED IN COLUMN 16

AVERAGE MONTHLY: 71.3   TOTAL FOR MONTH:   3.57    1 = FOG OR MIST
DPTR FM NORMAL:   4.0   DPTR FM NORMAL:    1.63    2 = FOG REDUCING VISIBILITY
HIGHEST:    92 ON 19    GRTST 24HR  2.68 ON  4- 4      TO 1/4 MILE OR LESS
LOWEST:     45 ON 22                               3 = THUNDER
                        SNOW, ICE PELLETS, HAIL    4 = ICE PELLETS
                        TOTAL MONTH:   0.0 INCH    5 = HAIL
                        GRTST 24HR     0.0         6 = FREEZING RAIN OR DRIZZLE
                        GRTST DEPTH:   0           7 = DUSTSTORM OR SANDSTORM:
                                                       VSBY 1/2 MILE OR LESS
                                                   8 = SMOKE OR HAZE
[NO. OF DAYS WITH]      [WEATHER - DAYS WITH]      9 = BLOWING SNOW
                                                   X = TORNADO
MAX 32 OR BELOW:   0    0.01 INCH OR MORE:   6
MAX 90 OR ABOVE:   2    0.10 INCH OR MORE:   4
MIN 32 OR BELOW:   0    0.50 INCH OR MORE:   1
MIN  0 OR BELOW:   0    1.00 INCH OR MORE:   1

[HDD (BASE 65) ]
TOTAL THIS MO.    15    CLEAR  (SCALE 0-3)  13
DPTR FM NORMAL   -30    PTCLDY (SCALE 4-7)   5
TOTAL FM JUL 1    19    CLOUDY (SCALE 8-10)  4
DPTR FM NORMAL   -32

[CDD (BASE 65) ]
TOTAL THIS MO.   158
DPTR FM NORMAL    63    [PRESSURE DATA]
TOTAL FM JAN 1  1242    HIGHEST SLP M ON M
DPTR FM NORMAL   194    LOWEST  SLP 29.64 ON 20

[REMARKS]
