000
CXUS53 KGID 180730
CF6HSI
PRELIMINARY LOCAL CLIMATOLOGICAL DATA (WS FORM: F-6)

                                          STATION:   HASTINGS NE
                                          MONTH:     DECEMBER
                                          YEAR:      2018
                                          LATITUDE:   40 35 N
                                          LONGITUDE:  98 26 W

  TEMPERATURE IN F:       :PCPN:    SNOW:  WIND      :SUNSHINE: SKY     :PK WND
================================================================================
1   2   3   4   5  6A  6B    7    8   9   10  11  12  13   14  15   16   17  18
                                     12Z  AVG MX 2MIN
DY MAX MIN AVG DEP HDD CDD  WTR  SNW DPTH SPD SPD DIR MIN PSBL S-S WX    SPD DR
================================================================================

 1  37  32  35   3  30   0 1.29  1.9    0 23.6 32 360   M    M  10 6      44 350
 2  32  22  27  -4  38   0 0.04  0.5    2 19.9 31 340   M    M  10        40 360
 3  23  20  22  -9  43   0    T    T    2 11.2 18 340   M    M  10        23 350
 4  33  23  28  -2  37   0 0.00  0.0    2  8.4 16 260   M    M   7        21 250
 5  38  19  29  -1  36   0 0.00  0.0    2  7.0 18 360   M    M   0        23 360
 6  31  21  26  -4  39   0    T    T    1  8.3 25  10   M    M   7        34  10
 7  33  17  25  -4  40   0 0.00  0.0    1  4.6 16 210   M    M   2 1      24 210
 8  33  14  24  -5  41   0 0.00  0.0    1  5.8 14 180   M    M   0 18     19 180
 9  37  14  26  -3  39   0 0.00  0.0    1  7.3 12 310   M    M   0        16 310
10  37  13  25  -3  40   0 0.00  0.0    1  7.1 12 210   M    M   0        18 210
11  38  23  31   3  34   0 0.00  0.0    T  8.0 18 320   M    M   0        25 330
12  46  23  35   7  30   0 0.00  0.0    T  8.3 18 200   M    M   0        27 210
13  43  29  36   8  29   0 0.00  0.0    0 18.3 31 350   M    M   3        43 350
14  48  21  35   7  30   0 0.00  0.0    0  4.4 10 330   M    M   0        14 340
15  49  24  37  10  28   0 0.00  0.0    0  7.0 17 210   M    M   0        29 200
16  56  28  42  15  23   0 0.00  0.0    0  4.6 13 330   M    M   0        17 330
17  54  30  42  15  23   0 0.00  0.0    0  8.2 20 210   M    M   0        26 200
================================================================================
SM  668  373       580   0  1.33     2.4 162.0          M       49
================================================================================
AV 39.3 21.9                               9.5 FASTST   M    M   3    MAX(MPH)
                                 MISC ---->  # 32 360               # 44  350
================================================================================
NOTES:
# LAST OF SEVERAL OCCURRENCES

COLUMN 17 PEAK WIND IN M.P.H.

PRELIMINARY LOCAL CLIMATOLOGICAL DATA (WS FORM: F-6) , PAGE 2

                                          STATION:  HASTINGS NE
                                          MONTH:    DECEMBER
                                          YEAR:     2018
                                          LATITUDE:   40 35 N
                                          LONGITUDE:  98 26 W

[TEMPERATURE DATA]      [PRECIPITATION DATA]       SYMBOLS USED IN COLUMN 16

AVERAGE MONTHLY: 30.6   TOTAL FOR MONTH:   1.33    1 = FOG OR MIST
DPTR FM NORMAL:   1.7   DPTR FM NORMAL:    0.89    2 = FOG REDUCING VISIBILITY
HIGHEST:    56 ON 16    GRTST 24HR  1.29 ON  1- 1      TO 1/4 MILE OR LESS
LOWEST:     13 ON 10                               3 = THUNDER
                        SNOW, ICE PELLETS, HAIL    4 = ICE PELLETS
                        TOTAL MONTH:   2.4 INCHES  5 = HAIL
                        GRTST 24HR   1.9 ON  1- 1  6 = FREEZING RAIN OR DRIZZLE
                        GRTST DEPTH:   2 ON  5, 4  7 = DUSTSTORM OR SANDSTORM:
                                                       VSBY 1/2 MILE OR LESS
                                                   8 = SMOKE OR HAZE
[NO. OF DAYS WITH]      [WEATHER - DAYS WITH]      9 = BLOWING SNOW
                                                   X = TORNADO
MAX 32 OR BELOW:   3    0.01 INCH OR MORE:   2
MAX 90 OR ABOVE:   0    0.10 INCH OR MORE:   1
MIN 32 OR BELOW:  17    0.50 INCH OR MORE:   1
MIN  0 OR BELOW:   0    1.00 INCH OR MORE:   1

[HDD (BASE 65) ]
TOTAL THIS MO.   580    CLEAR  (SCALE 0-3)  12
DPTR FM NORMAL   -33    PTCLDY (SCALE 4-7)   2
TOTAL FM JUL 1  2009    CLOUDY (SCALE 8-10)  3
DPTR FM NORMAL   115

[CDD (BASE 65) ]
TOTAL THIS MO.     0
DPTR FM NORMAL     0    [PRESSURE DATA]
TOTAL FM JAN 1  1249    HIGHEST SLP M ON M
DPTR FM NORMAL   172    LOWEST  SLP 29.29 ON  1

[REMARKS]
