000
CXUS53 KGID 230730
CF6HSI
PRELIMINARY LOCAL CLIMATOLOGICAL DATA (WS FORM: F-6)

                                          STATION:   HASTINGS NE
                                          MONTH:     JUNE
                                          YEAR:      2018
                                          LATITUDE:   40 35 N
                                          LONGITUDE:  98 26 W

  TEMPERATURE IN F:       :PCPN:    SNOW:  WIND      :SUNSHINE: SKY     :PK WND
================================================================================
1   2   3   4   5  6A  6B    7    8   9   10  11  12  13   14  15   16   17  18
                                     12Z  AVG MX 2MIN
DY MAX MIN AVG DEP HDD CDD  WTR  SNW DPTH SPD SPD DIR MIN PSBL S-S WX    SPD DR
================================================================================

 1  94  62  78  11   0  13 0.76  0.0    0 13.0 32 360   M    M   0 13     46  10
 2  78  60  69   2   0   4 0.24  0.0    0 12.3 28 330   M    M   1 13     38 330
 3  81  56  69   1   0   4 0.00  0.0    0  5.6 12 330   M    M   0        16 330
 4  83  64  74   6   0   9    T  0.0    0 11.2 21 170   M    M   2        32 160
 5  92  61  77   9   0  12 0.00  0.0    0  8.8 15 180   M    M   0        22 220
 6  93  68  81  12   0  16 0.00  0.0    0  8.6 25  70   M    M   0 1      33  70
 7  81  65  73   4   0   8 0.26  0.0    0  8.7 24 130   M    M   3 13     36 120
 8  89  65  77   7   0  12 0.00  0.0    0  8.6 16 160   M    M   0 1      26 130
 9  92  62  77   7   0  12 0.30  0.0    0 11.5 40 340   M    M   0 138    62 330
10  98  73  86  16   0  21 0.00  0.0    0 12.2 22 170   M    M   0        34 160
11  86  64  75   4   0  10 0.00  0.0    0 11.4 22 350   M    M   0        29 160
12  87  60  74   3   0   9 0.00  0.0    0  6.5 17  20   M    M   0 1      23  20
13  81  61  71   0   0   6 0.00  0.0    0 12.8 22 150   M    M   1        34 150
14 100  68  84  12   0  19 0.00  0.0    0 13.0 21 180   M    M   0        35 200
15 100  77  89  17   0  24    T  0.0    0 14.9 25 190   M    M   0        39 200
16  97  76  87  15   0  22 0.00  0.0    0 15.4 23 170   M    M   0        37 190
17  94  70  82  10   0  17 0.24  0.0    0 11.1 24 170   M    M   2 1      36 160
18  95  71  83  10   0  18 0.05  0.0    0  8.2 22 170   M    M   2 3      36 180
19  83  65  74   1   0   9 0.42  0.0    0 10.3 22 120   M    M   6 13     34 140
20  71  59  65  -8   0   0 0.84  0.0    0 10.2 29 340   M    M   7 13     38 340
21  77  59  68  -6   0   3 0.01  0.0    0 15.5 33 340   M    M   5        45 330
22  71  58  65  -9   0   0 0.00  0.0    0  7.3 14  70   M    M   5 3      19  30
================================================================================
SM 1923 1424         0 248  3.12     0.0 237.1          M       34
================================================================================
AV 87.4 64.7                              10.8 FASTST   M    M   2    MAX(MPH)
                                 MISC ---->  # 40 340               # 62  330
================================================================================
NOTES:
# LAST OF SEVERAL OCCURRENCES

COLUMN 17 PEAK WIND IN M.P.H.

PRELIMINARY LOCAL CLIMATOLOGICAL DATA (WS FORM: F-6) , PAGE 2

                                          STATION:  HASTINGS NE
                                          MONTH:    JUNE
                                          YEAR:     2018
                                          LATITUDE:   40 35 N
                                          LONGITUDE:  98 26 W

[TEMPERATURE DATA]      [PRECIPITATION DATA]       SYMBOLS USED IN COLUMN 16

AVERAGE MONTHLY: 76.1   TOTAL FOR MONTH:   3.12    1 = FOG OR MIST
DPTR FM NORMAL:   5.4   DPTR FM NORMAL:    0.21    2 = FOG REDUCING VISIBILITY
HIGHEST:   100 ON 15,14 GRTST 24HR  0.84 ON 20-20      TO 1/4 MILE OR LESS
LOWEST:     56 ON  3                               3 = THUNDER
                        SNOW, ICE PELLETS, HAIL    4 = ICE PELLETS
                        TOTAL MONTH:   0.0 INCH    5 = HAIL
                        GRTST 24HR     0.0         6 = FREEZING RAIN OR DRIZZLE
                        GRTST DEPTH:   0           7 = DUSTSTORM OR SANDSTORM:
                                                       VSBY 1/2 MILE OR LESS
                                                   8 = SMOKE OR HAZE
[NO. OF DAYS WITH]      [WEATHER - DAYS WITH]      9 = BLOWING SNOW
                                                   X = TORNADO
MAX 32 OR BELOW:   0    0.01 INCH OR MORE:   9
MAX 90 OR ABOVE:  10    0.10 INCH OR MORE:   7
MIN 32 OR BELOW:   0    0.50 INCH OR MORE:   2
MIN  0 OR BELOW:   0    1.00 INCH OR MORE:   0

[HDD (BASE 65) ]
TOTAL THIS MO.     0    CLEAR  (SCALE 0-3)  18
DPTR FM NORMAL   -19    PTCLDY (SCALE 4-7)   4
TOTAL FM JUL 1  6222    CLOUDY (SCALE 8-10)  0
DPTR FM NORMAL   195

[CDD (BASE 65) ]
TOTAL THIS MO.   248
DPTR FM NORMAL   104    [PRESSURE DATA]
TOTAL FM JAN 1   401    HIGHEST SLP M ON M
DPTR FM NORMAL   198    LOWEST  SLP 29.53 ON 11

[REMARKS]
