000
CXUS54 KHUN 220810
CF6HSV
PRELIMINARY LOCAL CLIMATOLOGICAL DATA (WS FORM: F-6)

                                          STATION:   HUNTSVILLE
                                          MONTH:     OCTOBER
                                          YEAR:      2019
                                          LATITUDE:   34 39 N
                                          LONGITUDE:  86 46 W

  TEMPERATURE IN F:       :PCPN:    SNOW:  WIND      :SUNSHINE: SKY     :PK WND
================================================================================
1   2   3   4   5  6A  6B    7    8   9   10  11  12  13   14  15   16   17  18
                                     12Z  AVG MX 2MIN
DY MAX MIN AVG DEP HDD CDD  WTR  SNW DPTH SPD SPD DIR MIN PSBL S-S WX    SPD DR
================================================================================

 1  99  67  83  15   0  18 0.00  0.0    0  2.3 10 270   M    M   2        18 280
 2 100  69  85  17   0  20 0.00  0.0    0  2.7 12 290   M    M   1        15 290
 3 100  69  85  18   0  20 0.00  0.0    0  3.3 13  10   M    M   0        19  30
 4  95  70  83  16   0  18 0.00  0.0    0 10.0 18  20   M    M   1        24  20
 5  97  62  80  14   0  15 0.06  0.0    0  7.1 28 120   M    M   3 13     34 120
 6  84  69  77  11   0  12 0.00  0.0    0  9.8 17 150   M    M   4        21 140
 7  73  60  67   1   0   2 1.58  0.0    0  8.7 22 290   M    M  10 13     33 290
 8  73  57  65   0   0   0 0.00  0.0    0  5.8 14  30   M    M   7        20  70
 9  84  54  69   4   0   4 0.00  0.0    0  5.7 14 120   M    M   2 1      18 100
10  80  64  72   7   0   7 0.00  0.0    0  8.0 16 140   M    M   7        23 130
11  84  59  72   8   0   7    T  0.0    0  8.3 16 170   M    M   6        22 300
12  68  44  56  -8   9   0    T  0.0    0  8.0 16 360   M    M   5        22 350
13  68  42  55  -9  10   0 0.00  0.0    0  3.0  9 220   M    M   4        12 260
14  74  43  59  -4   6   0 0.00  0.0    0  3.3  8 240   M    M   7 12     14 240
15  74  61  68   5   0   3 0.07  0.0    0  3.9 13 150   M    M  10 1      15 160
16  69  47  58  -5   7   0 0.03  0.0    0  9.0 23 350   M    M   7 1      31 340
17  66  42  54  -8  11   0 0.00  0.0    0  5.2 12 330   M    M   1        15 320
18  69  39  54  -8  11   0 0.00  0.0    0  5.2 13 140   M    M   6        17 110
19  64  53  59  -3   6   0 0.07  0.0    0  7.8 18 120   M    M   8 1      23 120
20  73  56  65   4   0   0 0.00  0.0    0  4.6 10 110   M    M   6 1      12 170
21  72  58  65   4   0   0 0.70  0.0    0  7.4 21 290   M    M   9 1      33 290
================================================================================
SM 1666 1185        60 126  2.51  0.0    129.1          M      106
================================================================================
AV 79.3 56.4                               6.1 FASTST   M    M   5    MAX(MPH)
                                 MISC ---->    28 120                 34 120
================================================================================
NOTES:
# LAST OF SEVERAL OCCURRENCES

COLUMN 17 PEAK WIND IN M.P.H.

PRELIMINARY LOCAL CLIMATOLOGICAL DATA (WS FORM: F-6) , PAGE 2

                                          STATION:   HUNTSVILLE
                                          MONTH:     OCTOBER
                                          YEAR:      2019
                                          LATITUDE:   34 39 N
                                          LONGITUDE:  86 46 W

[TEMPERATURE DATA]      [PRECIPITATION DATA]       SYMBOLS USED IN COLUMN 16

AVERAGE MONTHLY: 67.9   TOTAL FOR MONTH:   2.51    1 = FOG OR MIST
DPTR FM NORMAL:   3.5   DPTR FM NORMAL:    0.16    2 = FOG REDUCING VISIBILITY
HIGHEST:   100 ON  3, 2  GRTST 24HR  1.58 ON  6- 7      TO 1/4 MILE OR LESS
LOWEST:     39 ON 18                               3 = THUNDER
                        SNOW, ICE PELLETS, HAIL    4 = ICE PELLETS
                        TOTAL MONTH:   0.0 INCH    5 = HAIL
                        GRTST 24HR  0.0            6 = FREEZING RAIN OR DRIZZLE
                        GRTST DEPTH:  0            7 = DUSTSTORM OR SANDSTORM:
                                                       VSBY 1/2 MILE OR LESS
                                                   8 = SMOKE OR HAZE
[NO. OF DAYS WITH]      [WEATHER - DAYS WITH]      9 = BLOWING SNOW
                                                   X = TORNADO
MAX 32 OR BELOW:   0    0.01 INCH OR MORE:   6
MAX 90 OR ABOVE:   5    0.10 INCH OR MORE:   2
MIN 32 OR BELOW:   0    0.50 INCH OR MORE:   2
MIN  0 OR BELOW:   0    1.00 INCH OR MORE:   1

[HDD (BASE 65) ]
TOTAL THIS MO.    60    CLEAR  (SCALE 0-3)   7
DPTR FM NORMAL   -11    PTCLDY (SCALE 4-7)  11
TOTAL FM JUL 1    60    CLOUDY (SCALE 8-10)  3
DPTR FM NORMAL   -24

[CDD (BASE 65) ]
TOTAL THIS MO.   126
DPTR FM NORMAL    66    [PRESSURE DATA]
TOTAL FM JAN 1  2391    HIGHEST SLP M ON M
DPTR FM NORMAL   461    LOWEST  SLP 29.77 ON 19

[REMARKS]
