000
CXUS53 KAPX 270631
CF6HTL
PRELIMINARY LOCAL CLIMATOLOGICAL DATA (WS FORM: F-6)

                                          STATION:   HOUGHTON LAKE MI
                                          MONTH:     MAY
                                          YEAR:      2020
                                          LATITUDE:   44 22 N
                                          LONGITUDE:  84 41 W

  TEMPERATURE IN F:       :PCPN:    SNOW:  WIND      :SUNSHINE: SKY     :PK WND
================================================================================
1   2   3   4   5  6A  6B    7    8   9   10  11  12  13   14  15   16   17  18
                                     12Z  AVG MX 2MIN
DY MAX MIN AVG DEP HDD CDD  WTR  SNW DPTH SPD SPD DIR MIN PSBL S-S WX    SPD DR
================================================================================

 1  66  32  49   0  16   0 0.00  0.0    0  4.6 12 240   M    M   0        16 280
 2  73  48  61  12   4   0 0.02  0.0    0  9.6 21 280   M    M   6        30 300
 3  65  37  51   1  14   0 0.00  0.0    0 11.0 22 340   M    M   1        32 360
 4  54  35  45  -5  20   0 0.00  0.0    0  9.8 17 350   M    M   4        25  10
 5  52  30  41  -9  24   0 0.00  0.0    0  6.5 13 110   M    M   0        17  70
 6  61  28  45  -6  20   0 0.00  0.0    0  6.4 17 330   M    M   0        27 320
 7  52  29  41 -10  24   0 0.00  0.0    0 10.4 24 310   M    M   4        37 290
 8  39  26  33 -19  32   0 0.01    T    0 12.5 24 330   M    M   9        39 340
 9  49  27  38 -14  27   0    T    T    0 11.5 25 300   M    M   5        36 290
10  42  32  37 -15  28   0 0.18  1.8    T  7.2 17 320   M    M  10 12     24 360
11  43  27  35 -17  30   0    T    T    0 10.8 22 330   M    M   4 8      30 280
12  49  22  36 -17  29   0 0.00  0.0    0  8.5 23 310   M    M   0        33 290
13  59  22  41 -12  24   0 0.00  0.0    0  5.4 14 160   M    M   2        18 120
14  56  41  49  -4  16   0 0.10  0.0    0  6.7 15 160   M    M  10 1      20 150
15  74  48  61   7   4   0 0.03  0.0    0  5.8 24 310   M    M   6 12     34 320
16  68  41  55   1  10   0 0.00  0.0    0  8.1 16 100   M    M   3 1      22 110
17  57  46  52  -2  13   0 0.44  0.0    0 13.8 26  70   M    M   7 1      39  80
18  53  50  52  -3  13   0 2.98  0.0    0 22.7 33  80   M    M  10 1      49  90
19  63  48  56   1   9   0 0.04  0.0    0 15.6 24  70   M    M   4 1      35 100
20  73  46  60   5   5   0 0.00  0.0    0  9.7 20 120   M    M   1        29 120
21  77  43  60   4   5   0 0.00  0.0    0  6.7 15 110   M    M   0        21 110
22  79  57  68  12   0   3 0.00  0.0    0  5.8  6 110   M    M   0         M  M
23  77  63  70  14   0   5 0.00  0.0    0   M   M   M   M    M   M         M  M
24  80  60  70  14   0   5 0.15  0.0    0   M   M   M   M    M   M         M  M
25  85  57  71  14   0   6    T  0.0    0   M   M   M   M    M   M         M  M
26   M   M   M   M   M   M    M    M    M   M   M   M   M    M   M         M  M
================================================================================
SM 1546  995       367  19  3.95     1.8 209.1          M       86
================================================================================
AV 61.8 39.8                               9.5 FASTST   M    M   4    MAX(MPH)
                                 MISC ---->  # 33  80               # 49   90
================================================================================
NOTES:
# LAST OF SEVERAL OCCURRENCES

COLUMN 17 PEAK WIND IN M.P.H.

PRELIMINARY LOCAL CLIMATOLOGICAL DATA (WS FORM: F-6) , PAGE 2

                                          STATION:  HOUGHTON LAKE MI
                                          MONTH:    MAY
                                          YEAR:     2020
                                          LATITUDE:   44 22 N
                                          LONGITUDE:  84 41 W

[TEMPERATURE DATA]      [PRECIPITATION DATA]       SYMBOLS USED IN COLUMN 16

AVERAGE MONTHLY: 50.8   TOTAL FOR MONTH:   3.95    1 = FOG OR MIST
DPTR FM NORMAL:  -2.3   DPTR FM NORMAL:    1.62    2 = FOG REDUCING VISIBILITY
HIGHEST:    85 ON 25    GRTST 24HR  2.98 ON 18-18      TO 1/4 MILE OR LESS
LOWEST:     22 ON 13,12                            3 = THUNDER
                        SNOW, ICE PELLETS, HAIL    4 = ICE PELLETS
                        TOTAL MONTH:   1.8 INCHES  5 = HAIL
                        GRTST 24HR   1.8 ON 10-10  6 = FREEZING RAIN OR DRIZZLE
                        GRTST DEPTH:   T           7 = DUSTSTORM OR SANDSTORM:
                                                       VSBY 1/2 MILE OR LESS
                                                   8 = SMOKE OR HAZE
[NO. OF DAYS WITH]      [WEATHER - DAYS WITH]      9 = BLOWING SNOW
                                                   X = TORNADO
MAX 32 OR BELOW:   0    0.01 INCH OR MORE:   9
MAX 90 OR ABOVE:   0    0.10 INCH OR MORE:   5
MIN 32 OR BELOW:  10    0.50 INCH OR MORE:   1
MIN  0 OR BELOW:   0    1.00 INCH OR MORE:   1

[HDD (BASE 65) ]
TOTAL THIS MO.   367    CLEAR  (SCALE 0-3)  10
DPTR FM NORMAL    49    PTCLDY (SCALE 4-7)   8
TOTAL FM JUL 1  7565    CLOUDY (SCALE 8-10)  4
DPTR FM NORMAL  -414

[CDD (BASE 65) ]
TOTAL THIS MO.    19
DPTR FM NORMAL    12    [PRESSURE DATA]
TOTAL FM JAN 1    19    HIGHEST SLP M ON M
DPTR FM NORMAL    10    LOWEST  SLP 29.66 ON  2

[REMARKS]
