000
CXUS53 KAPX 230631
CF6HTL
PRELIMINARY LOCAL CLIMATOLOGICAL DATA (WS FORM: F-6)

                                          STATION:   HOUGHTON LAKE MI
                                          MONTH:     JANUARY
                                          YEAR:      2019
                                          LATITUDE:   44 22 N
                                          LONGITUDE:  84 41 W

  TEMPERATURE IN F:       :PCPN:    SNOW:  WIND      :SUNSHINE: SKY     :PK WND
================================================================================
1   2   3   4   5  6A  6B    7    8   9   10  11  12  13   14  15   16   17  18
                                     12Z  AVG MX 2MIN
DY MAX MIN AVG DEP HDD CDD  WTR  SNW DPTH SPD SPD DIR MIN PSBL S-S WX    SPD DR
================================================================================

 1  32   6  19  -1  46   0    T    T    3  7.3 18 310   M    M   8 1      26 320
 2  27   8  18  -2  47   0 0.07  1.0    3  6.9 21 290   M    M  10 1      28 280
 3  32  23  28   9  37   0 0.00  0.0    4 10.9 21 270   M    M   7        29 270
 4  39  23  31  12  34   0 0.00  0.0    4  5.2 14 240   M    M   1 12     23 250
 5  40  17  29  10  36   0 0.00  0.0    3  5.6 18 320   M    M   6 12     28 310
 6  34  23  29  10  36   0 0.00  0.0    3  9.6 18 320   M    M   4        28 320
 7  39  23  31  12  34   0 0.39  0.7    3 14.9 26 110   M    M  10 16     42 100
 8  38  25  32  14  33   0 0.04  0.3    2 10.0 29 290   M    M  10 1      41 300
 9  25  18  22   4  43   0 0.05  2.0    2 14.2 22 290   M    M  10 128    31 320
10  19  13  16  -2  49   0    T    T    4 11.0 22 330   M    M   8        30 310
11  20   4  12  -6  53   0    T    T    4  3.9  8 160   M    M   8        11 160
12  25  18  22   4  43   0    T    T    4  8.1 16  70   M    M  10        21  90
13  25   6  16  -2  49   0    T    T    4  5.1 13  70   M    M   5        18 100
14  29   3  16  -2  49   0 0.00  0.0    3  5.9 14 260   M    M   8 1      20 270
15  30  28  29  11  36   0    T    T    3  9.6 22 250   M    M  10 1      33 240
16  30   7  19   1  46   0 0.01  0.2    4 10.3 24 320   M    M   8 1      36 320
17  22   2  12  -6  53   0 0.01  0.3    4  3.3 10 160   M    M   7 1      16 140
18  24  10  17  -1  48   0    T    T    4 10.1 16 270   M    M   9 1      23 270
19  14  -1   7 -11  58   0 0.05  0.4    4 10.9 17  70   M    M   7 8      23  60
20   4  -9  -2 -20  67   0 0.00  0.0    4  9.7 21 340   M    M   1        30  10
21  15 -15   0 -18  65   0 0.00  0.0    4  3.7  9 190   M    M   0        12 180
22  22   2  12  -6  53   0 0.19  1.0    4  9.9 20 160   M    M   8 18     28 160
================================================================================
SM  585  234      1015   0  0.81     5.9 186.1          M      155
================================================================================
AV 26.6 10.6                               8.5 FASTST   M    M   7    MAX(MPH)
                                 MISC ---->  # 29 290               # 42  100
================================================================================
NOTES:
# LAST OF SEVERAL OCCURRENCES

COLUMN 17 PEAK WIND IN M.P.H.

PRELIMINARY LOCAL CLIMATOLOGICAL DATA (WS FORM: F-6) , PAGE 2

                                          STATION:  HOUGHTON LAKE MI
                                          MONTH:    JANUARY
                                          YEAR:     2019
                                          LATITUDE:   44 22 N
                                          LONGITUDE:  84 41 W

[TEMPERATURE DATA]      [PRECIPITATION DATA]       SYMBOLS USED IN COLUMN 16

AVERAGE MONTHLY: 18.6   TOTAL FOR MONTH:   0.81    1 = FOG OR MIST
DPTR FM NORMAL:   0.2   DPTR FM NORMAL:   -0.31    2 = FOG REDUCING VISIBILITY
HIGHEST:    40 ON  5    GRTST 24HR  0.75 ON 31- 1      TO 1/4 MILE OR LESS
LOWEST:    -15 ON 21                               3 = THUNDER
                        SNOW, ICE PELLETS, HAIL    4 = ICE PELLETS
                        TOTAL MONTH:   5.9 INCHES  5 = HAIL
                        GRTST 24HR   2.0 ON  9- 9  6 = FREEZING RAIN OR DRIZZLE
                        GRTST DEPTH:   4 ON 22,21  7 = DUSTSTORM OR SANDSTORM:
                                                       VSBY 1/2 MILE OR LESS
                                                   8 = SMOKE OR HAZE
[NO. OF DAYS WITH]      [WEATHER - DAYS WITH]      9 = BLOWING SNOW
                                                   X = TORNADO
MAX 32 OR BELOW:  17    0.01 INCH OR MORE:   8
MAX 90 OR ABOVE:   0    0.10 INCH OR MORE:   2
MIN 32 OR BELOW:  22    0.50 INCH OR MORE:   0
MIN  0 OR BELOW:   3    1.00 INCH OR MORE:   0

[HDD (BASE 65) ]
TOTAL THIS MO.  1015    CLEAR  (SCALE 0-3)   3
DPTR FM NORMAL   -12    PTCLDY (SCALE 4-7)  12
TOTAL FM JUL 1  4008    CLOUDY (SCALE 8-10)  7
DPTR FM NORMAL  -176

[CDD (BASE 65) ]
TOTAL THIS MO.     0
DPTR FM NORMAL     0    [PRESSURE DATA]
TOTAL FM JAN 1     0    HIGHEST SLP M ON M
DPTR FM NORMAL     0    LOWEST  SLP 29.55 ON  8

[REMARKS]
