000
CXUS53 KAPX 190631
CF6HTL
PRELIMINARY LOCAL CLIMATOLOGICAL DATA (WS FORM: F-6)

                                          STATION:   HOUGHTON LAKE MI
                                          MONTH:     OCTOBER
                                          YEAR:      2019
                                          LATITUDE:   44 22 N
                                          LONGITUDE:  84 41 W

  TEMPERATURE IN F:       :PCPN:    SNOW:  WIND      :SUNSHINE: SKY     :PK WND
================================================================================
1   2   3   4   5  6A  6B    7    8   9   10  11  12  13   14  15   16   17  18
                                     12Z  AVG MX 2MIN
DY MAX MIN AVG DEP HDD CDD  WTR  SNW DPTH SPD SPD DIR MIN PSBL S-S WX    SPD DR
================================================================================

 1  72  56  64  13   1   0 0.31  0.0    0  5.9 15 350   M    M   6 1      20 350
 2  56  47  52   1  13   0 0.48  0.0    0 10.1 18  60   M    M   9 1      25  60
 3  58  47  53   3  12   0 0.22  0.0    0 10.5 21 290   M    M  10 18     35 270
 4  51  33  42  -8  23   0 0.01  0.0    0  5.9 15 350   M    M   6 1      23 360
 5  55  33  44  -6  21   0 0.02  0.0    0  8.3 18 150   M    M   6 1      27 140
 6  63  51  57   8   8   0 0.02  0.0    0 12.5 22 270   M    M   4 1      35 250
 7  63  36  50   1  15   0 0.00  0.0    0  9.0 23 280   M    M   0        33 280
 8  63  31  47  -2  18   0 0.00  0.0    0  4.4 13 180   M    M   0        18 170
 9  67  35  51   3  14   0 0.00  0.0    0  6.3 14 110   M    M   0 12     20 160
10  68  37  53   5  12   0 0.00  0.0    0  7.3 15 130   M    M   1 12     24 130
11  65  43  54   6  11   0 0.92  0.0    0 12.7 23 270   M    M   7 1      35 250
12  48  38  43  -4  22   0 0.01  0.0    0 13.8 23 190   M    M   9        34 190
13  42  37  40  -7  25   0 0.11    T    T 11.7 20 270   M    M   8 1      30 200
14  48  37  43  -3  22   0    T  0.0    0 10.4 18 250   M    M   3        28 280
15  48  28  38  -8  27   0 0.27    M    0  6.1 18 110   M    M   5 13     28 120
16  48  41  45  -1  20   0 0.03    M    0 13.1 24 340   M    M  10 1      36 320
17  49  34  42  -3  23   0    T    M    0  9.4 21 300   M    M   9        32 330
18  53  26  40  -5  25   0 0.00  0.0    0  3.8  9 140   M    M   0 1      14 130
================================================================================
SM 1017  690       312   0  2.40    T    161.2          M       93
================================================================================
AV 56.5 38.3                               9.0 FASTST   M    M   5    MAX(MPH)
                                 MISC ---->  # 24 340               # 36  320
================================================================================
NOTES:
# LAST OF SEVERAL OCCURRENCES

COLUMN 17 PEAK WIND IN M.P.H.

PRELIMINARY LOCAL CLIMATOLOGICAL DATA (WS FORM: F-6) , PAGE 2

                                          STATION:  HOUGHTON LAKE MI
                                          MONTH:    OCTOBER
                                          YEAR:     2019
                                          LATITUDE:   44 22 N
                                          LONGITUDE:  84 41 W

[TEMPERATURE DATA]      [PRECIPITATION DATA]       SYMBOLS USED IN COLUMN 16

AVERAGE MONTHLY: 47.4   TOTAL FOR MONTH:   2.40    1 = FOG OR MIST
DPTR FM NORMAL:  -0.6   DPTR FM NORMAL:    0.86    2 = FOG REDUCING VISIBILITY
HIGHEST:    72 ON  1    GRTST 24HR  0.92 ON 11-11      TO 1/4 MILE OR LESS
LOWEST:     26 ON 18                               3 = THUNDER
                        SNOW, ICE PELLETS, HAIL    4 = ICE PELLETS
                        TOTAL MONTH:    T          5 = HAIL
                        GRTST 24HR    T  ON 13-13  6 = FREEZING RAIN OR DRIZZLE
                        GRTST DEPTH:   T           7 = DUSTSTORM OR SANDSTORM:
                                                       VSBY 1/2 MILE OR LESS
                                                   8 = SMOKE OR HAZE
[NO. OF DAYS WITH]      [WEATHER - DAYS WITH]      9 = BLOWING SNOW
                                                   X = TORNADO
MAX 32 OR BELOW:   0    0.01 INCH OR MORE:  11
MAX 90 OR ABOVE:   0    0.10 INCH OR MORE:   6
MIN 32 OR BELOW:   3    0.50 INCH OR MORE:   1
MIN  0 OR BELOW:   0    1.00 INCH OR MORE:   0

[HDD (BASE 65) ]
TOTAL THIS MO.   312    CLEAR  (SCALE 0-3)   6
DPTR FM NORMAL     5    PTCLDY (SCALE 4-7)   7
TOTAL FM JUL 1   552    CLOUDY (SCALE 8-10)  5
DPTR FM NORMAL  -136

[CDD (BASE 65) ]
TOTAL THIS MO.     0
DPTR FM NORMAL     0    [PRESSURE DATA]
TOTAL FM JAN 1   276    HIGHEST SLP M ON M
DPTR FM NORMAL    -9    LOWEST  SLP 29.48 ON 16

[REMARKS]
