458
CXUS51 KRLX 251133
CF6HTS
PRELIMINARY LOCAL CLIMATOLOGICAL DATA (WS FORM: F-6)

                                          STATION:   HUNTINGTON WV
                                          MONTH:     MAY
                                          YEAR:      2018
                                          LATITUDE:   38 22 N
                                          LONGITUDE:  82 33 W

  TEMPERATURE IN F:       :PCPN:    SNOW:  WIND      :SUNSHINE: SKY     :PK WND
================================================================================
1   2   3   4   5  6A  6B    7    8   9   10  11  12  13   14  15   16   17  18
                                     12Z  AVG MX 2MIN
DY MAX MIN AVG DEP HDD CDD  WTR  SNW DPTH SPD SPD DIR MIN PSBL S-S WX    SPD DR
================================================================================

 1  84  38  61   1   4   0 0.00  0.0    0  5.0 13 210   M    M   0 8      20 180
 2  87  50  69   8   0   4 0.00  0.0    0  6.2 17 240   M    M   1        25 220
 3  87  65  76  15   0  11 0.00  0.0    0  7.3 17 250   M    M   1        27 220
 4  79  64  72  11   0   7 0.06  0.0    0  7.7 20 240   M    M   6 1      29 210
 5  68  59  64   3   1   0 0.76  0.0    0  3.4 15  50   M    M  10 12     20  50
 6  73  58  66   4   0   1 1.18  0.0    0  4.8 13 320   M    M   7 12     18  10
 7  77  56  67   5   0   2 0.00  0.0    0  4.4 12 360   M    M   3 3      16  40
 8  80  51  66   4   0   1 0.00  0.0    0  2.5  7 300   0    0   0         M  M
 9  84  53  69   7   0   4 0.13  0.0    0  5.8 15 180   M    M   2        22 240
10  83  60  72  10   0   7 0.04  0.0    0  7.3 17 310   M    M   3 3      27 260
11  87  56  72   9   0   7 0.00  0.0    0  5.2 16 240   M    M   2 1      22 240
12  88  67  78  15   0  13 0.00  0.0    0  7.4 17 250   M    M   1        24 250
13  88  64  76  13   0  11 0.00  0.0    0  6.4 17 220   M    M   1        24 220
14  89  64  77  14   0  12 0.00  0.0    0  3.9  9 200   M    M   1        13 200
15  91  65  78  14   0  13 0.81  0.0    M  5.7 18  90   M    M   2 138    29  80
16  78  65  72   8   0   7    T  0.0    0  2.4  8 100   M    M   6 123    10  90
17  82  65  74  10   0   9    T  0.0    0  4.6 13  70   M    M   6 12     18  80
18  79  66  73   9   0   8 0.05  0.0    0  7.0 13  80   M    M   7        16  70
19  82  67  75  10   0  10 0.24  0.0    0  6.0 18 270   M    M   4 138    29 270
20  87  65  76  11   0  11 0.00  0.0    0  4.2 10 250   M    M   1 1      15 250
21  88  63  76  11   0  11 0.08  0.0    0  2.7 21 160   M    M   4 1238   31 160
22  83  66  75  10   0  10 0.04  0.0    0  5.6 17 330   M    M   4 1238   21 330
23  80  62  71   5   0   6 0.00  0.0    M  5.9 13  20   M    M   4 12     16 350
24  84  55  70   4   0   5 0.00  0.0    0  2.8 12  10   M    M   2 12     14  20
================================================================================
SM 1988 1444         5 170  3.39     0.0 124.2            0     78
================================================================================
AV 82.8 60.2                               5.2 FASTST    0   0   3    MAX(MPH)
                                 MISC ---->  # 21 160               # 31  160
================================================================================
NOTES:
# LAST OF SEVERAL OCCURRENCES

COLUMN 17 PEAK WIND IN M.P.H.

PRELIMINARY LOCAL CLIMATOLOGICAL DATA (WS FORM: F-6) , PAGE 2

                                          STATION:  HUNTINGTON WV
                                          MONTH:    MAY
                                          YEAR:     2018
                                          LATITUDE:   38 22 N
                                          LONGITUDE:  82 33 W

[TEMPERATURE DATA]      [PRECIPITATION DATA]       SYMBOLS USED IN COLUMN 16

AVERAGE MONTHLY: 71.5   TOTAL FOR MONTH:   3.39    1 = FOG OR MIST
DPTR FM NORMAL:   8.4   DPTR FM NORMAL:   -0.18    2 = FOG REDUCING VISIBILITY
HIGHEST:    91 ON 15    GRTST 24HR  1.18 ON  6- 6      TO 1/4 MILE OR LESS
LOWEST:     38 ON  1                               3 = THUNDER
                        SNOW, ICE PELLETS, HAIL    4 = ICE PELLETS
                        TOTAL MONTH:   0.0 INCH    5 = HAIL
                        GRTST 24HR     0.0         6 = FREEZING RAIN OR DRIZZLE
                        GRTST DEPTH:   0           7 = DUSTSTORM OR SANDSTORM:
                                                       VSBY 1/2 MILE OR LESS
                                                   8 = SMOKE OR HAZE
[NO. OF DAYS WITH]      [WEATHER - DAYS WITH]      9 = BLOWING SNOW
                                                   X = TORNADO
MAX 32 OR BELOW:   0    0.01 INCH OR MORE:  10
MAX 90 OR ABOVE:   1    0.10 INCH OR MORE:   5
MIN 32 OR BELOW:   0    0.50 INCH OR MORE:   3
MIN  0 OR BELOW:   0    1.00 INCH OR MORE:   1

[HDD (BASE 65) ]
TOTAL THIS MO.     5    CLEAR  (SCALE 0-3)  14
DPTR FM NORMAL   -95    PTCLDY (SCALE 4-7)   9
TOTAL FM JUL 1  4370    CLOUDY (SCALE 8-10)  1
DPTR FM NORMAL  -118

[CDD (BASE 65) ]
TOTAL THIS MO.   170
DPTR FM NORMAL   118    [PRESSURE DATA]
TOTAL FM JAN 1   198    HIGHEST SLP  0.00 ON  8
DPTR FM NORMAL   114    LOWEST  SLP 29.83 ON 15

[REMARKS]
