000
CXUS51 KRLX 201131
CF6HTS
PRELIMINARY LOCAL CLIMATOLOGICAL DATA (WS FORM: F-6)

                                          STATION:   HUNTINGTON WV
                                          MONTH:     AUGUST
                                          YEAR:      2018
                                          LATITUDE:   38 22 N
                                          LONGITUDE:  82 33 W

  TEMPERATURE IN F:       :PCPN:    SNOW:  WIND      :SUNSHINE: SKY     :PK WND
================================================================================
1   2   3   4   5  6A  6B    7    8   9   10  11  12  13   14  15   16   17  18
                                     12Z  AVG MX 2MIN
DY MAX MIN AVG DEP HDD CDD  WTR  SNW DPTH SPD SPD DIR MIN PSBL S-S WX    SPD DR
================================================================================

 1  73  68  71  -5   0   6 0.50  0.0    0  3.1 12 270   M    M   6 13     16 280
 2  81  68  75  -1   0  10 0.00  0.0    0  1.2  7 190   M    M   7 1       9 180
 3  88  69  79   3   0  14    T  0.0    0  1.4  7 310   M    M   6 1       9  50
 4  88  65  77   1   0  12    T  0.0    0  2.7 12 290   M    M   1 13     16 300
 5  91  67  79   3   0  14 0.00  0.0    0  2.1  8 240   M    M   1 1      12 330
 6  87  70  79   3   0  14 0.43  0.0    0  3.7 20 270   M    M   1 13     29 280
 7  89  70  80   4   0  15 0.44  0.0    0  6.2 24 340   M    M   3 13     34 350
 8  86  69  78   2   0  13    T  0.0    0  5.4 13 250   M    M   4 1      15 260
 9  86  69  78   2   0  13    T  0.0    0  4.5 13 250   M    M   4 1      17 240
10  85  65  75   0   0  10 0.00  0.0    0  2.8  9  60   M    M   4 12     12 350
11  84  65  75   0   0  10 0.78  0.0    0  2.7 23 330   M    M   2 123    30 320
12  86  67  77   2   0  12 0.00  0.0    0  3.9 13 360   M    M   4 128    16 360
13  84  62  73  -2   0   8 0.00  0.0    0  2.6 10 320   M    M   2 1      16 310
14  86  62  74  -1   0   9 0.00  0.0    0  3.5 12 330   M    M   2 1      15 340
15  86  64  75   0   0  10 0.01  0.0    0  2.5 15 220   M    M   1 1      19 240
16  83  67  75   0   0  10 0.23  0.0    0  4.5 14 200   M    M   1 138    21 200
17  83  71  77   2   0  12 1.15  0.0    0  5.0 15 190   M    M   7 13     20 190
18  79  69  74  -1   0   9 0.53  0.0    0  2.4 10 190   M    M   6 13     14 120
19  82  68  75   0   0  10 0.00  0.0    0  1.8  7 350   M    M   6 128    10 340
================================================================================
SM 1607 1275         0 211  4.07     0.0  62.0          M       68
================================================================================
AV 84.6 67.1                               3.3 FASTST   M    M   4    MAX(MPH)
                                 MISC ---->  # 24 340               # 34  350
================================================================================
NOTES:
# LAST OF SEVERAL OCCURRENCES

COLUMN 17 PEAK WIND IN M.P.H.

PRELIMINARY LOCAL CLIMATOLOGICAL DATA (WS FORM: F-6) , PAGE 2

                                          STATION:  HUNTINGTON WV
                                          MONTH:    AUGUST
                                          YEAR:     2018
                                          LATITUDE:   38 22 N
                                          LONGITUDE:  82 33 W

[TEMPERATURE DATA]      [PRECIPITATION DATA]       SYMBOLS USED IN COLUMN 16

AVERAGE MONTHLY: 75.8   TOTAL FOR MONTH:   4.07    1 = FOG OR MIST
DPTR FM NORMAL:   0.4   DPTR FM NORMAL:    1.69    2 = FOG REDUCING VISIBILITY
HIGHEST:    91 ON  5    GRTST 24HR  1.15 ON 17-17      TO 1/4 MILE OR LESS
LOWEST:     62 ON 14,13                            3 = THUNDER
                        SNOW, ICE PELLETS, HAIL    4 = ICE PELLETS
                        TOTAL MONTH:   0.0 INCH    5 = HAIL
                        GRTST 24HR     0.0         6 = FREEZING RAIN OR DRIZZLE
                        GRTST DEPTH:   0           7 = DUSTSTORM OR SANDSTORM:
                                                       VSBY 1/2 MILE OR LESS
                                                   8 = SMOKE OR HAZE
[NO. OF DAYS WITH]      [WEATHER - DAYS WITH]      9 = BLOWING SNOW
                                                   X = TORNADO
MAX 32 OR BELOW:   0    0.01 INCH OR MORE:   8
MAX 90 OR ABOVE:   1    0.10 INCH OR MORE:   7
MIN 32 OR BELOW:   0    0.50 INCH OR MORE:   4
MIN  0 OR BELOW:   0    1.00 INCH OR MORE:   1

[HDD (BASE 65) ]
TOTAL THIS MO.     0    CLEAR  (SCALE 0-3)   9
DPTR FM NORMAL     0    PTCLDY (SCALE 4-7)  10
TOTAL FM JUL 1     0    CLOUDY (SCALE 8-10)  0
DPTR FM NORMAL     0

[CDD (BASE 65) ]
TOTAL THIS MO.   211
DPTR FM NORMAL    12    [PRESSURE DATA]
TOTAL FM JAN 1  1144    HIGHEST SLP M ON M
DPTR FM NORMAL   275    LOWEST  SLP 29.86 ON 18

[REMARKS]
