000
CXUS53 KIND 160730
CF6HUF
PRELIMINARY LOCAL CLIMATOLOGICAL DATA (WS FORM: F-6)

                                          STATION:   TERRE HAUTE IN
                                          MONTH:     DECEMBER
                                          YEAR:      2018
                                          LATITUDE:   39 27 N
                                          LONGITUDE:  87 18 W

  TEMPERATURE IN F:       :PCPN:    SNOW:  WIND      :SUNSHINE: SKY     :PK WND
================================================================================
1   2   3   4   5  6A  6B    7    8   9   10  11  12  13   14  15   16   17  18
                                     12Z  AVG MX 2MIN
DY MAX MIN AVG DEP HDD CDD  WTR  SNW DPTH SPD SPD DIR MIN PSBL S-S WX    SPD DR
================================================================================

 1  61  44  53  17  12   0 0.89    M    M 15.2 25 180   M    M   9 13     36 180
 2  59  41  50  14  15   0 0.00    M    M 15.5 25 250   M    M   6        39 240
 3  41  35  38   2  27   0 0.02    M    M 10.5 15 270   M    M  10 1      28 270
 4  35  30  33  -2  32   0    T    M    M  7.4 14 280   M    M  10 1      18 290
 5  33  27  30  -5  35   0    T    M    M  8.3 16 270   M    M   6 1      24 290
 6  37  24  31  -3  34   0 0.04    M    M  7.6 16 240   M    M   5 1      21 230
 7  35  16  26  -8  39   0 0.00    M    M  3.4 12 350   M    M   0 1      17 340
 8  29  18  24 -10  41   0 0.00    M    M  7.3 14  60   M    M   0        18  60
 9  35  17  26  -7  39   0 0.00    M    M  7.7 14  10   M    M   0        17  10
10  29  16  23 -10  42   0 0.00    M    M  3.1  8 350   M    M   4 128    12 360
11  45  17  31  -2  34   0 0.00    M    M  8.1 16 240   M    M   0 1      21 250
12  51  27  39   7  26   0 0.00    M    M  9.4 23 240   M    M   0        30 250
13  48  26  37   5  28   0 0.26    M    M  5.4 13 140   M    M   9 1      20 140
14  50  44  47  15  18   0 0.39    M    M  6.4 17  30   M    M  10 1      26  40
15  46  38  42  11  23   0 0.14    M    M 11.5 20  40   M    M   7 1      26  50
================================================================================
SM  634  420       445   0  1.74    M    126.8          M       76
================================================================================
AV 42.3 28.0                               8.5 FASTST   M    M   5    MAX(MPH)
                                 MISC ---->  # 25 180               # 39  240
================================================================================
NOTES:
# LAST OF SEVERAL OCCURRENCES

COLUMN 17 PEAK WIND IN M.P.H.

PRELIMINARY LOCAL CLIMATOLOGICAL DATA (WS FORM: F-6) , PAGE 2

                                          STATION:  TERRE HAUTE IN
                                          MONTH:    DECEMBER
                                          YEAR:     2018
                                          LATITUDE:   39 27 N
                                          LONGITUDE:  87 18 W

[TEMPERATURE DATA]      [PRECIPITATION DATA]       SYMBOLS USED IN COLUMN 16

AVERAGE MONTHLY: 35.1   TOTAL FOR MONTH:   1.74    1 = FOG OR MIST
DPTR FM NORMAL:   1.4   DPTR FM NORMAL:    0.48    2 = FOG REDUCING VISIBILITY
HIGHEST:    61 ON  1    GRTST 24HR  0.89 ON  1- 1      TO 1/4 MILE OR LESS
LOWEST:     16 ON 10, 7                            3 = THUNDER
                        SNOW, ICE PELLETS, HAIL    4 = ICE PELLETS
                        TOTAL MONTH:    M          5 = HAIL
                        GRTST 24HR    M  ON   M    6 = FREEZING RAIN OR DRIZZLE
                        GRTST DEPTH:  M  ON   M    7 = DUSTSTORM OR SANDSTORM:
                                                       VSBY 1/2 MILE OR LESS
                                                   8 = SMOKE OR HAZE
[NO. OF DAYS WITH]      [WEATHER - DAYS WITH]      9 = BLOWING SNOW
                                                   X = TORNADO
MAX 32 OR BELOW:   2    0.01 INCH OR MORE:   6
MAX 90 OR ABOVE:   0    0.10 INCH OR MORE:   4
MIN 32 OR BELOW:  10    0.50 INCH OR MORE:   1
MIN  0 OR BELOW:   0    1.00 INCH OR MORE:   0

[HDD (BASE 65) ]
TOTAL THIS MO.   445    CLEAR  (SCALE 0-3)   5
DPTR FM NORMAL   -23    PTCLDY (SCALE 4-7)   5
TOTAL FM JUL 1  1640    CLOUDY (SCALE 8-10)  5
DPTR FM NORMAL    94

[CDD (BASE 65) ]
TOTAL THIS MO.     0
DPTR FM NORMAL     0    [PRESSURE DATA]
TOTAL FM JAN 1  1521    HIGHEST SLP M ON M
DPTR FM NORMAL   528    LOWEST  SLP 29.35 ON  1

[REMARKS]
