000
CXUS53 KIND 190730
CF6HUF
PRELIMINARY LOCAL CLIMATOLOGICAL DATA (WS FORM: F-6)

                                          STATION:   TERRE HAUTE IN
                                          MONTH:     JUNE
                                          YEAR:      2018
                                          LATITUDE:   39 27 N
                                          LONGITUDE:  87 18 W

  TEMPERATURE IN F:       :PCPN:    SNOW:  WIND      :SUNSHINE: SKY     :PK WND
================================================================================
1   2   3   4   5  6A  6B    7    8   9   10  11  12  13   14  15   16   17  18
                                     12Z  AVG MX 2MIN
DY MAX MIN AVG DEP HDD CDD  WTR  SNW DPTH SPD SPD DIR MIN PSBL S-S WX    SPD DR
================================================================================

 1  89  71  80  12   0  15 0.00    M    M  4.2 14 290   M    M   6 13     19 260
 2  88  63  76   7   0  11 0.02    M    M  4.3 12 230   M    M   1 3      15 220
 3  83  62  73   4   0   8    T    M    M 11.8 23 290   M    M   2        32 320
 4  79  53  66  -3   0   1 0.00    M    M  5.2 16 320   M    M   0        24 350
 5  86  55  71   1   0   6 0.00    M    M  8.1 18 260   M    M   0        23 260
 6  84  55  70   0   0   5 0.00    M    M  4.2 10 120   M    M   0        14 360
 7  92  62  77   7   0  12 0.00    M    M  5.3 15 240   M    M   0        19 260
 8  91  68  80   9   0  15 0.00    M    M  4.7 14 210   M    M   0        20 250
 9  87  68  78   7   0  13 0.25    M    M  6.8 21 330   M    M   2 13     28 330
10  81  66  74   3   0   9 1.32    M    M  7.5 33 350   M    M   5 138    49 360
11  79  66  73   1   0   8 0.82    M    M  6.8 16 150   M    M   7 13     23 210
12  79  67  73   1   0   8 0.94    M    M  6.2 16 180   M    M   4 1      21 250
13  89  64  77   5   0  12 0.00    M    M  6.8 18 330   M    M   4 12     25 330
14  84  56  70  -2   0   5 0.00    M    M  2.5 10 140   M    M   0        11 140
15  90  67  79   6   0  14    T    M    M  4.5 10 180   M    M   2        13 180
16  93  69  81   8   0  16 0.00    M    M  4.8 12 200   M    M   0 3      16 210
17  94  72  83  10   0  18 0.00    M    M  5.3 14 210   M    M   1 1      17 220
18  92  74  83  10   0  18 0.00    M    M  7.8 17 240   M    M   0        22 220
================================================================================
SM 1560 1158         0 194  3.35    M    106.8          M       34
================================================================================
AV 86.7 64.3                               5.9 FASTST   M    M   2    MAX(MPH)
                                 MISC ---->  # 33 350               # 49  360
================================================================================
NOTES:
# LAST OF SEVERAL OCCURRENCES

COLUMN 17 PEAK WIND IN M.P.H.

PRELIMINARY LOCAL CLIMATOLOGICAL DATA (WS FORM: F-6) , PAGE 2

                                          STATION:  TERRE HAUTE IN
                                          MONTH:    JUNE
                                          YEAR:     2018
                                          LATITUDE:   39 27 N
                                          LONGITUDE:  87 18 W

[TEMPERATURE DATA]      [PRECIPITATION DATA]       SYMBOLS USED IN COLUMN 16

AVERAGE MONTHLY: 75.5   TOTAL FOR MONTH:   3.35    1 = FOG OR MIST
DPTR FM NORMAL:   4.5   DPTR FM NORMAL:    0.41    2 = FOG REDUCING VISIBILITY
HIGHEST:    94 ON 17    GRTST 24HR  1.32 ON 10-10      TO 1/4 MILE OR LESS
LOWEST:     53 ON  4                               3 = THUNDER
                        SNOW, ICE PELLETS, HAIL    4 = ICE PELLETS
                        TOTAL MONTH:    M          5 = HAIL
                        GRTST 24HR    M  ON   M    6 = FREEZING RAIN OR DRIZZLE
                        GRTST DEPTH:  M  ON   M    7 = DUSTSTORM OR SANDSTORM:
                                                       VSBY 1/2 MILE OR LESS
                                                   8 = SMOKE OR HAZE
[NO. OF DAYS WITH]      [WEATHER - DAYS WITH]      9 = BLOWING SNOW
                                                   X = TORNADO
MAX 32 OR BELOW:   0    0.01 INCH OR MORE:   5
MAX 90 OR ABOVE:   6    0.10 INCH OR MORE:   4
MIN 32 OR BELOW:   0    0.50 INCH OR MORE:   3
MIN  0 OR BELOW:   0    1.00 INCH OR MORE:   1

[HDD (BASE 65) ]
TOTAL THIS MO.     0    CLEAR  (SCALE 0-3)  13
DPTR FM NORMAL   -11    PTCLDY (SCALE 4-7)   5
TOTAL FM JUL 1  5323    CLOUDY (SCALE 8-10)  0
DPTR FM NORMAL   -43

[CDD (BASE 65) ]
TOTAL THIS MO.   194
DPTR FM NORMAL    75    [PRESSURE DATA]
TOTAL FM JAN 1   436    HIGHEST SLP M ON M
DPTR FM NORMAL   231    LOWEST  SLP 29.73 ON 10

[REMARKS]
