000
CXUS51 KCAR 270600
CF6HUL
PRELIMINARY LOCAL CLIMATOLOGICAL DATA (WS FORM: F-6)

                                          STATION:   HOULTON ME
                                          MONTH:     MAY
                                          YEAR:      2020
                                          LATITUDE:   46  7 N
                                          LONGITUDE:  67 48 W

  TEMPERATURE IN F:       :PCPN:    SNOW:  WIND      :SUNSHINE: SKY     :PK WND
================================================================================
1   2   3   4   5  6A  6B    7    8   9   10  11  12  13   14  15   16   17  18
                                     12Z  AVG MX 2MIN
DY MAX MIN AVG DEP HDD CDD  WTR  SNW DPTH SPD SPD DIR MIN PSBL S-S WX    SPD DR
================================================================================

 1  53  40  47   1  18   0 0.43    M    M  8.8 23 150   M    M  10 1      30 150
 2  59  30  45  -1  20   0 0.01    M    M 10.2 24 350   M    M   5 1      33 320
 3  59  29  44  -3  21   0 0.01    M    M  5.0 15 150   M    M   5        23 140
 4  56  36  46  -1  19   0 0.43    M    M  7.2 17 340   M    M  10 1      24 340
 5  46  29  38 -10  27   0 0.01    M    M 10.6 26  20   M    M  10 1      30  20
 6  60  26  43  -5  22   0 0.00    M    M  5.6 16 290   M    M   6        21 310
 7  56  28  42  -6  23   0 0.00    M    M  4.7 16 360   M    M   5        29  10
 8  53  25  39 -10  26   0    T    M    M  8.4 25 250   M    M   5        37 250
 9  34  30  32 -17  33   0 0.27    M    M 12.7 25 340   M    M  10 12     37 350
10  43  29  36 -13  29   0 0.00    M    M 12.8 23 260   M    M   8        32 240
11  58  34  46  -4  19   0 0.02    M    M  7.2 18 280   M    M   3        24 280
12  43  30  37 -13  28   0 0.50    M    M  8.8 18 340   M    M  10 1      25 330
13  52  31  42  -8  23   0 0.00    M    M 11.6 18 310   0    0   0        35 320
14  60  29  45  -6  20   0 0.00    M    M 10.2 21 300   0    0   0        36 350
15  61  29  45  -6  20   0 0.10    M    M  3.1 10 210   M    M   7        15 190
16  62  40  51   0  14   0 0.45    M    M  6.0 14  20   M    M   6 1      19 360
17  69  34  52   0  13   0 0.00    M    M  6.1 18 320   M    M   1        28 350
18  64  30  47  -5  18   0 0.00    M    M  6.4 17  20   M    M   3        22 360
19  65  34  50  -2  15   0 0.00    M    M  6.0 18 360   M    M   1        26  20
20  74  31  53   1  12   0 0.00    M    M  4.2 13 220   M    M   0        16 240
21  83  46  65  12   0   0 0.00    M    M  9.9 22 260   M    M   0        30 290
22  80  41  61   8   4   0 0.00    M    M  9.5 22 300   M    M   1        30 280
23  62  35  49  -4  16   0 0.00    M    M  6.2 17 360   M    M   0        22  40
24  70  37  54   0  11   0 0.00    M    M  7.6 17 220   M    M   0        21 220
25  73  40  57   3   8   0 0.00    M    M 10.3 18 230   M    M   1        26 190
26  84  58  71  17   0   6 0.00    M    M  8.8 15 220   M    M   4        24 230
================================================================================
SM 1579  881       459   6  2.23    M    207.9            0    111
================================================================================
AV 60.7 33.9                               8.0 FASTST    0   0   4    MAX(MPH)
                                 MISC ---->  # 26  20               # 37  250
================================================================================
NOTES:
# LAST OF SEVERAL OCCURRENCES

COLUMN 17 PEAK WIND IN M.P.H.

PRELIMINARY LOCAL CLIMATOLOGICAL DATA (WS FORM: F-6) , PAGE 2

                                          STATION:  HOULTON ME
                                          MONTH:    MAY
                                          YEAR:     2020
                                          LATITUDE:   46  7 N
                                          LONGITUDE:  67 48 W

[TEMPERATURE DATA]      [PRECIPITATION DATA]       SYMBOLS USED IN COLUMN 16

AVERAGE MONTHLY: 47.3   TOTAL FOR MONTH:   2.23    1 = FOG OR MIST
DPTR FM NORMAL:  -3.0   DPTR FM NORMAL:   -0.53    2 = FOG REDUCING VISIBILITY
HIGHEST:    84 ON 26    GRTST 24HR  0.50 ON 12-12      TO 1/4 MILE OR LESS
LOWEST:     25 ON  8                               3 = THUNDER
                        SNOW, ICE PELLETS, HAIL    4 = ICE PELLETS
                        TOTAL MONTH:    M          5 = HAIL
                        GRTST 24HR    M  ON   M    6 = FREEZING RAIN OR DRIZZLE
                        GRTST DEPTH:  M  ON   M    7 = DUSTSTORM OR SANDSTORM:
                                                       VSBY 1/2 MILE OR LESS
                                                   8 = SMOKE OR HAZE
[NO. OF DAYS WITH]      [WEATHER - DAYS WITH]      9 = BLOWING SNOW
                                                   X = TORNADO
MAX 32 OR BELOW:   0    0.01 INCH OR MORE:  10
MAX 90 OR ABOVE:   0    0.10 INCH OR MORE:   6
MIN 32 OR BELOW:  14    0.50 INCH OR MORE:   1
MIN  0 OR BELOW:   0    1.00 INCH OR MORE:   0

[HDD (BASE 65) ]
TOTAL THIS MO.   459    CLEAR  (SCALE 0-3)  12
DPTR FM NORMAL    76    PTCLDY (SCALE 4-7)   9
TOTAL FM JUL 1  8766    CLOUDY (SCALE 8-10)  5
DPTR FM NORMAL  -190

[CDD (BASE 65) ]
TOTAL THIS MO.     6
DPTR FM NORMAL     6    [PRESSURE DATA]
TOTAL FM JAN 1     6    HIGHEST SLP  0.00 ON M
DPTR FM NORMAL     6    LOWEST  SLP 29.25 ON  9

[REMARKS]
