000
CXUS51 KCAR 210600
CF6HUL
PRELIMINARY LOCAL CLIMATOLOGICAL DATA (WS FORM: F-6)

                                          STATION:   HOULTON ME
                                          MONTH:     FEBRUARY
                                          YEAR:      2019
                                          LATITUDE:   46  7 N
                                          LONGITUDE:  67 48 W

  TEMPERATURE IN F:       :PCPN:    SNOW:  WIND      :SUNSHINE: SKY     :PK WND
================================================================================
1   2   3   4   5  6A  6B    7    8   9   10  11  12  13   14  15   16   17  18
                                     12Z  AVG MX 2MIN
DY MAX MIN AVG DEP HDD CDD  WTR  SNW DPTH SPD SPD DIR MIN PSBL S-S WX    SPD DR
================================================================================

 1  11  -8   2 -10  63   0 0.00    M    M 11.0 20 270   M    M   2 8      28 260
 2  11   1   6  -6  59   0    T    M    M  8.4 17 260   M    M   5 8      24 260
 3  21 -13   4  -8  61   0 0.00    M    M  3.1  9 160   M    M   3        14 180
 4  34  18  26  14  39   0    T    M    M  5.8 12 210   M    M  10 1268   16 210
 5  48  21  35  23  30   0 0.05    M    M  9.0 22 360   M    M   9 18     28 360
 6  22  13  18   5  47   0    T    M    M  8.3 21 360   M    M   6 8      26 360
 7  27  20  24  11  41   0 0.11    M    M  4.4 12 120   M    M  10 128    16 110
 8  35  23  29  16  36   0 0.06    M    M  8.5 30 270   M    M   9 168    43 260
 9  24   9  17   4  48   0    T    M    M 17.4 30 300   M    M   6 8      44 280
10  20   6  13  -1  52   0 0.00    M    M 10.0 20 290   M    M   0        30 300
11  15  -5   5  -9  60   0 0.00    M    M 10.9 24 320   M    M   0        33 290
12  17  -4   7  -7  58   0    T    M    M  6.2 14 350   M    M   1 8      17 360
13  21   0  11  -3  54   0 0.71    M    M  7.9 24  70   M    M   8 128    42  80
14  23   4  14  -1  51   0 0.01    M    M  4.6 15 300   M    M   8 18     21 310
15  37   2  20   5  45   0 0.27    M    M  7.0 18 140   M    M   8 128    27 130
16  37  17  27  12  38   0 0.02    M    M  9.3 15 290   M    M   5 1      25 300
17  17  10  14  -2  51   0 0.00    M    M  8.2 14 290   M    M   0        22 290
18   M   M   M   M   M   M    M    M    M   M   M   M   0    0   0         0   0
19   M   M   M   M   M   M    M    M    M   M   M   M   0    0   0         0   0
20  19 -14   3 -14  62   0 0.00    M    M  5.8 18 320   M    M   0        22 280
================================================================================
SM  439  100       895   0  1.23    M    145.8            0     90
================================================================================
AV 24.4  5.6                               8.1 FASTST    0   0   5    MAX(MPH)
                                 MISC ---->  # 30 270               # 44  280
================================================================================
NOTES:
# LAST OF SEVERAL OCCURRENCES

COLUMN 17 PEAK WIND IN M.P.H.

PRELIMINARY LOCAL CLIMATOLOGICAL DATA (WS FORM: F-6) , PAGE 2

                                          STATION:  HOULTON ME
                                          MONTH:    FEBRUARY
                                          YEAR:     2019
                                          LATITUDE:   46  7 N
                                          LONGITUDE:  67 48 W

[TEMPERATURE DATA]      [PRECIPITATION DATA]       SYMBOLS USED IN COLUMN 16

AVERAGE MONTHLY: 15.0   TOTAL FOR MONTH:   1.23    1 = FOG OR MIST
DPTR FM NORMAL:   1.1   DPTR FM NORMAL:   -0.18    2 = FOG REDUCING VISIBILITY
HIGHEST:    48 ON  5    GRTST 24HR  0.71 ON 13-13      TO 1/4 MILE OR LESS
LOWEST:    -14 ON 20                               3 = THUNDER
                        SNOW, ICE PELLETS, HAIL    4 = ICE PELLETS
                        TOTAL MONTH:    M          5 = HAIL
                        GRTST 24HR    M  ON   M    6 = FREEZING RAIN OR DRIZZLE
                        GRTST DEPTH:  M  ON   M    7 = DUSTSTORM OR SANDSTORM:
                                                       VSBY 1/2 MILE OR LESS
                                                   8 = SMOKE OR HAZE
[NO. OF DAYS WITH]      [WEATHER - DAYS WITH]      9 = BLOWING SNOW
                                                   X = TORNADO
MAX 32 OR BELOW:  13    0.01 INCH OR MORE:   7
MAX 90 OR ABOVE:   0    0.10 INCH OR MORE:   3
MIN 32 OR BELOW:  18    0.50 INCH OR MORE:   1
MIN  0 OR BELOW:   6    1.00 INCH OR MORE:   0

[HDD (BASE 65) ]
TOTAL THIS MO.   895    CLEAR  (SCALE 0-3)   8
DPTR FM NORMAL  -127    PTCLDY (SCALE 4-7)   7
TOTAL FM JUL 1  6302    CLOUDY (SCALE 8-10)  5
DPTR FM NORMAL   105

[CDD (BASE 65) ]
TOTAL THIS MO.     0
DPTR FM NORMAL     0    [PRESSURE DATA]
TOTAL FM JAN 1     0    HIGHEST SLP  0.00 ON M
DPTR FM NORMAL     0    LOWEST  SLP 29.46 ON  8

[REMARKS]
