000
CXUS51 KCAR 231459
CF6HUL
PRELIMINARY LOCAL CLIMATOLOGICAL DATA (WS FORM: F-6)

                                          STATION:   HOULTON ME
                                          MONTH:     OCTOBER
                                          YEAR:      2018
                                          LATITUDE:   46  7 N
                                          LONGITUDE:  67 48 W

  TEMPERATURE IN F:       :PCPN:    SNOW:  WIND      :SUNSHINE: SKY     :PK WND
================================================================================
1   2   3   4   5  6A  6B    7    8   9   10  11  12  13   14  15   16   17  18
                                     12Z  AVG MX 2MIN
DY MAX MIN AVG DEP HDD CDD  WTR  SNW DPTH SPD SPD DIR MIN PSBL S-S WX    SPD DR
================================================================================

 1  58  31  45  -4  20   0 0.00    M    M  3.1 12 360   M    M   4        15  10
 2  51  31  41  -7  24   0 0.23    M    M  4.4 14 130   M    M   8 1      19 120
 3  56  46  51   3  14   0    T    M    M  5.6 12 360   M    M  10 1      15 350
 4  59  48  54   6  11   0    T    M    M  9.5 22 340   M    M  10 1      28 200
 5  53  32  43  -4  22   0 0.00    M    M  5.4 17  10   M    M   1        22 360
 6  55  32  44  -3  21   0    T    M    M  3.8 13 190   M    M   5        19 200
 7  50  33  42  -4  23   0    T    M    M  7.1 18  10   M    M  10        24  10
 8  52  26  39  -7  26   0 0.07    M    M  2.4 12  20   M    M   3 1      15  30
 9  70  45  58  12   7   0    T    M    M  7.9 16 220   M    M   7 1      21 220
10  66  43  55  10  10   0 0.49    M    M  7.5 16 360   M    M  10 1      21 360
11  43  38  41  -4  24   0 0.89    M    M  7.4 15  90   M    M   9 1      22  90
12  53  39  46   1  19   0 0.09    M    M  4.8 15 290   M    M   8 12     22 280
13  44  31  38  -6  27   0    T    M    M  6.0 15 280   M    M   8        22 290
14  50  27  39  -5  26   0 0.00    M    M  6.9 21 280   M    M   1        29 270
15  56  27  42  -2  23   0 0.21    M    M  7.9 17 190   M    M   6 1      27 190
16  56  30  43   0  22   0 0.01    M    M 13.8 23 250   M    M   4 1      43 270
17  47  30  39  -4  26   0 0.09    M    M  6.6 16 270   M    M   7 1      26 290
18  39  26  33 -10  32   0    T    M    M 11.9 25 320   M    M   4        42 310
19  43  20  32 -10  33   0 0.00    M    M  5.8 10 180   M    M   4        18 180
20  60  29  45   3  20   0    T    M    M  7.7 22 220   M    M   5        34 230
21  45  27  36  -6  29   0    T    M    M  7.8 20 290   M    M   5        26 320
22  42  20  31 -10  34   0 0.00    M    M  7.6 20 270   M    M   3        24 280
================================================================================
SM 1148  711       493   0  2.08    M    150.9          M      132
================================================================================
AV 52.2 32.3                               6.9 FASTST   M    M   6    MAX(MPH)
                                 MISC ---->  # 25 320               # 43  270
================================================================================
NOTES:
# LAST OF SEVERAL OCCURRENCES

COLUMN 17 PEAK WIND IN M.P.H.

PRELIMINARY LOCAL CLIMATOLOGICAL DATA (WS FORM: F-6) , PAGE 2

                                          STATION:  HOULTON ME
                                          MONTH:    OCTOBER
                                          YEAR:     2018
                                          LATITUDE:   46  7 N
                                          LONGITUDE:  67 48 W

[TEMPERATURE DATA]      [PRECIPITATION DATA]       SYMBOLS USED IN COLUMN 16

AVERAGE MONTHLY: 42.3   TOTAL FOR MONTH:   2.08    1 = FOG OR MIST
DPTR FM NORMAL:  -2.7   DPTR FM NORMAL:   -0.49    2 = FOG REDUCING VISIBILITY
HIGHEST:    70 ON  9    GRTST 24HR  0.89 ON 11-11      TO 1/4 MILE OR LESS
LOWEST:     20 ON 22,19                            3 = THUNDER
                        SNOW, ICE PELLETS, HAIL    4 = ICE PELLETS
                        TOTAL MONTH:    M          5 = HAIL
                        GRTST 24HR    M  ON   M    6 = FREEZING RAIN OR DRIZZLE
                        GRTST DEPTH:  M  ON   M    7 = DUSTSTORM OR SANDSTORM:
                                                       VSBY 1/2 MILE OR LESS
                                                   8 = SMOKE OR HAZE
[NO. OF DAYS WITH]      [WEATHER - DAYS WITH]      9 = BLOWING SNOW
                                                   X = TORNADO
MAX 32 OR BELOW:   0    0.01 INCH OR MORE:   8
MAX 90 OR ABOVE:   0    0.10 INCH OR MORE:   4
MIN 32 OR BELOW:  15    0.50 INCH OR MORE:   1
MIN  0 OR BELOW:   0    1.00 INCH OR MORE:   0

[HDD (BASE 65) ]
TOTAL THIS MO.   493    CLEAR  (SCALE 0-3)   3
DPTR FM NORMAL    51    PTCLDY (SCALE 4-7)  14
TOTAL FM JUL 1   870    CLOUDY (SCALE 8-10)  5
DPTR FM NORMAL   -40

[CDD (BASE 65) ]
TOTAL THIS MO.     0
DPTR FM NORMAL     0    [PRESSURE DATA]
TOTAL FM JAN 1   303    HIGHEST SLP  0.00 ON 16
DPTR FM NORMAL   112    LOWEST  SLP  0.00 ON 16

[REMARKS]
