000
CXUS56 KTFX 221205
CF6HVR
PRELIMINARY LOCAL CLIMATOLOGICAL DATA (WS FORM: F-6)

                                          STATION:   HAVRE MT
                                          MONTH:     SEPTEMBER
                                          YEAR:      2018
                                          LATITUDE:   48 32 N
                                          LONGITUDE: 109 46 W

  TEMPERATURE IN F:       :PCPN:    SNOW:  WIND      :SUNSHINE: SKY     :PK WND
================================================================================
1   2   3   4   5  6A  6B    7    8   9   10  11  12  13   14  15   16   17  18
                                     12Z  AVG MX 2MIN
DY MAX MIN AVG DEP HDD CDD  WTR  SNW DPTH SPD SPD DIR MIN PSBL S-S WX    SPD DR
================================================================================

 1  77  46  62   0   3   0 0.00  0.0    0 13.2 31 330   M    M   1        43 280
 2  77  45  61  -1   4   0 0.00  0.0    0  8.1 18 240   M    M   1        24 250
 3  84  39  62   0   3   0 0.00  0.0    0 11.1 35 330   M    M   1        46 310
 4  67  45  56  -5   9   0 0.00  0.0    0  7.3 14  20   M    M   4        19  20
 5  79  41  60  -1   5   0 0.00  0.0    0 10.1 18 110   M    M   1        27  90
 6  84  46  65   5   0   0 0.00  0.0    0 11.0 23  80   M    M   0 8      26  70
 7  90  56  73  13   0   8    T  0.0    0 10.8 40 230   M    M   0 3      51 230
 8  87  56  72  13   0   7    T  0.0    0 10.0 23 270   M    M   2        27 300
 9  77  46  62   3   3   0 0.00  0.0    0  4.2 13  40   M    M   0        19 310
10  84  40  62   3   3   0 0.00  0.0    0  8.6 28 300   M    M   0        34 300
11  72  44  58   0   7   0 0.01  0.0    0  6.9 25 170   M    M   2        32 170
12  66  42  54  -4  11   0    T  0.0    0  8.0 20  80   M    M   3        24  80
13  63  40  52  -5  13   0 0.00  0.0    0  5.5 22 320   M    M   5        29 330
14  62  44  53  -4  12   0 0.00  0.0    0 11.8 23  80   M    M   5        29  90
15  70  47  59   2   6   0 0.21  0.0    0 11.6 28  90   M    M   4 1      34  90
16  64  49  57   1   8   0 0.57  0.0    0  6.0 20 300   M    M   9 1      24 290
17  70  45  58   2   7   0 0.00  0.0    0  8.2 22 250   M    M   3        26 250
18  60  46  53  -2  12   0 0.00  0.0    0 14.3 23  70   M    M   8        30  60
19  52  45  49  -6  16   0 0.04  0.0    0 13.1 20  90   M    M   9        22  90
20  55  45  50  -5  15   0 0.57  0.0    0  6.6 15  80   M    M   9 1      19  90
21  69  38  54   0  11   0 0.00  0.0    0  6.9 15 210   M    M   6 12     19 220
================================================================================
SM 1509  945       148  15  1.40     0.0 193.3          M       73
================================================================================
AV 71.9 45.0                               9.2 FASTST   M    M   3    MAX(MPH)
                                 MISC ---->  # 40 230               # 51  230
================================================================================
NOTES:
# LAST OF SEVERAL OCCURRENCES

COLUMN 17 PEAK WIND IN M.P.H.

PRELIMINARY LOCAL CLIMATOLOGICAL DATA (WS FORM: F-6) , PAGE 2

                                          STATION:  HAVRE MT
                                          MONTH:    SEPTEMBER
                                          YEAR:     2018
                                          LATITUDE:   48 32 N
                                          LONGITUDE: 109 46 W

[TEMPERATURE DATA]      [PRECIPITATION DATA]       SYMBOLS USED IN COLUMN 16

AVERAGE MONTHLY: 58.4   TOTAL FOR MONTH:   1.40    1 = FOG OR MIST
DPTR FM NORMAL:   0.2   DPTR FM NORMAL:    0.60    2 = FOG REDUCING VISIBILITY
HIGHEST:    90 ON  7    GRTST 24HR  0.57 ON 20-20      TO 1/4 MILE OR LESS
LOWEST:     38 ON 21                               3 = THUNDER
                        SNOW, ICE PELLETS, HAIL    4 = ICE PELLETS
                        TOTAL MONTH:   0.0 INCH    5 = HAIL
                        GRTST 24HR     0.0         6 = FREEZING RAIN OR DRIZZLE
                        GRTST DEPTH:   0           7 = DUSTSTORM OR SANDSTORM:
                                                       VSBY 1/2 MILE OR LESS
                                                   8 = SMOKE OR HAZE
[NO. OF DAYS WITH]      [WEATHER - DAYS WITH]      9 = BLOWING SNOW
                                                   X = TORNADO
MAX 32 OR BELOW:   0    0.01 INCH OR MORE:   5
MAX 90 OR ABOVE:   1    0.10 INCH OR MORE:   3
MIN 32 OR BELOW:   0    0.50 INCH OR MORE:   2
MIN  0 OR BELOW:   0    1.00 INCH OR MORE:   0

[HDD (BASE 65) ]
TOTAL THIS MO.   148    CLEAR  (SCALE 0-3)  11
DPTR FM NORMAL   -13    PTCLDY (SCALE 4-7)   7
TOTAL FM JUL 1   232    CLOUDY (SCALE 8-10)  3
DPTR FM NORMAL   -12

[CDD (BASE 65) ]
TOTAL THIS MO.    15
DPTR FM NORMAL    -2    [PRESSURE DATA]
TOTAL FM JAN 1   417    HIGHEST SLP M ON M
DPTR FM NORMAL    33    LOWEST  SLP 29.68 ON 10

[REMARKS]
