761
CXUS56 KMTR 211000
CF6HWD
PRELIMINARY LOCAL CLIMATOLOGICAL DATA (WS FORM: F-6)

                                          STATION:   HAYWARD AIRPORT
                                          MONTH:     SEPTEMBER
                                          YEAR:      2018
                                          LATITUDE:   37 39 N
                                          LONGITUDE: 122  7 W

  TEMPERATURE IN F:       :PCPN:    SNOW:  WIND      :SUNSHINE: SKY     :PK WND
================================================================================
1   2   3   4   5  6A  6B    7    8   9   10  11  12  13   14  15   16   17  18
                                     12Z  AVG MX 2MIN
DY MAX MIN AVG DEP HDD CDD  WTR  SNW DPTH SPD SPD DIR MIN PSBL S-S WX    SPD DR
================================================================================

 1  72  58  65  -2   0   0 0.00  0.0    0  6.4 15 280   M    M   4        19 280
 2  77  56  67   0   0   2 0.00  0.0    0  7.8 18 290   M    M   0 8      21 280
 3  75  59  67   0   0   2 0.00  0.0    0  6.9 18 290   M    M   5        23 290
 4  76  60  68   1   0   3 0.00  0.0    0  7.0 17 290   M    M   4        20 290
 5  72  60  66  -1   0   1 0.00  0.0    0  8.4 20 300   M    M   7 8      24 290
 6  71  57  64  -3   1   0 0.00  0.0    0  6.8 15 290   M    M   5        17 280
 7  77  56  67   0   0   2 0.00  0.0    0  5.0 17 290   M    M   3 18     20 290
 8  75  55  65  -2   0   0 0.00  0.0    0  4.3 14 260   M    M   0        17 270
 9  78  54  66  -1   0   1 0.00  0.0    0  6.6 16 260   M    M   0        20 260
10  79  56  68   1   0   3 0.00  0.0    0  5.8 16 270   M    M   1        18 260
11  72  55  64  -3   1   0 0.00  0.0    0  7.1 16 280   M    M   0        19 290
12  69  56  63  -4   2   0 0.00  0.0    0  9.0 17 260   M    M   2        22 260
13  69  59  64  -3   1   0 0.00  0.0    0  7.8 20 290   M    M   2        24 280
14  74  57  66  -1   0   1 0.00  0.0    0  6.5 16 280   M    M   4        20 280
15  69  58  64  -2   1   0 0.00  0.0    0 10.8 21 290   M    M   7        25 290
16  72  55  64  -2   1   0 0.00  0.0    0  8.4 21 290   M    M   3        24 290
17  68  58  63  -3   2   0 0.00  0.0    0  7.6 16 290   M    M   5        21 290
18  72  56  64  -2   1   0 0.00  0.0    0  7.4 16 290   M    M   4        20 280
19  76  54  65  -1   0   0 0.00  0.0    0  4.6 16 290   M    M   1        19 290
20  88  56  72   6   0   7 0.00  0.0    0  4.2 14 280   M    M   0        16 290
================================================================================
SM 1481 1135        10  22  0.00     0.0 138.4          M       57
================================================================================
AV 74.1 56.8                               6.9 FASTST   M    M   3    MAX(MPH)
                                 MISC ---->  # 21 290               # 25  290
================================================================================
NOTES:
# LAST OF SEVERAL OCCURRENCES

COLUMN 17 PEAK WIND IN M.P.H.

PRELIMINARY LOCAL CLIMATOLOGICAL DATA (WS FORM: F-6) , PAGE 2

                                          STATION:  HAYWARD AIRPORT
                                          MONTH:    SEPTEMBER
                                          YEAR:     2018
                                          LATITUDE:   37 39 N
                                          LONGITUDE: 122  7 W

[TEMPERATURE DATA]      [PRECIPITATION DATA]       SYMBOLS USED IN COLUMN 16

AVERAGE MONTHLY: 65.4   TOTAL FOR MONTH:   0.00    1 = FOG OR MIST
DPTR FM NORMAL:  -1.3   DPTR FM NORMAL:   -0.14    2 = FOG REDUCING VISIBILITY
HIGHEST:    88 ON 20    GRTST 24HR  0.00 ON 20-20      TO 1/4 MILE OR LESS
LOWEST:     54 ON 19, 9                            3 = THUNDER
                        SNOW, ICE PELLETS, HAIL    4 = ICE PELLETS
                        TOTAL MONTH:   0.0 INCH    5 = HAIL
                        GRTST 24HR     0.0         6 = FREEZING RAIN OR DRIZZLE
                        GRTST DEPTH:   0           7 = DUSTSTORM OR SANDSTORM:
                                                       VSBY 1/2 MILE OR LESS
                                                   8 = SMOKE OR HAZE
[NO. OF DAYS WITH]      [WEATHER - DAYS WITH]      9 = BLOWING SNOW
                                                   X = TORNADO
MAX 32 OR BELOW:   0    0.01 INCH OR MORE:   0
MAX 90 OR ABOVE:   0    0.10 INCH OR MORE:   0
MIN 32 OR BELOW:   0    0.50 INCH OR MORE:   0
MIN  0 OR BELOW:   0    1.00 INCH OR MORE:   0

[HDD (BASE 65) ]
TOTAL THIS MO.    10    CLEAR  (SCALE 0-3)  11
DPTR FM NORMAL   -10    PTCLDY (SCALE 4-7)   9
TOTAL FM JUL 1    22    CLOUDY (SCALE 8-10)  0
DPTR FM NORMAL   -65

[CDD (BASE 65) ]
TOTAL THIS MO.    22
DPTR FM NORMAL   -34    [PRESSURE DATA]
TOTAL FM JAN 1   238    HIGHEST SLP M ON M
DPTR FM NORMAL    -8    LOWEST  SLP 29.79 ON  2

[REMARKS]
