000
CXUS56 KMTR 251000
CF6HWD
PRELIMINARY LOCAL CLIMATOLOGICAL DATA (WS FORM: F-6)

                                          STATION:   HAYWARD AIRPORT
                                          MONTH:     FEBRUARY
                                          YEAR:      2020
                                          LATITUDE:   37 39 N
                                          LONGITUDE: 122  7 W

  TEMPERATURE IN F:       :PCPN:    SNOW:  WIND      :SUNSHINE: SKY     :PK WND
================================================================================
1   2   3   4   5  6A  6B    7    8   9   10  11  12  13   14  15   16   17  18
                                     12Z  AVG MX 2MIN
DY MAX MIN AVG DEP HDD CDD  WTR  SNW DPTH SPD SPD DIR MIN PSBL S-S WX    SPD DR
================================================================================

 1  65  45  55   4  10   0 0.00  0.0    0  4.1 10 300   M    M   1 18     12 280
 2  58  43  51   0  14   0 0.00  0.0    0 11.8 28 290   M    M   4 1      34 300
 3  57  35  46  -5  19   0 0.00  0.0    0  7.6 22  10   M    M   0        30  10
 4  57  37  47  -4  18   0 0.00  0.0    0  6.7 20  30   M    M   0        26  40
 5  60  37  49  -2  16   0 0.00  0.0    0  4.0 10 290   M    M   0        14 280
 6  64  41  53   1  12   0 0.00  0.0    0  2.5  8 280   M    M   0        10 280
 7  66  41  54   2  11   0 0.00  0.0    0  3.8 12 300   M    M   0        14 300
 8  59  45  52   0  13   0 0.00  0.0    0  4.5 12 270   M    M   4 1      14 290
 9  63  42  53   1  12   0 0.00  0.0    0 17.0 37  10   M    M   0        51  20
10  74  43  59   7   6   0 0.00  0.0    0  4.9 17  40   M    M   0        22  10
11  72  48  60   8   5   0 0.00  0.0    0  4.5 14  40   M    M   0        21  60
12  67  43  55   3  10   0 0.00  0.0    0  4.2 12 290   M    M   0        14 290
13  57  44  51  -1  14   0 0.00  0.0    0  6.2 16 310   M    M   6        19 290
14  58  47  53   0  12   0 0.00  0.0    0  4.8 10 280   M    M   5        13 310
15  63  42  53   0  12   0 0.00  0.0    0  4.4 14 290   M    M   0        17 280
16  60  46  53   0  12   0 0.00  0.0    0  5.5 14 270   M    M   1        17 280
17  70  43  57   4   8   0 0.00  0.0    0  4.5 14 280   M    M   2 12     16 290
18  65  44  55   2  10   0 0.00  0.0    0  3.5 14 280   M    M   0        17 280
19  64  41  53   0  12   0 0.00  0.0    0  4.3 12 280   M    M   1        13 280
20  65  44  55   1  10   0 0.00  0.0    0  4.8 12 290   M    M   0        14 290
21  74  46  60   6   5   0 0.00  0.0    0  4.1 12 310   M    M   0        13  10
22  61  50  56   2   9   0    T  0.0    0  9.0 22 290   M    M   4 8      25 290
23  59  48  54   0  11   0 0.00  0.0    0  8.5 17 260   M    M   6        25 260
24  67  44  56   2   9   0 0.00  0.0    0  4.8 14 290   M    M   1        17 290
================================================================================
SM 1525 1039       270   0    T      0.0 140.0          M       35
================================================================================
AV 63.5 43.3                               5.8 FASTST   M    M   1    MAX(MPH)
                                 MISC ---->  # 37  10               # 51   20
================================================================================
NOTES:
# LAST OF SEVERAL OCCURRENCES

COLUMN 17 PEAK WIND IN M.P.H.

PRELIMINARY LOCAL CLIMATOLOGICAL DATA (WS FORM: F-6) , PAGE 2

                                          STATION:  HAYWARD AIRPORT
                                          MONTH:    FEBRUARY
                                          YEAR:     2020
                                          LATITUDE:   37 39 N
                                          LONGITUDE: 122  7 W

[TEMPERATURE DATA]      [PRECIPITATION DATA]       SYMBOLS USED IN COLUMN 16

AVERAGE MONTHLY: 53.4   TOTAL FOR MONTH:      T    1 = FOG OR MIST
DPTR FM NORMAL:   1.0   DPTR FM NORMAL:   -2.96    2 = FOG REDUCING VISIBILITY
HIGHEST:    74 ON 21,10 GRTST 24HR    T  ON 22-22      TO 1/4 MILE OR LESS
LOWEST:     35 ON  3                               3 = THUNDER
                        SNOW, ICE PELLETS, HAIL    4 = ICE PELLETS
                        TOTAL MONTH:   0.0 INCH    5 = HAIL
                        GRTST 24HR     0.0         6 = FREEZING RAIN OR DRIZZLE
                        GRTST DEPTH:   0           7 = DUSTSTORM OR SANDSTORM:
                                                       VSBY 1/2 MILE OR LESS
                                                   8 = SMOKE OR HAZE
[NO. OF DAYS WITH]      [WEATHER - DAYS WITH]      9 = BLOWING SNOW
                                                   X = TORNADO
MAX 32 OR BELOW:   0    0.01 INCH OR MORE:   0
MAX 90 OR ABOVE:   0    0.10 INCH OR MORE:   0
MIN 32 OR BELOW:   0    0.50 INCH OR MORE:   0
MIN  0 OR BELOW:   0    1.00 INCH OR MORE:   0

[HDD (BASE 65) ]
TOTAL THIS MO.   270    CLEAR  (SCALE 0-3)  18
DPTR FM NORMAL   -30    PTCLDY (SCALE 4-7)   6
TOTAL FM JUL 1  1478    CLOUDY (SCALE 8-10)  0
DPTR FM NORMAL  -245

[CDD (BASE 65) ]
TOTAL THIS MO.     0
DPTR FM NORMAL     0    [PRESSURE DATA]
TOTAL FM JAN 1     0    HIGHEST SLP M ON M
DPTR FM NORMAL     0    LOWEST  SLP 29.93 ON 22

[REMARKS]
