000
CXUS52 KMFL 291000
CF6HWO
PRELIMINARY LOCAL CLIMATOLOGICAL DATA (WS FORM: F-6)

                                          STATION:   NORTH PERRY ARPT
                                          MONTH:     MAY
                                          YEAR:      2020
                                          LATITUDE:   26  0 N
                                          LONGITUDE:  80 14 W

  TEMPERATURE IN F:       :PCPN:    SNOW:  WIND      :SUNSHINE: SKY     :PK WND
================================================================================
1   2   3   4   5  6A  6B    7    8   9   10  11  12  13   14  15   16   17  18
                                     12Z  AVG MX 2MIN
DY MAX MIN AVG DEP HDD CDD  WTR  SNW DPTH SPD SPD DIR MIN PSBL S-S WX    SPD DR
================================================================================

 1  85  63  74  -3   0   9 0.00  0.0    0  7.1 16 330   M    M   1        21 330
 2  85  67  76  -1   0  11 0.00  0.0    0  7.1 16  60   M    M   1        20  60
 3  85  68  77   0   0  12 0.00  0.0    0  5.3 15  80   M    M   1        19  90
 4  89  68  79   2   0  14 0.00  0.0    0  4.8 15  80   M    M   0        20  80
 5  91  71  81   3   0  16 0.00  0.0    0  5.7 16 130   M    M   1        21 130
 6  93  73  83   5   0  18 0.00  0.0    0  7.3 18 250   M    M   2        23 260
 7  89  70  80   2   0  15 0.00  0.0    0 11.2 20 360   M    M   0        23 330
 8  85  65  75  -3   0  10 0.00  0.0    0  7.1 15 110   M    M   2        20 130
 9  86  75  81   3   0  16 0.00  0.0    0  9.8 18  90   M    M   0        25  90
10  79  72  76  -2   0  11 0.17  0.0    0  6.8 15 100   M    M   6        18  90
11  88  71  80   1   0  15    T  0.0    0 12.0 24  50   M    M   5        29  50
12  86  74  80   1   0  15 0.00  0.0    0 13.8 25  70   M    M   2        33  70
13  86  76  81   2   0  16 0.00  0.0    0 17.7 25  70   M    M   4        35  80
14  82  75  79   0   0  14    T  0.0    0 18.7 26 100   M    M   9        33 100
15  83  73  78  -1   0  13 2.11  0.0    0  9.9 24  60   M    M   9 1      33  50
16  91  73  82   3   0  17 0.34  0.0    0  9.1 23 310   M    M   6 13     32 250
17  93  73  83   3   0  18    T  0.0    0  6.5 24 190   M    M   4 13     32 190
18  90  71  81   1   0  16 2.77  0.0    0  5.5 24 300   M    M   2 13     28 300
19  89  73  81   1   0  16 0.03  0.0    0  9.2 28 220   M    M   5 3      40 230
20  94  75  85   5   0  20 1.33  0.0    0  5.1 28 270   M    M   3 3      34 270
21  90  73  82   2   0  17 0.30  0.0    0  4.8 20 280   M    M   3 3      25 280
22  89  74  82   2   0  17    T  0.0    0 10.1 21 100   M    M   2 3      27  90
23   M   M   M   M   M   M 0.11    M    0 11.9 18  90   M    M   4        23  90
24   M   M   M   M   M   M 3.24    M    0 10.2 23  80   M    M   9 3      31  80
25   M   M   M   M   M   M 3.51    M    0  9.4 27 130   M    M   8 3      33 130
26   M   M   M   M   M   M 0.89    M    0  9.6 20 190   M    M   4 3      33 190
27   M   M   M   M   M   M 0.07    M    0  5.6 15 150   M    M   3 3       M  M
28   M   M   M   M   M   M 0.00  0.0    0  8.3 16 120   M    M   2         M  M
================================================================================
SM 1928 1573         0 326 14.87     0.0 249.6          M       98
================================================================================
AV 87.6 71.5                               8.9 FASTST   M    M   4    MAX(MPH)
                                 MISC ---->  # 28 220               # 40  230
================================================================================
NOTES:
# LAST OF SEVERAL OCCURRENCES

COLUMN 17 PEAK WIND IN M.P.H.

PRELIMINARY LOCAL CLIMATOLOGICAL DATA (WS FORM: F-6) , PAGE 2

                                          STATION:  NORTH PERRY ARPT
                                          MONTH:    MAY
                                          YEAR:     2020
                                          LATITUDE:   26  0 N
                                          LONGITUDE:  80 14 W

[TEMPERATURE DATA]      [PRECIPITATION DATA]       SYMBOLS USED IN COLUMN 16

AVERAGE MONTHLY: 79.6   TOTAL FOR MONTH:  14.87    1 = FOG OR MIST
DPTR FM NORMAL:   0.5   DPTR FM NORMAL:   10.47    2 = FOG REDUCING VISIBILITY
HIGHEST:    94 ON 20    GRTST 24HR  3.51 ON 25-25      TO 1/4 MILE OR LESS
LOWEST:     63 ON  1                               3 = THUNDER
                        SNOW, ICE PELLETS, HAIL    4 = ICE PELLETS
                        TOTAL MONTH:   0.0 INCH    5 = HAIL
                        GRTST 24HR     0.0         6 = FREEZING RAIN OR DRIZZLE
                        GRTST DEPTH:   0           7 = DUSTSTORM OR SANDSTORM:
                                                       VSBY 1/2 MILE OR LESS
                                                   8 = SMOKE OR HAZE
[NO. OF DAYS WITH]      [WEATHER - DAYS WITH]      9 = BLOWING SNOW
                                                   X = TORNADO
MAX 32 OR BELOW:   0    0.01 INCH OR MORE:  12
MAX 90 OR ABOVE:   7    0.10 INCH OR MORE:  10
MIN 32 OR BELOW:   0    0.50 INCH OR MORE:   6
MIN  0 OR BELOW:   0    1.00 INCH OR MORE:   5

[HDD (BASE 65) ]
TOTAL THIS MO.     0    CLEAR  (SCALE 0-3)  16
DPTR FM NORMAL     0    PTCLDY (SCALE 4-7)   8
TOTAL FM JUL 1    58    CLOUDY (SCALE 8-10)  4
DPTR FM NORMAL   -87

[CDD (BASE 65) ]
TOTAL THIS MO.   326
DPTR FM NORMAL   -69    [PRESSURE DATA]
TOTAL FM JAN 1  1673    HIGHEST SLP M ON M
DPTR FM NORMAL   464    LOWEST  SLP 29.81 ON 16

[REMARKS]
