000
CXUS52 KMFL 231000
CF6HWO
PRELIMINARY LOCAL CLIMATOLOGICAL DATA (WS FORM: F-6)

                                          STATION:   NORTH PERRY ARPT
                                          MONTH:     JANUARY
                                          YEAR:      2019
                                          LATITUDE:   26  0 N
                                          LONGITUDE:  80 14 W

  TEMPERATURE IN F:       :PCPN:    SNOW:  WIND      :SUNSHINE: SKY     :PK WND
================================================================================
1   2   3   4   5  6A  6B    7    8   9   10  11  12  13   14  15   16   17  18
                                     12Z  AVG MX 2MIN
DY MAX MIN AVG DEP HDD CDD  WTR  SNW DPTH SPD SPD DIR MIN PSBL S-S WX    SPD DR
================================================================================

 1  82  71  77   9   0  12 0.00  0.0    0  8.8 20 130   M    M   7 18     23 120
 2  83  66  75   8   0  10 0.00  0.0    0  8.0 17 130   M    M   1        22 110
 3  84  70  77  10   0  12 0.00  0.0    0  7.8 17 160   M    M   4        22 120
 4  85  68  77  10   0  12 0.00  0.0    0  7.1 20 210   M    M   1 1      25 210
 5  79  60  70   3   0   5 0.01  0.0    0 10.3 17 290   M    M   2 1      22 280
 6  79  53  66  -1   0   1 0.00  0.0    0  5.9 13  90   M    M   2        19  80
 7  80  58  69   2   0   4 0.00  0.0    0  5.0 16 110   M    M   1        24 110
 8  82  60  71   4   0   6 0.00  0.0    0  2.4 10  90   M    M   2        14 360
 9  77  61  69   2   0   4 0.00  0.0    0  7.8 17 310   M    M   4        21 310
10  69  51  60  -7   5   0 0.00  0.0    0 11.4 21 340   M    M   0        25 330
11  78  51  65  -2   0   0    T  0.0    0  9.0 16  60   M    M   3        23  60
12  80  68  74   7   0   9    T  0.0    0  9.1 21 130   M    M   4        26 100
13  83  67  75   8   0  10 0.50  0.0    0  4.8 13 130   M    M   4 1      14 130
14  78  60  69   2   0   4 0.00  0.0    0  7.3 14 320   M    M   2 1      17 340
15  69  54  62  -5   3   0 0.00  0.0    0 10.0 21 340   M    M   4        24 330
16  74  50  62  -5   3   0 0.00  0.0    0  9.7 16 340   M    M   1        19 340
17  78  52  65  -2   0   0 0.00  0.0    0  4.4 10 130   M    M   1        12  90
18  79  56  68   1   0   3    T  0.0    0  3.9 12  70   M    M   1        14  60
19  80  58  69   2   0   4 0.00  0.0    0  5.6 17 130   M    M   2        24 130
20  74  52  63  -4   2   0 0.28  0.0    0 15.0 25 270   M    M   4 13     35 260
21  71  44  58  -9   7   0    T    M    0  9.4 21 310   M    M   5        26 320
22  76  60  68   1   0   3    T  0.0    0 17.1 25 100   M    M   7        36  80
================================================================================
SM 1720 1290        20  99  0.79     0.0 179.8          M       62
================================================================================
AV 78.2 58.6                               8.2 FASTST   M    M   3    MAX(MPH)
                                 MISC ---->  # 25 270               # 36   80
================================================================================
NOTES:
# LAST OF SEVERAL OCCURRENCES

COLUMN 17 PEAK WIND IN M.P.H.

PRELIMINARY LOCAL CLIMATOLOGICAL DATA (WS FORM: F-6) , PAGE 2

                                          STATION:  NORTH PERRY ARPT
                                          MONTH:    JANUARY
                                          YEAR:     2019
                                          LATITUDE:   26  0 N
                                          LONGITUDE:  80 14 W

[TEMPERATURE DATA]      [PRECIPITATION DATA]       SYMBOLS USED IN COLUMN 16

AVERAGE MONTHLY: 68.4   TOTAL FOR MONTH:   0.79    1 = FOG OR MIST
DPTR FM NORMAL:   1.4   DPTR FM NORMAL:   -0.58    2 = FOG REDUCING VISIBILITY
HIGHEST:    85 ON  4    GRTST 24HR  0.50 ON 13-13      TO 1/4 MILE OR LESS
LOWEST:     44 ON 21                               3 = THUNDER
                        SNOW, ICE PELLETS, HAIL    4 = ICE PELLETS
                        TOTAL MONTH:   0.0 INCH    5 = HAIL
                        GRTST 24HR     0.0         6 = FREEZING RAIN OR DRIZZLE
                        GRTST DEPTH:   0           7 = DUSTSTORM OR SANDSTORM:
                                                       VSBY 1/2 MILE OR LESS
                                                   8 = SMOKE OR HAZE
[NO. OF DAYS WITH]      [WEATHER - DAYS WITH]      9 = BLOWING SNOW
                                                   X = TORNADO
MAX 32 OR BELOW:   0    0.01 INCH OR MORE:   3
MAX 90 OR ABOVE:   0    0.10 INCH OR MORE:   2
MIN 32 OR BELOW:   0    0.50 INCH OR MORE:   1
MIN  0 OR BELOW:   0    1.00 INCH OR MORE:   0

[HDD (BASE 65) ]
TOTAL THIS MO.    20    CLEAR  (SCALE 0-3)  13
DPTR FM NORMAL   -24    PTCLDY (SCALE 4-7)   9
TOTAL FM JUL 1    45    CLOUDY (SCALE 8-10)  0
DPTR FM NORMAL   -40

[CDD (BASE 65) ]
TOTAL THIS MO.    99
DPTR FM NORMAL     5    [PRESSURE DATA]
TOTAL FM JAN 1    99    HIGHEST SLP M ON M
DPTR FM NORMAL     5    LOWEST  SLP 29.85 ON 20

[REMARKS]
