977
CXUS54 KEWX 180910
CF6HYI
PRELIMINARY LOCAL CLIMATOLOGICAL DATA (WS FORM: F-6)

                                          STATION:   SAN MARCOS
                                          MONTH:     OCTOBER
                                          YEAR:      2019
                                          LATITUDE:   29 53 N
                                          LONGITUDE:  97 52 W

  TEMPERATURE IN F:       :PCPN:    SNOW:  WIND      :SUNSHINE: SKY     :PK WND
================================================================================
1   2   3   4   5  6A  6B    7    8   9   10  11  12  13   14  15   16   17  18
                                     12Z  AVG MX 2MIN
DY MAX MIN AVG DEP HDD CDD  WTR  SNW DPTH SPD SPD DIR MIN PSBL S-S WX    SPD DR
================================================================================

 1  96  76  86   M   0  21 0.00    M    M 11.9 20 140   M    M   6        24 160
 2  96  71  84   M   0  19 0.00    M    M  7.0 15 140   M    M   6 12     20 160
 3  96  69  83   M   0  18 0.00    M    M  5.8 15 100   M    M   3 1      30 150
 4  95  70  83   M   0  18 0.00    M    M  5.1 10  60   M    M   2         M  M
 5  96  66  81   M   0  16 0.00    M    M  3.8  8 140   M    M   2        17  99
 6  96  66  81   M   0  16 0.00    M    M  5.0 12 120   M    M   0         M  M
 7  87  65  76   M   0  11 0.00    M    M 11.1 21 360   M    M   2        27 360
 8  87  61  74   M   0   9 0.00    M    M  6.7 12  40   M    M   1         M  M
 9  95  65  80   M   0  15 0.00    M    M 10.8 18 170   M    M   6 1      28 190
10  97  76  87   M   0  22 0.00    M    M 15.7 23 180   M    M   7        33 180
11  80  48  64   M   1   0 0.02    M    M 19.6 30 360   M    M  10 1      43 350
12  68  54  61   M   4   0 0.00    M    M 11.0 21  20   M    M   6        35  10
13  80  57  69   M   0   4    T    M    M  3.3  8 180   M    M   6         M  M
14  90  68  79   M   0  14 0.01    M    M  3.1  8 120   M    M   7 12      M  M
15  96  72  84   M   0  19 0.03    M    M  8.5 14 200   M    M   6         M  M
16  73  54  64   M   1   0 0.22    M    M 12.5 23  20   M    M   5        31 360
17  76  51  64   M   1   0 0.00    M    M  5.7 12  50   M    M   2         M  M
================================================================================
SM 1504 1089         7 202  0.28    M    146.6          M       77
================================================================================
AV 88.5 64.1                               8.6 FASTST   M    M   5    MAX(MPH)
                                 MISC ---->  # 30 360               # 43  350
================================================================================
NOTES:
# LAST OF SEVERAL OCCURRENCES

COLUMN 17 PEAK WIND IN M.P.H.

PRELIMINARY LOCAL CLIMATOLOGICAL DATA (WS FORM: F-6) , PAGE 2

                                          STATION:  SAN MARCOS
                                          MONTH:    OCTOBER
                                          YEAR:     2019
                                          LATITUDE:   29 53 N
                                          LONGITUDE:  97 52 W

[TEMPERATURE DATA]      [PRECIPITATION DATA]       SYMBOLS USED IN COLUMN 16

AVERAGE MONTHLY: 76.3   TOTAL FOR MONTH:   0.28    1 = FOG OR MIST
DPTR FM NORMAL:     M   DPTR FM NORMAL:       M    2 = FOG REDUCING VISIBILITY
HIGHEST:    97 ON 10    GRTST 24HR  0.22 ON 16-16      TO 1/4 MILE OR LESS
LOWEST:     48 ON 11                               3 = THUNDER
                        SNOW, ICE PELLETS, HAIL    4 = ICE PELLETS
                        TOTAL MONTH:    M          5 = HAIL
                        GRTST 24HR    M  ON   M    6 = FREEZING RAIN OR DRIZZLE
                        GRTST DEPTH:  M  ON   M    7 = DUSTSTORM OR SANDSTORM:
                                                       VSBY 1/2 MILE OR LESS
                                                   8 = SMOKE OR HAZE
[NO. OF DAYS WITH]      [WEATHER - DAYS WITH]      9 = BLOWING SNOW
                                                   X = TORNADO
MAX 32 OR BELOW:   0    0.01 INCH OR MORE:   4
MAX 90 OR ABOVE:  10    0.10 INCH OR MORE:   1
MIN 32 OR BELOW:   0    0.50 INCH OR MORE:   0
MIN  0 OR BELOW:   0    1.00 INCH OR MORE:   0

[HDD (BASE 65) ]
TOTAL THIS MO.     7    CLEAR  (SCALE 0-3)   7
DPTR FM NORMAL     M    PTCLDY (SCALE 4-7)   9
TOTAL FM JUL 1     7    CLOUDY (SCALE 8-10)  1
DPTR FM NORMAL     M

[CDD (BASE 65) ]
TOTAL THIS MO.   202
DPTR FM NORMAL     M    [PRESSURE DATA]
TOTAL FM JAN 1  3233    HIGHEST SLP M ON M
DPTR FM NORMAL     M    LOWEST  SLP M ON M

[REMARKS]
