301
CXUS51 KLWX 170815
CF6IAD
PRELIMINARY LOCAL CLIMATOLOGICAL DATA (WS FORM: F-6)

                                          STATION:   WASHINGTON DULLES DC
                                          MONTH:     JULY
                                          YEAR:      2024
                                          LATITUDE:   38 57 N
                                          LONGITUDE:  77 27 W

  TEMPERATURE IN F:       :PCPN:    SNOW:  WIND      :SUNSHINE: SKY     :PK WND
================================================================================
1   2   3   4   5  6A  6B    7    8   9   10  11  12  13   14  15   16   17  18
                                     12Z  AVG MX 2MIN
DY MAX MIN AVG DEP HDD CDD  WTR  SNW DPTH SPD SPD DIR MIN PSBL S-S WX    SPD DR
================================================================================

 1  80  61  71  -5   0   6 0.00  0.0    0 11.4 22 350   M    M   4        35  30
 2  87  58  73  -3   0   8 0.00  0.0    0  6.0 14 140   M    M   3        19 140
 3  89  65  77   0   0  12 0.00  0.0    0  8.7 18 190   M    M   5        26 180
 4  95  72  84   7   0  19 0.68  0.0    0  5.1 16 130   M    M   8 13     30 130
 5  98  75  87  10   0  22 0.00  0.0    0  5.3 13 210   M    M   7 1      20 210
 6  99  76  88  11   0  23 0.00  0.0    0  4.9 14 310   M    M   6        19 150
 7  96  75  86   9   0  21 0.00  0.0    0  4.9 13 350   M    M   7        19 350
 8  96  71  84   7   0  19 0.00  0.0    0  4.2 15 150   M    M   7        22 180
 9  98  76  87  10   0  22 0.00  0.0    0  5.4 14 150   M    M   7        21 130
10  94  77  86   9   0  21 0.38  0.0    0  9.7 21 180   M    M   5 13     32 180
11  91  66  79   2   0  14 0.00  0.0    0  7.2 17 310   M    M   5        28 290
12  80  70  75  -2   0  10 0.68  0.0    0  4.3 13  50   M    M   8 13     16  50
13  93  73  83   6   0  18 0.00  0.0    0  2.4  9 110   M    M   7 1      15 110
14  98  74  86   9   0  21 0.00  0.0    0  4.7 13 200   M    M   4        18 210
15  99  75  87   9   0  22 0.00  0.0    0  7.1 23  40   M    M   4 138    35  30
16 101  73  87   9   0  22 0.00  0.0    0  7.8 28 300   M    M   3 3      36 290
================================================================================
SM 1494 1137         0 280  1.74  0.0     99.1          M       90
================================================================================
AV 93.4 71.1                               6.2 FASTST   M    M   6    MAX(MPH)
                                 MISC ---->    28 300                 36 290
================================================================================
NOTES:
# LAST OF SEVERAL OCCURRENCES

COLUMN 17 PEAK WIND IN M.P.H.

PRELIMINARY LOCAL CLIMATOLOGICAL DATA (WS FORM: F-6) , PAGE 2

                                          STATION:   WASHINGTON DULLES DC
                                          MONTH:     JULY
                                          YEAR:      2024
                                          LATITUDE:   38 57 N
                                          LONGITUDE:  77 27 W

[TEMPERATURE DATA]      [PRECIPITATION DATA]       SYMBOLS USED IN COLUMN 16

AVERAGE MONTHLY: 82.2   TOTAL FOR MONTH:   1.74    1 = FOG OR MIST
DPTR FM NORMAL:   5.2   DPTR FM NORMAL:   -0.44    2 = FOG REDUCING VISIBILITY
HIGHEST:   101 ON 16    GRTST 24HR  0.68 ON  4- 4      TO 1/4 MILE OR LESS
LOWEST:     58 ON  2                               3 = THUNDER
                        SNOW, ICE PELLETS, HAIL    4 = ICE PELLETS
                        TOTAL MONTH:   0.0 INCH    5 = HAIL
                        GRTST 24HR  0.0            6 = FREEZING RAIN OR DRIZZLE
                        GRTST DEPTH:  0            7 = DUSTSTORM OR SANDSTORM:
                                                       VSBY 1/2 MILE OR LESS
                                                   8 = SMOKE OR HAZE
[NO. OF DAYS WITH]      [WEATHER - DAYS WITH]      9 = BLOWING SNOW
                                                   X = TORNADO
MAX 32 OR BELOW:   0    0.01 INCH OR MORE:   3
MAX 90 OR ABOVE:  12    0.10 INCH OR MORE:   3
MIN 32 OR BELOW:   0    0.50 INCH OR MORE:   2
MIN  0 OR BELOW:   0    1.00 INCH OR MORE:   0

[HDD (BASE 65) ]
TOTAL THIS MO.     0    CLEAR  (SCALE 0-3)   1
DPTR FM NORMAL     0    PTCLDY (SCALE 4-7)  14
TOTAL FM JUL 1     0    CLOUDY (SCALE 8-10)  1
DPTR FM NORMAL     0

[CDD (BASE 65) ]
TOTAL THIS MO.   280
DPTR FM NORMAL    90    [PRESSURE DATA]
TOTAL FM JAN 1   817    HIGHEST SLP M ON M
DPTR FM NORMAL   283    LOWEST  SLP 29.70 ON 10

[REMARKS]