000
CXUS54 KHGX 210725
CF6IAH
PRELIMINARY LOCAL CLIMATOLOGICAL DATA (WS FORM: F-6)

                                          STATION:   HOUSTON INTERCONTINENTAL
                                          MONTH:     AUGUST
                                          YEAR:      2019
                                          LATITUDE:   29 58 N
                                          LONGITUDE:  95 21 W

  TEMPERATURE IN F:       :PCPN:    SNOW:  WIND      :SUNSHINE: SKY     :PK WND
================================================================================
1   2   3   4   5  6A  6B    7    8   9   10  11  12  13   14  15   16   17  18
                                     12Z  AVG MX 2MIN
DY MAX MIN AVG DEP HDD CDD  WTR  SNW DPTH SPD SPD DIR MIN PSBL S-S WX    SPD DR
================================================================================

 1  95  75  85   0   0  20 0.00  0.0    0  4.3 14 120   M    M   5        17 130
 2  96  76  86   1   0  21 0.00  0.0    0  3.6 12  20   M    M   5        16  20
 3  94  78  86   1   0  21    T  0.0    0  3.5 12  10   M    M   8 3      14  10
 4  94  78  86   1   0  21 0.13  0.0    0  5.5 21 140   M    M   7 3      27 160
 5  96  77  87   2   0  22    T  0.0    0  4.9 17 150   M    M   5        20 150
 6  97  77  87   2   0  22 0.00  0.0    0  5.6 25 150   M    M   4 3      29 140
 7  99  80  90   5   0  25 0.00  0.0    0  6.5 14 160   M    M   5        19 170
 8 101  81  91   6   0  26 0.00  0.0    0  7.3 16 170   M    M   7        22 160
 9 101  82  92   7   0  27 0.00  0.0    0  7.5 17 170   M    M   6        22 170
10 101  77  89   4   0  24 0.00  0.0    0  5.6 17 110   M    M   6        22 110
11 101  79  90   5   0  25 0.00  0.0    0  6.6 21 140   M    M   5        25 160
12 101  81  91   6   0  26 0.00  0.0    0  7.3 16 140   M    M   4        21 130
13 103  81  92   7   0  27 0.00  0.0    0  6.3 17 150   M    M   3        21 290
14 102  80  91   6   0  26    T  0.0    0  5.7 33  30   M    M   5 3      39  30
15  99  78  89   4   0  24 0.00  0.0    0  5.0 20  60   M    M   6        24  60
16  98  78  88   3   0  23 0.00  0.0    0  6.1 20 160   M    M   5        24 160
17  98  81  90   5   0  25 0.00  0.0    0  8.4 21 140   M    M   5        24 150
18  97  78  88   3   0  23 0.05  0.0    0  8.2 20 150   M    M   3 8      27 160
19  99  78  89   4   0  24    T  0.0    0  7.1 22 130   M    M   4        25 130
20  95  77  86   1   0  21 0.09  0.0    0  4.3 17 170   M    M   6 1      22 170
================================================================================
SM 1967 1572         0 473  0.27     0.0 119.3          M      104
================================================================================
AV 98.4 78.6                               6.0 FASTST   M    M   5    MAX(MPH)
                                 MISC ---->  # 33  30               # 39   30
================================================================================
NOTES:
# LAST OF SEVERAL OCCURRENCES

COLUMN 17 PEAK WIND IN M.P.H.

PRELIMINARY LOCAL CLIMATOLOGICAL DATA (WS FORM: F-6) , PAGE 2

                                          STATION:  HOUSTON INTERCONTINENTAL
                                          MONTH:    AUGUST
                                          YEAR:     2019
                                          LATITUDE:   29 58 N
                                          LONGITUDE:  95 21 W

[TEMPERATURE DATA]      [PRECIPITATION DATA]       SYMBOLS USED IN COLUMN 16

AVERAGE MONTHLY: 88.5   TOTAL FOR MONTH:   0.27    1 = FOG OR MIST
DPTR FM NORMAL:   3.5   DPTR FM NORMAL:   -1.95    2 = FOG REDUCING VISIBILITY
HIGHEST:   103 ON 13    GRTST 24HR  0.13 ON  4- 4      TO 1/4 MILE OR LESS
LOWEST:     75 ON  1                               3 = THUNDER
                        SNOW, ICE PELLETS, HAIL    4 = ICE PELLETS
                        TOTAL MONTH:   0.0 INCH    5 = HAIL
                        GRTST 24HR     0.0         6 = FREEZING RAIN OR DRIZZLE
                        GRTST DEPTH:   0           7 = DUSTSTORM OR SANDSTORM:
                                                       VSBY 1/2 MILE OR LESS
                                                   8 = SMOKE OR HAZE
[NO. OF DAYS WITH]      [WEATHER - DAYS WITH]      9 = BLOWING SNOW
                                                   X = TORNADO
MAX 32 OR BELOW:   0    0.01 INCH OR MORE:   3
MAX 90 OR ABOVE:  20    0.10 INCH OR MORE:   1
MIN 32 OR BELOW:   0    0.50 INCH OR MORE:   0
MIN  0 OR BELOW:   0    1.00 INCH OR MORE:   0

[HDD (BASE 65) ]
TOTAL THIS MO.     0    CLEAR  (SCALE 0-3)   1
DPTR FM NORMAL     0    PTCLDY (SCALE 4-7)  19
TOTAL FM JUL 1     0    CLOUDY (SCALE 8-10)  0
DPTR FM NORMAL     0

[CDD (BASE 65) ]
TOTAL THIS MO.   473
DPTR FM NORMAL    73    [PRESSURE DATA]
TOTAL FM JAN 1  2371    HIGHEST SLP M ON M
DPTR FM NORMAL   198    LOWEST  SLP 29.82 ON 17

[REMARKS]
