938
CXUS54 KHGX 201415
CF6IAH
PRELIMINARY LOCAL CLIMATOLOGICAL DATA (WS FORM: F-6)

                                          STATION:   HOUSTON INTERCONTINENTAL
                                          MONTH:     SEPTEMBER
                                          YEAR:      2018
                                          LATITUDE:   29 58 N
                                          LONGITUDE:  95 21 W

  TEMPERATURE IN F:       :PCPN:    SNOW:  WIND      :SUNSHINE: SKY     :PK WND
================================================================================
1   2   3   4   5  6A  6B    7    8   9   10  11  12  13   14  15   16   17  18
                                     12Z  AVG MX 2MIN
DY MAX MIN AVG DEP HDD CDD  WTR  SNW DPTH SPD SPD DIR MIN PSBL S-S WX    SPD DR
================================================================================

 1  91  77  84   1   0  19 0.19  0.0    0  6.8 18  80   M    M   7 3      25  70
 2  84  76  80  -3   0  15 0.66  0.0    0  6.8 15  60   M    M   8 13     17  60
 3  78  75  77  -6   0  12 0.34  0.0    0  8.3 15 110   M    M   9 1      18 110
 4  88  75  82  -1   0  17 0.26  0.0    0  8.9 24 130   M    M   8 1      28 130
 5  92  76  84   2   0  19    T  0.0    0  5.9 15 110   M    M   7        21 110
 6  92  76  84   2   0  19 0.00  0.0    0  4.5 17 160   M    M   7        21 180
 7  91  75  83   1   0  18 1.33  0.0    0  3.9 25 210   M    M   7 13     31 220
 8  93  75  84   2   0  19 0.04  0.0    0  3.8 16 340   M    M   7 13     18 340
 9  89  74  82   0   0  17 0.01  0.0    0  3.1 20 280   M    M   7 13     25 280
10  80  74  77  -4   0  12 0.10  0.0    0  5.1 15 130   M    M   9 123    18 130
11  80  73  77  -4   0  12 0.41  0.0    0  8.1 16 100   M    M   9 1      20 110
12  85  75  80  -1   0  15 0.46  0.0    0  8.1 20 140   M    M   8 1      25 140
13  86  74  80   0   0  15    T  0.0    0 10.2 22 100   M    M   9        27 100
14  78  75  77  -3   0  12 1.22  0.0    0  8.1 14 100   M    M   9 1      17 130
15  92  74  83   3   0  18    T  0.0    0  7.8 17 140   M    M   6 3      21 140
16  95  73  84   4   0  19 0.00  0.0    0  2.4  7 200   M    M   4         9 160
17  96  77  87   7   0  22 0.00  0.0    0  3.6 10 300   M    M   5        14 330
18  96  78  87   8   0  22 0.00  0.0    0  4.1  9 180   M    M   5        13 160
19  94  75  85   6   0  20 0.00  0.0    0  4.7 14 140   M    M   3        17 130
================================================================================
SM 1680 1427         0 322  5.02     0.0 114.2          M      134
================================================================================
AV 88.4 75.1                               6.0 FASTST   M    M   7    MAX(MPH)
                                 MISC ---->  # 25 210               # 31  220
================================================================================
NOTES:
# LAST OF SEVERAL OCCURRENCES

COLUMN 17 PEAK WIND IN M.P.H.

PRELIMINARY LOCAL CLIMATOLOGICAL DATA (WS FORM: F-6) , PAGE 2

                                          STATION:  HOUSTON INTERCONTINENTAL
                                          MONTH:    SEPTEMBER
                                          YEAR:     2018
                                          LATITUDE:   29 58 N
                                          LONGITUDE:  95 21 W

[TEMPERATURE DATA]      [PRECIPITATION DATA]       SYMBOLS USED IN COLUMN 16

AVERAGE MONTHLY: 81.8   TOTAL FOR MONTH:   5.02    1 = FOG OR MIST
DPTR FM NORMAL:   0.6   DPTR FM NORMAL:    2.31    2 = FOG REDUCING VISIBILITY
HIGHEST:    96 ON 18,17 GRTST 24HR  1.33 ON  7- 7      TO 1/4 MILE OR LESS
LOWEST:     73 ON 16,11                            3 = THUNDER
                        SNOW, ICE PELLETS, HAIL    4 = ICE PELLETS
                        TOTAL MONTH:   0.0 INCH    5 = HAIL
                        GRTST 24HR     0.0         6 = FREEZING RAIN OR DRIZZLE
                        GRTST DEPTH:   0           7 = DUSTSTORM OR SANDSTORM:
                                                       VSBY 1/2 MILE OR LESS
                                                   8 = SMOKE OR HAZE
[NO. OF DAYS WITH]      [WEATHER - DAYS WITH]      9 = BLOWING SNOW
                                                   X = TORNADO
MAX 32 OR BELOW:   0    0.01 INCH OR MORE:  11
MAX 90 OR ABOVE:  10    0.10 INCH OR MORE:   9
MIN 32 OR BELOW:   0    0.50 INCH OR MORE:   3
MIN  0 OR BELOW:   0    1.00 INCH OR MORE:   2

[HDD (BASE 65) ]
TOTAL THIS MO.     0    CLEAR  (SCALE 0-3)   1
DPTR FM NORMAL     0    PTCLDY (SCALE 4-7)  12
TOTAL FM JUL 1     0    CLOUDY (SCALE 8-10)  6
DPTR FM NORMAL     0

[CDD (BASE 65) ]
TOTAL THIS MO.   322
DPTR FM NORMAL    14    [PRESSURE DATA]
TOTAL FM JAN 1  3032    HIGHEST SLP M ON M
DPTR FM NORMAL   342    LOWEST  SLP 29.80 ON M

[REMARKS]
