000
CXUS54 KHGX 191515
CF6IAH
PRELIMINARY LOCAL CLIMATOLOGICAL DATA (WS FORM: F-6)

                                          STATION:   HOUSTON INTERCONTINENTAL
                                          MONTH:     NOVEMBER
                                          YEAR:      2018
                                          LATITUDE:   29 58 N
                                          LONGITUDE:  95 21 W

  TEMPERATURE IN F:       :PCPN:    SNOW:  WIND      :SUNSHINE: SKY     :PK WND
================================================================================
1   2   3   4   5  6A  6B    7    8   9   10  11  12  13   14  15   16   17  18
                                     12Z  AVG MX 2MIN
DY MAX MIN AVG DEP HDD CDD  WTR  SNW DPTH SPD SPD DIR MIN PSBL S-S WX    SPD DR
================================================================================

 1  68  53  61  -6   4   0 0.00  0.0    0  9.2 21 310   M    M   5        28 310
 2  73  48  61  -6   4   0 0.00  0.0    0  4.6 13 250   M    M   1        18 260
 3  78  50  64  -2   1   0 0.00  0.0    0  8.5 23 160   M    M   4        32 170
 4  74  60  67   1   0   2 0.71  0.0    0  6.3 18  10   M    M   8 1      26  10
 5  86  61  74   8   0   9 0.03  0.0    0  7.0 18 210   M    M   8 1      28 200
 6  88  73  81  16   0  16 0.00  0.0    0  5.2 12 130   M    M   8 18     15 190
 7  89  70  80  15   0  15    T  0.0    0  4.9 17 140   M    M   7 138    20 150
 8  71  64  68   3   0   3    T  0.0    0  7.6 14  40   M    M  10 12     17  30
 9  64  49  57  -7   8   0 0.16  0.0    0 13.4 24  20   M    M   9 13     31  20
10  51  47  49 -15  16   0    T  0.0    0  8.6 17  40   M    M   8        25  30
11  58  46  52 -12  13   0 0.12  0.0    0  8.6 15  60   M    M  10 13     19 110
12  55  43  49 -15  16   0 0.07  0.0    0 13.8 26 350   M    M   9 12     33 350
13  43  34  39 -24  26   0    T    T    0 14.4 26 350   M    M   9 4      34 360
14  53  31  42 -21  23   0 0.00  0.0    0  7.6 16 340   M    M   2        22 330
15  61  30  46 -16  19   0 0.00  0.0    0  2.2  8 230   M    M   3        11 270
16  69  38  54  -8  11   0 0.00  0.0    0  3.4 10 150   M    M   3        17 240
17  73  45  59  -3   6   0 0.00  0.0    0  6.0 17 140   M    M   7        21 140
18  68  50  59  -3   6   0 0.25  0.0    0  8.2 16 360   M    M   8 1      22 360
================================================================================
SM 1222  892       153  45  1.34    T    139.5          M      119
================================================================================
AV 67.9 49.6                               7.7 FASTST   M    M   7    MAX(MPH)
                                 MISC ---->  # 26 350               # 34  360
================================================================================
NOTES:
# LAST OF SEVERAL OCCURRENCES

COLUMN 17 PEAK WIND IN M.P.H.

PRELIMINARY LOCAL CLIMATOLOGICAL DATA (WS FORM: F-6) , PAGE 2

                                          STATION:  HOUSTON INTERCONTINENTAL
                                          MONTH:    NOVEMBER
                                          YEAR:     2018
                                          LATITUDE:   29 58 N
                                          LONGITUDE:  95 21 W

[TEMPERATURE DATA]      [PRECIPITATION DATA]       SYMBOLS USED IN COLUMN 16

AVERAGE MONTHLY: 58.7   TOTAL FOR MONTH:   1.34    1 = FOG OR MIST
DPTR FM NORMAL:  -5.6   DPTR FM NORMAL:   -1.33    2 = FOG REDUCING VISIBILITY
HIGHEST:    89 ON  7    GRTST 24HR  2.26 ON 31- 1      TO 1/4 MILE OR LESS
LOWEST:     30 ON 15                               3 = THUNDER
                        SNOW, ICE PELLETS, HAIL    4 = ICE PELLETS
                        TOTAL MONTH:    T          5 = HAIL
                        GRTST 24HR    T  ON 13-13  6 = FREEZING RAIN OR DRIZZLE
                        GRTST DEPTH:   0           7 = DUSTSTORM OR SANDSTORM:
                                                       VSBY 1/2 MILE OR LESS
                                                   8 = SMOKE OR HAZE
[NO. OF DAYS WITH]      [WEATHER - DAYS WITH]      9 = BLOWING SNOW
                                                   X = TORNADO
MAX 32 OR BELOW:   0    0.01 INCH OR MORE:   6
MAX 90 OR ABOVE:   0    0.10 INCH OR MORE:   4
MIN 32 OR BELOW:   2    0.50 INCH OR MORE:   1
MIN  0 OR BELOW:   0    1.00 INCH OR MORE:   0

[HDD (BASE 65) ]
TOTAL THIS MO.   153    CLEAR  (SCALE 0-3)   2
DPTR FM NORMAL    84    PTCLDY (SCALE 4-7)  10
TOTAL FM JUL 1   178    CLOUDY (SCALE 8-10)  6
DPTR FM NORMAL    79

[CDD (BASE 65) ]
TOTAL THIS MO.    45
DPTR FM NORMAL   -11    [PRESSURE DATA]
TOTAL FM JAN 1  3490    HIGHEST SLP M ON M
DPTR FM NORMAL   380    LOWEST  SLP 29.73 ON  5

[REMARKS]
