000
CXUS54 KHGX 230725
CF6IAH
PRELIMINARY LOCAL CLIMATOLOGICAL DATA (WS FORM: F-6)

                                          STATION:   HOUSTON INTERCONTINENTAL
                                          MONTH:     JUNE
                                          YEAR:      2021
                                          LATITUDE:   29 58 N
                                          LONGITUDE:  95 21 W

  TEMPERATURE IN F:       :PCPN:    SNOW:  WIND      :SUNSHINE: SKY     :PK WND
================================================================================
1   2   3   4   5  6A  6B    7    8   9   10  11  12  13   14  15   16   17  18
                                     12Z  AVG MX 2MIN
DY MAX MIN AVG DEP HDD CDD  WTR  SNW DPTH SPD SPD DIR MIN PSBL S-S WX    SPD DR
================================================================================

 1  85  72  79  -2   0  14 0.08  0.0    0  5.4 14 170   M    M   9 1      17 170
 2  91  68  80  -1   0  15 3.77  0.0    0  5.4 29 160   M    M   5 138    41 160
 3  88  70  79  -3   0  14 1.21  0.0    0  6.2 30 150   M    M   8 13     34 160
 4  80  70  75  -7   0  10    T  0.0    0  8.1 15 110   M    M  10 1      20 130
 5  88  71  80  -2   0  15 0.24  0.0    0  5.1 24 150   M    M   8 123    26 150
 6  91  71  81  -1   0  16 0.00  0.0    0  7.0 16 160   M    M   6 123    20 150
 7  91  79  85   3   0  20 0.00  0.0    0 11.4 25 160   M    M   8        32 150
 8  93  81  87   5   0  22 0.01  0.0    0 10.7 23 150   M    M   7        33 140
 9  95  80  88   6   0  23 0.00  0.0    0  9.9 18 150   M    M   6        23 150
10  94  77  86   3   0  21 0.00  0.0    0  8.0 17 160   M    M   5        23 140
11  95  77  86   3   0  21 0.00  0.0    0  7.3 14 160   M    M   2        20 160
12  98  76  87   4   0  22 0.00  0.0    0  4.7 12 180   M    M   5        16 170
13  99  81  90   7   0  25 0.00  0.0    0  5.1 12 350   M    M   6        16 350
14  98  76  87   4   0  22 0.00  0.0    0  5.1 17  70   M    M   5        23  50
15  98  72  85   2   0  20 0.37  0.0    0  5.8 35 110   M    M   5 13     43 120
16  97  71  84   1   0  19 0.00  0.0    0  4.7 17 130   M    M   4        21 130
17  94  75  85   2   0  20 0.00  0.0    0  6.0 10 140   M    M   3         M   M
18  93  73  83   0   0  18 0.00  0.0    0  4.3 13  90   M    M   1        20  80
19  97  74  86   2   0  21    T  0.0    0  5.0 22 170   M    M   3 3      30 160
20  94  75  85   1   0  20 0.00  0.0    0  7.0 20 160   M    M   6        24 170
21  93  77  85   1   0  20    T  0.0    0  9.0 24 140   M    M   7 138    29 140
22  93  76  85   1   0  20 0.32  0.0    0  7.0 22  30   M    M   7 13     25  30
================================================================================
SM 2045 1642         0 418  6.00  0.0    148.2          M      126
================================================================================
AV 93.0 74.6                               6.7 FASTST   M    M   6    MAX(MPH)
                                 MISC ---->    35 110                 43 120
================================================================================
NOTES:
# LAST OF SEVERAL OCCURRENCES

COLUMN 17 PEAK WIND IN M.P.H.

PRELIMINARY LOCAL CLIMATOLOGICAL DATA (WS FORM: F-6) , PAGE 2

                                          STATION:   HOUSTON INTERCONTINENTAL
                                          MONTH:     JUNE
                                          YEAR:      2021
                                          LATITUDE:   29 58 N
                                          LONGITUDE:  95 21 W

[TEMPERATURE DATA]      [PRECIPITATION DATA]       SYMBOLS USED IN COLUMN 16

AVERAGE MONTHLY: 83.8   TOTAL FOR MONTH:   6.00    1 = FOG OR MIST
DPTR FM NORMAL:   1.1   DPTR FM NORMAL:    1.52    2 = FOG REDUCING VISIBILITY
HIGHEST:    99 ON 13    GRTST 24HR  4.65 ON  2- 3      TO 1/4 MILE OR LESS
LOWEST:     68 ON  2                               3 = THUNDER
                        SNOW, ICE PELLETS, HAIL    4 = ICE PELLETS
                        TOTAL MONTH:   0.0 INCH    5 = HAIL
                        GRTST 24HR  0.0            6 = FREEZING RAIN OR DRIZZLE
                        GRTST DEPTH:  0            7 = DUSTSTORM OR SANDSTORM:
                                                       VSBY 1/2 MILE OR LESS
                                                   8 = SMOKE OR HAZE
[NO. OF DAYS WITH]      [WEATHER - DAYS WITH]      9 = BLOWING SNOW
                                                   X = TORNADO
MAX 32 OR BELOW:   0    0.01 INCH OR MORE:   7
MAX 90 OR ABOVE:  18    0.10 INCH OR MORE:   5
MIN 32 OR BELOW:   0    0.50 INCH OR MORE:   2
MIN  0 OR BELOW:   0    1.00 INCH OR MORE:   2

[HDD (BASE 65) ]
TOTAL THIS MO.     0    CLEAR  (SCALE 0-3)   3
DPTR FM NORMAL     0    PTCLDY (SCALE 4-7)  16
TOTAL FM JUL 1  1265    CLOUDY (SCALE 8-10)  3
DPTR FM NORMAL     0

[CDD (BASE 65) ]
TOTAL THIS MO.   418
DPTR FM NORMAL    31    [PRESSURE DATA]
TOTAL FM JAN 1  1076    HIGHEST SLP M ON M
DPTR FM NORMAL    -8    LOWEST  SLP 29.74 ON  6

[REMARKS]
