000
CXUS54 KHGX 271515
CF6IAH
PRELIMINARY LOCAL CLIMATOLOGICAL DATA (WS FORM: F-6)

                                          STATION:   HOUSTON INTERCONTINENTAL
                                          MONTH:     FEBRUARY
                                          YEAR:      2020
                                          LATITUDE:   29 58 N
                                          LONGITUDE:  95 21 W

  TEMPERATURE IN F:       :PCPN:    SNOW:  WIND      :SUNSHINE: SKY     :PK WND
================================================================================
1   2   3   4   5  6A  6B    7    8   9   10  11  12  13   14  15   16   17  18
                                     12Z  AVG MX 2MIN
DY MAX MIN AVG DEP HDD CDD  WTR  SNW DPTH SPD SPD DIR MIN PSBL S-S WX    SPD DR
================================================================================

 1  69  41  55   1  10   0 0.00  0.0    0  5.2 15 280   M    M   1 1      20 280
 2  76  47  62   8   3   0 0.00  0.0    0  7.2 15 230   M    M   5        21 220
 3  76  57  67  13   0   2    T  0.0    0 10.7 24 130   M    M   7        30 160
 4  80  59  70  16   0   5 0.00  0.0    0  8.6 15 330   M    M  10 1      21 200
 5  59  41  50  -5  15   0 0.02  0.0    0 13.4 23 310   M    M  10 138    31 310
 6  52  36  44 -11  21   0 0.07  0.0    0 11.2 24 310   M    M   5 13     33 310
 7  72  33  53  -2  12   0 0.00  0.0    0  6.0 17 240   M    M   2        25 250
 8  73  50  62   7   3   0    T  0.0    0  8.6 18 130   M    M   6        23 140
 9  73  57  65  10   0   0 0.11  0.0    0 12.0 23 150   M    M   8 1      28 150
10  78  53  66  11   0   1 0.03  0.0    0 11.3 21 160   M    M  10 1      27 170
11  57  50  54  -2  11   0 0.05  0.0    0 10.0 17  20   M    M   9 1      21  20
12  57  50  54  -2  11   0 0.01  0.0    0  7.5 17 310   M    M  10 12     23 290
13  60  42  51  -5  14   0 0.00  0.0    0 10.1 23  10   M    M   4 1      27 350
14  62  36  49  -7  16   0 0.00  0.0    0  6.0 15  60   M    M   0        19  90
15  67  40  54  -2  11   0 0.00  0.0    0  8.1 18 140   M    M   8        21 140
16  72  59  66   9   0   1 0.00  0.0    0  3.7 16 140   M    M   9 128    20 150
17  81  58  70  13   0   5 0.01  0.0    0  8.0 18 170   M    M   9 128    25 160
18  79  60  70  13   0   5 0.00  0.0    0  8.1 16 350   M    M  10 18     22 360
19  60  51  56  -1   9   0 0.01  0.0    0 10.2 17  40   M    M  10 18     20  40
20  51  45  48  -9  17   0 0.58  0.0    0 16.0 28  20   M    M  10 1      40  10
21  57  39  48 -10  17   0 0.00  0.0    0 10.0 18  10   M    M   2        25  10
22  64  37  51  -7  14   0 0.00  0.0    0  5.0 18 150   M    M   5        22 150
23  68  49  59   1   6   0    T  0.0    0  9.6 23 160   M    M  10 1      28 160
24  73  53  63   5   2   0 0.69  0.0    0  5.1 14 310   M    M   9        20 290
25  73  47  60   2   5   0 0.00  0.0    0  7.8 21 350   M    M   4        27 350
26  57  42  50  -9  15   0 0.00  0.0    0 14.9 29 330   M    M   6        37 330
================================================================================
SM 1746 1232       212  19  1.58     0.0 234.3          M      179
================================================================================
AV 67.2 47.4                               9.0 FASTST   M    M   7    MAX(MPH)
                                 MISC ---->  # 29 330               # 40   10
================================================================================
NOTES:
# LAST OF SEVERAL OCCURRENCES

COLUMN 17 PEAK WIND IN M.P.H.

PRELIMINARY LOCAL CLIMATOLOGICAL DATA (WS FORM: F-6) , PAGE 2

                                          STATION:  HOUSTON INTERCONTINENTAL
                                          MONTH:    FEBRUARY
                                          YEAR:     2020
                                          LATITUDE:   29 58 N
                                          LONGITUDE:  95 21 W

[TEMPERATURE DATA]      [PRECIPITATION DATA]       SYMBOLS USED IN COLUMN 16

AVERAGE MONTHLY: 57.3   TOTAL FOR MONTH:   1.58    1 = FOG OR MIST
DPTR FM NORMAL:   1.1   DPTR FM NORMAL:   -1.39    2 = FOG REDUCING VISIBILITY
HIGHEST:    81 ON 17    GRTST 24HR  0.69 ON 24-24      TO 1/4 MILE OR LESS
LOWEST:     33 ON  7                               3 = THUNDER
                        SNOW, ICE PELLETS, HAIL    4 = ICE PELLETS
                        TOTAL MONTH:   0.0 INCH    5 = HAIL
                        GRTST 24HR     0.0         6 = FREEZING RAIN OR DRIZZLE
                        GRTST DEPTH:   0           7 = DUSTSTORM OR SANDSTORM:
                                                       VSBY 1/2 MILE OR LESS
                                                   8 = SMOKE OR HAZE
[NO. OF DAYS WITH]      [WEATHER - DAYS WITH]      9 = BLOWING SNOW
                                                   X = TORNADO
MAX 32 OR BELOW:   0    0.01 INCH OR MORE:  10
MAX 90 OR ABOVE:   0    0.10 INCH OR MORE:   3
MIN 32 OR BELOW:   0    0.50 INCH OR MORE:   2
MIN  0 OR BELOW:   0    1.00 INCH OR MORE:   0

[HDD (BASE 65) ]
TOTAL THIS MO.   212    CLEAR  (SCALE 0-3)   4
DPTR FM NORMAL   -37    PTCLDY (SCALE 4-7)   9
TOTAL FM JUL 1   950    CLOUDY (SCALE 8-10) 13
DPTR FM NORMAL  -223

[CDD (BASE 65) ]
TOTAL THIS MO.    19
DPTR FM NORMAL    -7    [PRESSURE DATA]
TOTAL FM JAN 1    54    HIGHEST SLP M ON M
DPTR FM NORMAL    13    LOWEST  SLP 29.70 ON  5

[REMARKS]
