634
CXUS54 KHGX 211415
CF6IAH
PRELIMINARY LOCAL CLIMATOLOGICAL DATA (WS FORM: F-6)

                                          STATION:   HOUSTON INTERCONTINENTAL
                                          MONTH:     JULY
                                          YEAR:      2018
                                          LATITUDE:   29 58 N
                                          LONGITUDE:  95 21 W

  TEMPERATURE IN F:       :PCPN:    SNOW:  WIND      :SUNSHINE: SKY     :PK WND
================================================================================
1   2   3   4   5  6A  6B    7    8   9   10  11  12  13   14  15   16   17  18
                                     12Z  AVG MX 2MIN
DY MAX MIN AVG DEP HDD CDD  WTR  SNW DPTH SPD SPD DIR MIN PSBL S-S WX    SPD DR
================================================================================

 1  97  75  86   2   0  21 0.00  0.0    0  7.7 18 150   M    M   2        23 120
 2  97  77  87   3   0  22 0.00  0.0    0  5.0 16 150   M    M   3        20 140
 3  97  76  87   3   0  22 0.00  0.0    0  6.4 24  30   M    M   5 3      28  30
 4  78  72  75  -9   0  10 4.19  0.0    0  5.5 14  80   M    M   9 1      20 200
 5  94  72  83  -1   0  18 0.05  0.0    0  5.9 21 350   M    M   5 13     24 340
 6  93  74  84   0   0  19 0.03  0.0    0  5.9 22 110   M    M   4 13     28 100
 7  93  74  84   0   0  19    T  0.0    0  5.3 17  20   M    M   7 3      22  20
 8  88  74  81  -3   0  16 0.19  0.0    0  3.9 21 150   M    M   7 13     24 160
 9  86  75  81  -3   0  16    T  0.0    0  3.4 14 230   M    M   8 3      18 230
10  93  73  83  -1   0  18 0.00  0.0    0  3.5 15 140   M    M   5        18 150
11  96  77  87   3   0  22 0.00  0.0    0  4.8 13 150   M    M   6        15 130
12  95  78  87   3   0  22    T  0.0    0  4.9 16 130   M    M   7 3      21 220
13  95  75  85   1   0  20 0.00  0.0    0  4.6 16 140   M    M   5        20 160
14  94  76  85   1   0  20 0.02  0.0    0  4.7 16 170   M    M   5 3      23 140
15  95  77  86   2   0  21 0.00  0.0    0  4.9 12 190   M    M   4        16 180
16  97  76  87   3   0  22 0.00  0.0    0  4.8 12 250   M    M   4 18     16 240
17  96  77  87   3   0  22 0.00  0.0    0  5.8 12 210   M    M   4 1      17 250
18  97  79  88   4   0  23 0.00  0.0    0  6.5 14 270   M    M   4        18 270
19  98  80  89   5   0  24 0.00  0.0    0  7.3 15 240   M    M   4        20 230
20  99  80  90   5   0  25 0.00  0.0    0  7.2 15 230   M    M   4        22 230
================================================================================
SM 1878 1517         0 402  4.48     0.0 108.0          M      102
================================================================================
AV 93.9 75.9                               5.4 FASTST   M    M   5    MAX(MPH)
                                 MISC ---->  # 24  30               # 28   30
================================================================================
NOTES:
# LAST OF SEVERAL OCCURRENCES

COLUMN 17 PEAK WIND IN M.P.H.

PRELIMINARY LOCAL CLIMATOLOGICAL DATA (WS FORM: F-6) , PAGE 2

                                          STATION:  HOUSTON INTERCONTINENTAL
                                          MONTH:    JULY
                                          YEAR:     2018
                                          LATITUDE:   29 58 N
                                          LONGITUDE:  95 21 W

[TEMPERATURE DATA]      [PRECIPITATION DATA]       SYMBOLS USED IN COLUMN 16

AVERAGE MONTHLY: 84.9   TOTAL FOR MONTH:   4.48    1 = FOG OR MIST
DPTR FM NORMAL:   0.8   DPTR FM NORMAL:    1.79    2 = FOG REDUCING VISIBILITY
HIGHEST:    99 ON 20    GRTST 24HR  4.19 ON  4- 4      TO 1/4 MILE OR LESS
LOWEST:     72 ON  5, 4                            3 = THUNDER
                        SNOW, ICE PELLETS, HAIL    4 = ICE PELLETS
                        TOTAL MONTH:   0.0 INCH    5 = HAIL
                        GRTST 24HR     0.0         6 = FREEZING RAIN OR DRIZZLE
                        GRTST DEPTH:   0           7 = DUSTSTORM OR SANDSTORM:
                                                       VSBY 1/2 MILE OR LESS
                                                   8 = SMOKE OR HAZE
[NO. OF DAYS WITH]      [WEATHER - DAYS WITH]      9 = BLOWING SNOW
                                                   X = TORNADO
MAX 32 OR BELOW:   0    0.01 INCH OR MORE:   5
MAX 90 OR ABOVE:  17    0.10 INCH OR MORE:   2
MIN 32 OR BELOW:   0    0.50 INCH OR MORE:   1
MIN  0 OR BELOW:   0    1.00 INCH OR MORE:   1

[HDD (BASE 65) ]
TOTAL THIS MO.     0    CLEAR  (SCALE 0-3)   2
DPTR FM NORMAL     0    PTCLDY (SCALE 4-7)  17
TOTAL FM JUL 1     0    CLOUDY (SCALE 8-10)  1
DPTR FM NORMAL     0

[CDD (BASE 65) ]
TOTAL THIS MO.   402
DPTR FM NORMAL    20    [PRESSURE DATA]
TOTAL FM JAN 1  1822    HIGHEST SLP M ON M
DPTR FM NORMAL   268    LOWEST  SLP 29.86 ON M

[REMARKS]
