000
CXUS53 KUNR 290945
CF6ICR
PRELIMINARY LOCAL CLIMATOLOGICAL DATA (WS FORM: F-6)

                                          STATION:   WINNER REGIONAL AIRPORT SD
                                          MONTH:     MAY
                                          YEAR:      2020
                                          LATITUDE:   43 23 N
                                          LONGITUDE:  99 50 W

  TEMPERATURE IN F:       :PCPN:    SNOW:  WIND      :SUNSHINE: SKY     :PK WND
================================================================================
1   2   3   4   5  6A  6B    7    8   9   10  11  12  13   14  15   16   17  18
                                     12Z  AVG MX 2MIN
DY MAX MIN AVG DEP HDD CDD  WTR  SNW DPTH SPD SPD DIR MIN PSBL S-S WX    SPD DR
================================================================================

 1  82  57  70  17   0   5    T    M    M 16.0 30 320   M    M   1        46 310
 2  73  53  63   9   2   0 0.00    M    M  6.4 14 240   M    M   1 8      20 310
 3  76  47  62   8   3   0    T    M    M  9.4 21 140   M    M   3        30 130
 4  58  43  51  -3  14   0 0.91    M    M 17.2 30 330   M    M   8 1      39 330
 5  64  39  52  -3  13   0 0.03    M    M 13.8 41 300   M    M   1        60 310
 6  64  35  50  -5  15   0 0.00    M    M  6.9 14 300   M    M   1        19 320
 7  50  37  44 -11  21   0 1.21    M    M 13.7 24 120   M    M   7 1      33 120
 8  61  30  46 -10  19   0 0.00    M    M  5.5 13 150   M    M   0        17 160
 9  53  31  42 -14  23   0 0.05    M    M 22.1 40 310   M    M   9        55 310
10  53  29  41 -15  24   0 0.00    M    M 11.4 22 320   M    M   6        32 350
11  49  31  40 -17  25   0 0.00    M    M  2.8  9 160   M    M   7        11 160
12  50  40  45 -12  20   0 0.00    M    M 13.9 25 130   M    M  10        34 120
13  63  44  54  -3  11   0    T    M    M 10.7 21 160   M    M   7        31 160
14  71  47  59   1   6   0 0.03    M    M  6.3 17 300   M    M   2        24 290
15  62  44  53  -5  12   0 0.28    M    M 10.7 33 140   M    M   7 1      48 140
16  54  50  52  -6  13   0 0.69    M    M 11.3 33 150   M    M  10 18     45 150
17  66  48  57  -1   8   0 0.01    M    M  9.3 15  30   M    M   8 1      23  30
18  69  41  55  -4  10   0 0.00    M    M  9.9 17 130   M    M   1 1      23 120
19  73  47  60   1   5   0 0.00    M    M 13.5 21 140   M    M   0        27 130
20  73  52  63   4   2   0 0.00    M    M 19.2 31 130   M    M   3 18     42 130
21  65  60  63   3   2   0 0.06    M    M 16.0 23 170   M    M   7        35 160
22  74  58  66   6   0   1 0.00    M    M 11.1 20 190   M    M   1        26 180
23  79  54  67   7   0   2 0.19    M    M 12.7 28 290   M    M   2 13     40 310
24  69  52  61   0   4   0 0.32    M    M 14.4 25  40   M    M   8 1      32 300
25  65  47  56  -5   9   0 0.20    M    M 10.1 20 300   M    M   7 1      25 290
26  74  45  60  -1   5   0 0.00    M    M  6.0 12 330   M    M   0        18 320
27  82  51  67   5   0   2 0.00    M    M  6.9 14  10   M    M   0        19  10
28  71  48  60  -2   5   0    T    M    M 10.8 22 320   M    M   5 8      33 320
================================================================================
SM 1843 1260       271  10  3.98    M    318.0          M      122
================================================================================
AV 65.8 45.0                              11.4 FASTST   M    M   4    MAX(MPH)
                                 MISC ---->  # 41 300               # 60  310
================================================================================
NOTES:
# LAST OF SEVERAL OCCURRENCES

COLUMN 17 PEAK WIND IN M.P.H.

PRELIMINARY LOCAL CLIMATOLOGICAL DATA (WS FORM: F-6) , PAGE 2

                                          STATION:  WINNER REGIONAL AIRPORT SD
                                          MONTH:    MAY
                                          YEAR:     2020
                                          LATITUDE:   43 23 N
                                          LONGITUDE:  99 50 W

[TEMPERATURE DATA]      [PRECIPITATION DATA]       SYMBOLS USED IN COLUMN 16

AVERAGE MONTHLY: 55.4   TOTAL FOR MONTH:   3.98    1 = FOG OR MIST
DPTR FM NORMAL:  -2.3   DPTR FM NORMAL:    0.95    2 = FOG REDUCING VISIBILITY
HIGHEST:    82 ON 27, 1 GRTST 24HR  1.21 ON  7- 7      TO 1/4 MILE OR LESS
LOWEST:     29 ON 10                               3 = THUNDER
                        SNOW, ICE PELLETS, HAIL    4 = ICE PELLETS
                        TOTAL MONTH:    M          5 = HAIL
                        GRTST 24HR    M  ON   M    6 = FREEZING RAIN OR DRIZZLE
                        GRTST DEPTH:  M  ON   M    7 = DUSTSTORM OR SANDSTORM:
                                                       VSBY 1/2 MILE OR LESS
                                                   8 = SMOKE OR HAZE
[NO. OF DAYS WITH]      [WEATHER - DAYS WITH]      9 = BLOWING SNOW
                                                   X = TORNADO
MAX 32 OR BELOW:   0    0.01 INCH OR MORE:  12
MAX 90 OR ABOVE:   0    0.10 INCH OR MORE:   7
MIN 32 OR BELOW:   4    0.50 INCH OR MORE:   3
MIN  0 OR BELOW:   0    1.00 INCH OR MORE:   1

[HDD (BASE 65) ]
TOTAL THIS MO.   271    CLEAR  (SCALE 0-3)  14
DPTR FM NORMAL    42    PTCLDY (SCALE 4-7)  11
TOTAL FM JUL 1  6498    CLOUDY (SCALE 8-10)  3
DPTR FM NORMAL  -135

[CDD (BASE 65) ]
TOTAL THIS MO.    10
DPTR FM NORMAL   -14    [PRESSURE DATA]
TOTAL FM JAN 1    10    HIGHEST SLP M ON M
DPTR FM NORMAL   -16    LOWEST  SLP 29.32 ON 20

[REMARKS]
