000
CXUS53 KICT 230800
CF6ICT
PRELIMINARY LOCAL CLIMATOLOGICAL DATA (WS FORM: F-6)

                                          STATION:   WICHITA EISENHOWER NATIONAL
                                          MONTH:     JANUARY
                                          YEAR:      2019
                                          LATITUDE:   37 39 N
                                          LONGITUDE:  97 25 W

  TEMPERATURE IN F:       :PCPN:    SNOW:  WIND      :SUNSHINE: SKY     :PK WND
================================================================================
1   2   3   4   5  6A  6B    7    8   9   10  11  12  13   14  15   16   17  18
                                     12Z  AVG MX 2MIN
DY MAX MIN AVG DEP HDD CDD  WTR  SNW DPTH SPD SPD DIR MIN PSBL S-S WX    SPD DR
================================================================================

 1  20  17  19 -13  46   0    T    T    0 10.5 23 340   M    M  10        30 340
 2  37  17  27  -5  38   0 0.00  0.0    0  6.6 16 220   M    M   4        20 200
 3  38  18  28  -4  37   0 0.00  0.0    0  3.1 12 180   M    M   6        14 190
 4  58  22  40   8  25   0 0.00  0.0    0  5.5 15 320   M    M   3        17 320
 5  61  26  44  12  21   0 0.00  0.0    0  5.4 12 160   M    M   1        14 170
 6  59  44  52  20  13   0    T  0.0    0 17.5 28 180   M    M   7        35 190
 7  62  35  49  17  16   0 0.00  0.0    0  9.9 25 200   M    M   3        36 210
 8  54  32  43  11  22   0 0.00  0.0    0 11.8 24 350   M    M   1        32 350
 9  48  23  36   4  29   0 0.00  0.0    0  5.5 12  30   M    M   3        14  40
10  50  30  40   8  25   0 0.00  0.0    0 12.4 23 160   M    M   6        31 160
11  39  34  37   5  28   0 0.60    T    0  9.9 15 120   M    M   9 1      21 130
12  35  30  33   1  32   0 0.02    T    0 15.7 26 340   M    M   9 1      33 330
13  31  28  30  -2  35   0 0.00  0.0    0  9.7 18 350   M    M  10 1      25 350
14  38  27  33   1  32   0 0.00  0.0    0  7.4 13 210   M    M   7 1      15 200
15  48  24  36   4  29   0 0.00  0.0    0  6.1 12 210   M    M   4 128    16 210
16  42  29  36   4  29   0 0.06    M    0  5.1 12  20   M    M  10 12     15  80
17  38  33  36   4  29   0    T  0.0    0  7.3 16 350   M    M  10 1      21 350
18  46  26  36   4  29   0 0.62  0.9    0 15.8 35 350   M    M  10 129    49 340
19  26  18  22 -10  43   0    T    T    1 19.1 37 350   M    M   7 19     54 340
20  39  14  27  -5  38   0 0.00  0.0    T 10.0 22 190   M    M   3        27 190
21  48  29  39   7  26   0 0.00  0.0    0 18.4 29 160   M    M   7        41 160
22  48  22  35   3  30   0 0.01  0.2    0 21.0 30 340   M    M  10 1      39 330
================================================================================
SM  965  578       652   0  1.31     1.1 233.7          M      140
================================================================================
AV 43.9 26.3                              10.6 FASTST   M    M   6    MAX(MPH)
                                 MISC ---->  # 37 350               # 54  340
================================================================================
NOTES:
# LAST OF SEVERAL OCCURRENCES

COLUMN 17 PEAK WIND IN M.P.H.

PRELIMINARY LOCAL CLIMATOLOGICAL DATA (WS FORM: F-6) , PAGE 2

                                          STATION:  WICHITA EISENHOWER NATIONAL
                                          MONTH:    JANUARY
                                          YEAR:     2019
                                          LATITUDE:   37 39 N
                                          LONGITUDE:  97 25 W

[TEMPERATURE DATA]      [PRECIPITATION DATA]       SYMBOLS USED IN COLUMN 16

AVERAGE MONTHLY: 35.1   TOTAL FOR MONTH:   1.31    1 = FOG OR MIST
DPTR FM NORMAL:   3.1   DPTR FM NORMAL:    0.77    2 = FOG REDUCING VISIBILITY
HIGHEST:    62 ON  7    GRTST 24HR  0.62 ON 18-18      TO 1/4 MILE OR LESS
LOWEST:     14 ON 20                               3 = THUNDER
                        SNOW, ICE PELLETS, HAIL    4 = ICE PELLETS
                        TOTAL MONTH:   1.1 INCHES  5 = HAIL
                        GRTST 24HR   0.9 ON 18-18  6 = FREEZING RAIN OR DRIZZLE
                        GRTST DEPTH:   1 ON 19     7 = DUSTSTORM OR SANDSTORM:
                                                       VSBY 1/2 MILE OR LESS
                                                   8 = SMOKE OR HAZE
[NO. OF DAYS WITH]      [WEATHER - DAYS WITH]      9 = BLOWING SNOW
                                                   X = TORNADO
MAX 32 OR BELOW:   3    0.01 INCH OR MORE:   5
MAX 90 OR ABOVE:   0    0.10 INCH OR MORE:   2
MIN 32 OR BELOW:  18    0.50 INCH OR MORE:   2
MIN  0 OR BELOW:   0    1.00 INCH OR MORE:   0

[HDD (BASE 65) ]
TOTAL THIS MO.   652    CLEAR  (SCALE 0-3)   5
DPTR FM NORMAL   -74    PTCLDY (SCALE 4-7)   9
TOTAL FM JUL 1  2521    CLOUDY (SCALE 8-10)  8
DPTR FM NORMAL   -48

[CDD (BASE 65) ]
TOTAL THIS MO.     0
DPTR FM NORMAL     0    [PRESSURE DATA]
TOTAL FM JAN 1     0    HIGHEST SLP M ON M
DPTR FM NORMAL     0    LOWEST  SLP 29.61 ON  7

[REMARKS]
