000
CXUS55 KPIH 201200
CF6IDA

PRELIMINARY LOCAL CLIMATOLOGICAL DATA (WS FORM: F-6)

                                          STATION:   IDAHO FALLS ID
                                          MONTH:     NOVEMBER
                                          YEAR:      2018
                                          LATITUDE:   43 31 N
                                          LONGITUDE: 112  4 W

  TEMPERATURE IN F:       :PCPN:    SNOW:  WIND      :SUNSHINE: SKY     :PK WND
================================================================================
1   2   3   4   5  6A  6B    7    8   9   10  11  12  13   14  15   16   17  18
                                     12Z  AVG MX 2MIN
DY MAX MIN AVG DEP HDD CDD  WTR  SNW DPTH SPD SPD DIR MIN PSBL S-S WX    SPD DR
================================================================================

 1  50  35  43   4  22   0 0.00    M    M 11.4 21 210   M    M  10        26 210
 2  60  37  49  10  16   0 0.01    M    M 17.8 37 230   M    M   5 3      46 220
 3  48  31  40   2  25   0 0.00    M    M 13.2 20 210   M    M   6        23 200
 4  50  32  41   3  24   0 0.01    M    M 17.3 32 220   M    M   7        40 230
 5  48  28  38   0  27   0    T    M    M 13.1 24 270   M    M   5        33 260
 6  46  26  36  -1  29   0    T    M    M 11.5 26 280   M    M   5        33 290
 7  40  22  31  -6  34   0    T    M    M  7.5 16 210   M    M   7        19 200
 8  39  16  28  -8  37   0 0.00    M    M 10.0 20 210   M    M   2        23 210
 9  40  11  26 -10  39   0 0.00    M    M  5.8 16 210   M    M   1        20 210
10  42  19  31  -4  34   0 0.00    M    M  5.4 15 360   M    M   5        19 340
11  36  12  24 -11  41   0    T    M    M  6.5 20 360   M    M   2        25 360
12  37   8  23 -11  42   0 0.00    M    M  4.1  9 220   M    M   0        16 340
13  41  11  26  -8  39   0 0.00    M    M  3.4  8 290   M    M   0        12 340
14  47  14  31  -2  34   0 0.00    M    M  3.9 12 350   M    M   1        17 350
15  47  15  31  -2  34   0 0.00    M    M  3.7 13  30   M    M   1        17  20
16  49  16  33   1  32   0 0.07    M    M  5.3 15 240   M    M   5 1      19 240
17  38  16  27  -5  38   0 0.01    M    M  4.6 12  20   M    M   2 1      17 350
18  32  11  22  -9  43   0 0.00    M    M  4.6 10 350   M    M   3        16 340
19  40  12  26  -4  39   0 0.00    M    M  5.4  9  10   M    M   0        15 340
================================================================================
SM  830  372       629   0  0.10    M    154.5          M       67
================================================================================
AV 43.7 19.6                               8.1 FASTST   M    M   4    MAX(MPH)
                                 MISC ---->  # 37 230               # 46  220
================================================================================
NOTES:
# LAST OF SEVERAL OCCURRENCES
PRECIPITATION SUSPECT DURING FREEZING/FROZEN EVENTS

COLUMN 17 PEAK WIND IN M.P.H.

PRELIMINARY LOCAL CLIMATOLOGICAL DATA (WS FORM: F-6) , PAGE 2

                                          STATION:  IDAHO FALLS ID
                                          MONTH:    NOVEMBER
                                          YEAR:     2018
                                          LATITUDE:   43 31 N
                                          LONGITUDE: 112  4 W

[TEMPERATURE DATA]      [PRECIPITATION DATA]       SYMBOLS USED IN COLUMN 16

AVERAGE MONTHLY: 31.6   TOTAL FOR MONTH:   0.10    1 = FOG OR MIST
DPTR FM NORMAL:  -3.5   DPTR FM NORMAL:   -0.43    2 = FOG REDUCING VISIBILITY
HIGHEST:    60 ON  2    GRTST 24HR  0.07 ON 16-16      TO 1/4 MILE OR LESS
LOWEST:      8 ON 12                               3 = THUNDER
                        SNOW, ICE PELLETS, HAIL    4 = ICE PELLETS
                        TOTAL MONTH:    M          5 = HAIL
                        GRTST 24HR    M  ON   M    6 = FREEZING RAIN OR DRIZZLE
                        GRTST DEPTH:  M  ON   M    7 = DUSTSTORM OR SANDSTORM:
                                                       VSBY 1/2 MILE OR LESS
                                                   8 = SMOKE OR HAZE
[NO. OF DAYS WITH]      [WEATHER - DAYS WITH]      9 = BLOWING SNOW
                                                   X = TORNADO
MAX 32 OR BELOW:   1    0.01 INCH OR MORE:   4
MAX 90 OR ABOVE:   0    0.10 INCH OR MORE:   0
MIN 32 OR BELOW:  17    0.50 INCH OR MORE:   0
MIN  0 OR BELOW:   0    1.00 INCH OR MORE:   0

[HDD (BASE 65) ]
TOTAL THIS MO.   629    CLEAR  (SCALE 0-3)  10
DPTR FM NORMAL    62    PTCLDY (SCALE 4-7)   8
TOTAL FM JUL 1  1494    CLOUDY (SCALE 8-10)  1
DPTR FM NORMAL     5

[CDD (BASE 65) ]
TOTAL THIS MO.     0
DPTR FM NORMAL     0    [PRESSURE DATA]
TOTAL FM JAN 1   277    HIGHEST SLP M ON M
DPTR FM NORMAL    13    LOWEST  SLP 29.79 ON  4

[REMARKS]
