000
CXUS55 KPIH 211200
CF6IDA

PRELIMINARY LOCAL CLIMATOLOGICAL DATA (WS FORM: F-6)

                                          STATION:   IDAHO FALLS ID
                                          MONTH:     AUGUST
                                          YEAR:      2018
                                          LATITUDE:   43 31 N
                                          LONGITUDE: 112  4 W

  TEMPERATURE IN F:       :PCPN:    SNOW:  WIND      :SUNSHINE: SKY     :PK WND
================================================================================
1   2   3   4   5  6A  6B    7    8   9   10  11  12  13   14  15   16   17  18
                                     12Z  AVG MX 2MIN
DY MAX MIN AVG DEP HDD CDD  WTR  SNW DPTH SPD SPD DIR MIN PSBL S-S WX    SPD DR
================================================================================

 1  93  57  75   6   0  10 0.02    M    M  6.6 28 320   M    M   1 38     39 310
 2  94  51  73   4   0   8 0.00    M    M 10.6 25 210   M    M   1 18     32 210
 3  86  53  70   1   0   5 0.00    M    M 14.1 30 220   M    M   1 18     40 210
 4  84  45  65  -4   0   0 0.00    M    M  8.5 21 220   M    M   0 8      26 200
 5  81  51  66  -3   0   1 0.00    M    M  9.5 32 190   M    M   3 8      40 190
 6  83  47  65  -4   0   0 0.00    M    M  4.5 13 360   M    M   0 8      16 360
 7  87  45  66  -3   0   1 0.00    M    M  4.9 15 170   M    M   0 8      21 190
 8  93  47  70   2   0   5 0.00    M    M  4.6 15 210   M    M   0 8      18 200
 9  95  48  72   4   0   7 0.00    M    M  5.0 14  40   M    M   0 8      18  40
10  98  49  74   6   0   9 0.00    M    M  6.1 15  30   M    M   0 8      18  30
11  98  48  73   5   0   8 0.00    M    M  6.7 16 210   M    M   0 8      20 220
12  88  50  69   1   0   4 0.00    M    M 10.3 24 210   M    M   0 8      29 200
13  90  48  69   1   0   4 0.00    M    M  9.2 23 220   M    M   0 8      28 220
14  88  50  69   1   0   4 0.00    M    M  7.4 20 180   M    M   0 8      25 180
15  89  44  67   0   0   2 0.00    M    M  4.4 14 300   M    M   0 8      16 300
16  86  43  65  -2   0   0 0.00    M    M  5.9 20 210   M    M   1        24 210
17  90  47  69   2   0   4    T    M    M  5.7 26 220   M    M   1 3      33 220
18  82  46  64  -3   1   0 0.00    M    M  5.9 15 200   M    M   1        20 220
19  85  47  66  -1   0   1 0.00    M    M  5.0 12  10   M    M   0 18     16 140
20  82  45  64  -2   1   0    T    M    M  7.8 22 350   M    M   4 18     28  20
================================================================================
SM 1772  961         2  73  0.02    M    142.7          M       13
================================================================================
AV 88.6 48.1                               7.1 FASTST   M    M   1    MAX(MPH)
                                 MISC ---->  # 32 190               # 40  210
================================================================================
NOTES:
# LAST OF SEVERAL OCCURRENCES
PRECIPITATION SUSPECT DURING FREEZING/FROZEN EVENTS

COLUMN 17 PEAK WIND IN M.P.H.

PRELIMINARY LOCAL CLIMATOLOGICAL DATA (WS FORM: F-6) , PAGE 2

                                          STATION:  IDAHO FALLS ID
                                          MONTH:    AUGUST
                                          YEAR:     2018
                                          LATITUDE:   43 31 N
                                          LONGITUDE: 112  4 W

[TEMPERATURE DATA]      [PRECIPITATION DATA]       SYMBOLS USED IN COLUMN 16

AVERAGE MONTHLY: 68.3   TOTAL FOR MONTH:   0.02    1 = FOG OR MIST
DPTR FM NORMAL:   0.3   DPTR FM NORMAL:   -0.29    2 = FOG REDUCING VISIBILITY
HIGHEST:    98 ON 11,10 GRTST 24HR  0.02 ON  1- 1      TO 1/4 MILE OR LESS
LOWEST:     43 ON 16                               3 = THUNDER
                        SNOW, ICE PELLETS, HAIL    4 = ICE PELLETS
                        TOTAL MONTH:    M          5 = HAIL
                        GRTST 24HR    M  ON   M    6 = FREEZING RAIN OR DRIZZLE
                        GRTST DEPTH:  M  ON   M    7 = DUSTSTORM OR SANDSTORM:
                                                       VSBY 1/2 MILE OR LESS
                                                   8 = SMOKE OR HAZE
[NO. OF DAYS WITH]      [WEATHER - DAYS WITH]      9 = BLOWING SNOW
                                                   X = TORNADO
MAX 32 OR BELOW:   0    0.01 INCH OR MORE:   1
MAX 90 OR ABOVE:   8    0.10 INCH OR MORE:   0
MIN 32 OR BELOW:   0    0.50 INCH OR MORE:   0
MIN  0 OR BELOW:   0    1.00 INCH OR MORE:   0

[HDD (BASE 65) ]
TOTAL THIS MO.     2    CLEAR  (SCALE 0-3)  19
DPTR FM NORMAL   -10    PTCLDY (SCALE 4-7)   1
TOTAL FM JUL 1    14    CLOUDY (SCALE 8-10)  0
DPTR FM NORMAL   -25

[CDD (BASE 65) ]
TOTAL THIS MO.    73
DPTR FM NORMAL     0    [PRESSURE DATA]
TOTAL FM JAN 1   265    HIGHEST SLP M ON M
DPTR FM NORMAL    37    LOWEST  SLP 25.52 ON  1

[REMARKS]
