000
CXUS55 KPIH 261200
CF6IDA

PRELIMINARY LOCAL CLIMATOLOGICAL DATA (WS FORM: F-6)

                                          STATION:   IDAHO FALLS ID
                                          MONTH:     OCTOBER
                                          YEAR:      2020
                                          LATITUDE:   43 31 N
                                          LONGITUDE: 112  4 W

  TEMPERATURE IN F:       :PCPN:    SNOW:  WIND      :SUNSHINE: SKY     :PK WND
================================================================================
1   2   3   4   5  6A  6B    7    8   9   10  11  12  13   14  15   16   17  18
                                     12Z  AVG MX 2MIN
DY MAX MIN AVG DEP HDD CDD  WTR  SNW DPTH SPD SPD DIR MIN PSBL S-S WX    SPD DR
================================================================================

 1  77  35  56   5   9   0 0.00    M    M  5.0 13 210   M    M   1        14 210
 2  73  42  58   8   7   0 0.00    M    M  5.6 13 230   M    M   1 8      17 210
 3  75  38  57   7   8   0 0.00    M    M  2.4  9 350   M    M   0 18     10 240
 4  76  35  56   6   9   0 0.00    M    M  7.1 18 210   M    M   0 18     22 200
 5  73  34  54   5  11   0 0.00    M    M  5.7 14 230   M    M   0 8      17 220
 6  76  33  55   6  10   0 0.00    M    M  5.2 18 210   M    M   0        21 210
 7  77  34  56   8   9   0 0.00    M    M  2.9  8 350   M    M   0 8      10 360
 8  78  34  56   8   9   0 0.00    M    M  9.7 22 220   M    M   1 18     27 210
 9  74  31  53   5  12   0 0.00    M    M  6.7 16 190   M    M   0 8      22 200
10  74  33  54   7  11   0 0.05    M    M 13.8 31 260   M    M   4 18     43 260
11  56  39  48   1  17   0    T    M    M 18.8 36 210   M    M   4        39 210
12  63  39  51   4  14   0 0.00    M    M 20.9 40 240   M    M   1        53 230
13  66  41  54   8  11   0 0.00    M    M 17.1 35 230   M    M   4        45 210
14  58  29  44  -2  21   0 0.00    M    M 10.7 26 230   M    M   0 8      33 230
15  52  28  40  -6  25   0 0.00    M    M  9.2 17 220   M    M   0        20 220
16  62  33  48   3  17   0 0.00    M    M 18.4 31 220   M    M   1        39 210
17  67  48  58  13   7   0 0.00    M    M 21.0 33 220   M    M   4        43 220
18  65  47  56  12   9   0 0.00    M    M 20.8 33 230   M    M   8        41 210
19  60  49  55  11  10   0 0.00    M    M 23.0 33 220   M    M   2        39 220
20  58  45  52   8  13   0 0.00    M    M 16.5 25 210   M    M   5        31 210
21  58  29  44   1  21   0 0.00    M    M 19.0 41 220   M    M   2        51 210
22  42  16  29 -14  36   0    T    M    M 11.2 21  20   M    M   3        26 360
23  47  13  30 -13  35   0 0.00    M    M 10.5 35 210   M    M   2        40 210
24  50  20  35  -7  30   0 0.15    M    M 20.9 31 190   M    M  10 1      41 200
25  30   8  19 -23  46   0 0.00    M    M 18.5 29 360   M    M   5 8      35  10
================================================================================
SM 1587  833       407   0  0.20    M    320.6          M       58
================================================================================
AV 63.5 33.3                              12.8 FASTST   M    M   2    MAX(MPH)
                                 MISC ---->  # 41 220               # 53  230
================================================================================
NOTES:
# LAST OF SEVERAL OCCURRENCES
PRECIPITATION SUSPECT DURING FREEZING/FROZEN EVENTS

COLUMN 17 PEAK WIND IN M.P.H.

PRELIMINARY LOCAL CLIMATOLOGICAL DATA (WS FORM: F-6) , PAGE 2

                                          STATION:  IDAHO FALLS ID
                                          MONTH:    OCTOBER
                                          YEAR:     2020
                                          LATITUDE:   43 31 N
                                          LONGITUDE: 112  4 W

[TEMPERATURE DATA]      [PRECIPITATION DATA]       SYMBOLS USED IN COLUMN 16

AVERAGE MONTHLY: 48.4   TOTAL FOR MONTH:   0.20    1 = FOG OR MIST
DPTR FM NORMAL:   2.1   DPTR FM NORMAL:   -0.48    2 = FOG REDUCING VISIBILITY
HIGHEST:    78 ON  8    GRTST 24HR  0.15 ON 24-24      TO 1/4 MILE OR LESS
LOWEST:      8 ON 25                               3 = THUNDER
                        SNOW, ICE PELLETS, HAIL    4 = ICE PELLETS
                        TOTAL MONTH:    M          5 = HAIL
                        GRTST 24HR    M  ON   M    6 = FREEZING RAIN OR DRIZZLE
                        GRTST DEPTH:  M  ON   M    7 = DUSTSTORM OR SANDSTORM:
                                                       VSBY 1/2 MILE OR LESS
                                                   8 = SMOKE OR HAZE
[NO. OF DAYS WITH]      [WEATHER - DAYS WITH]      9 = BLOWING SNOW
                                                   X = TORNADO
MAX 32 OR BELOW:   1    0.01 INCH OR MORE:   2
MAX 90 OR ABOVE:   0    0.10 INCH OR MORE:   1
MIN 32 OR BELOW:   8    0.50 INCH OR MORE:   0
MIN  0 OR BELOW:   0    1.00 INCH OR MORE:   0

[HDD (BASE 65) ]
TOTAL THIS MO.   407    CLEAR  (SCALE 0-3)  16
DPTR FM NORMAL   -61    PTCLDY (SCALE 4-7)   8
TOTAL FM JUL 1   659    CLOUDY (SCALE 8-10)  1
DPTR FM NORMAL  -117

[CDD (BASE 65) ]
TOTAL THIS MO.     0
DPTR FM NORMAL     0    [PRESSURE DATA]
TOTAL FM JAN 1   280    HIGHEST SLP M ON M
DPTR FM NORMAL    16    LOWEST  SLP 29.70 ON 10

[REMARKS]
