000
CXUS53 KUNR 210945
CF6IEN
PRELIMINARY LOCAL CLIMATOLOGICAL DATA (WS FORM: F-6)

                                          STATION:   PINE RIDGE SD
                                          MONTH:     FEBRUARY
                                          YEAR:      2019
                                          LATITUDE:   43  1 N
                                          LONGITUDE: 102 31 W

  TEMPERATURE IN F:       :PCPN:    SNOW:  WIND      :SUNSHINE: SKY     :PK WND
================================================================================
1   2   3   4   5  6A  6B    7    8   9   10  11  12  13   14  15   16   17  18
                                     12Z  AVG MX 2MIN
DY MAX MIN AVG DEP HDD CDD  WTR  SNW DPTH SPD SPD DIR MIN PSBL S-S WX    SPD DR
================================================================================

 1  60  20  40  16  25   0 0.00    M    M  5.5 21 250   M    M   0        30 250
 2  63  17  40  16  25   0 0.00    M    M  6.6 21 260   M    M   0        33 270
 3  37   6  22  -2  43   0    T    M    M  7.9 22  80   M    M   7 18     32 290
 4  13   0   7 -18  58   0    T    M    M  8.7 20 100   M    M   8 8      25 110
 5  27   7  17  -8  48   0    T    M    M  8.4 18  60   M    M   8        24  60
 6   8  -3   3 -22  62   0 0.08    M    M 11.3 20 360   M    M  10 8      27  10
 7   3 -25 -11 -36  76   0    T    M    M  7.0 18 360   M    M   6 8      27 350
 8  33 -23   5 -20  60   0 0.00    M    M  5.1 15 180   M    M   0        20 170
 9  21   0  11 -14  54   0 0.00    M    M  8.1 14  20   M    M   6 8      24 180
10  15  -1   7 -18  58   0    T    M    M  4.6 15 130   M    M   7 8      19 140
11  30  -3  14 -12  51   0    T    M    M  9.6 24 200   M    M   5        34 190
12  38  -5  17  -9  48   0 0.00    M    M  3.0 16 250   M    M   1        21 250
13  52  27  40  14  25   0 0.00    M    M  8.0 21 240   M    M   2        28 240
14  39  10  25  -1  40   0    T    M    M 10.3 22  10   M    M   6 8      29 360
15   M   M   M   M   M   M 0.11    M    M 10.0 15 150   M    M   7        30 160
16   M   M   M   M   M   M    M    M    M 11.6 21 190   M    M   8        35 190
17   M   M   M   M   M   M    M    M    M 12.2 22 350   M    M   9        30 340
18   M   M   M   M   M   M 0.00    M    M  4.2 12  60   M    M   2         M  M
19   M   M   M   M   M   M    T    M    M  9.5 21 180   M    M   7        29 180
20  30  -2  14 -14  51   0    T    M    M  7.7 22 280   M    M   2        30 290
================================================================================
SM  469   25       724   0  0.19    M    159.3          M      101
================================================================================
AV 31.3  1.7                               8.0 FASTST   M    M   5    MAX(MPH)
                                 MISC ---->  # 24 200               # 35  190
================================================================================
NOTES:
# LAST OF SEVERAL OCCURRENCES

COLUMN 17 PEAK WIND IN M.P.H.

PRELIMINARY LOCAL CLIMATOLOGICAL DATA (WS FORM: F-6) , PAGE 2

                                          STATION:  PINE RIDGE SD
                                          MONTH:    FEBRUARY
                                          YEAR:     2019
                                          LATITUDE:   43  1 N
                                          LONGITUDE: 102 31 W

[TEMPERATURE DATA]      [PRECIPITATION DATA]       SYMBOLS USED IN COLUMN 16

AVERAGE MONTHLY: 16.5   TOTAL FOR MONTH:   0.19    1 = FOG OR MIST
DPTR FM NORMAL:  -9.2   DPTR FM NORMAL:   -0.14    2 = FOG REDUCING VISIBILITY
HIGHEST:    63 ON  2    GRTST 24HR  0.11 ON 15-15      TO 1/4 MILE OR LESS
LOWEST:    -25 ON  7                               3 = THUNDER
                        SNOW, ICE PELLETS, HAIL    4 = ICE PELLETS
                        TOTAL MONTH:    M          5 = HAIL
                        GRTST 24HR    M  ON   M    6 = FREEZING RAIN OR DRIZZLE
                        GRTST DEPTH:  M  ON   M    7 = DUSTSTORM OR SANDSTORM:
                                                       VSBY 1/2 MILE OR LESS
                                                   8 = SMOKE OR HAZE
[NO. OF DAYS WITH]      [WEATHER - DAYS WITH]      9 = BLOWING SNOW
                                                   X = TORNADO
MAX 32 OR BELOW:   8    0.01 INCH OR MORE:   2
MAX 90 OR ABOVE:   0    0.10 INCH OR MORE:   1
MIN 32 OR BELOW:  15    0.50 INCH OR MORE:   0
MIN  0 OR BELOW:   9    1.00 INCH OR MORE:   0

[HDD (BASE 65) ]
TOTAL THIS MO.   724    CLEAR  (SCALE 0-3)   7
DPTR FM NORMAL   -63    PTCLDY (SCALE 4-7)  10
TOTAL FM JUL 1  4776    CLOUDY (SCALE 8-10)  3
DPTR FM NORMAL  -288

[CDD (BASE 65) ]
TOTAL THIS MO.     0
DPTR FM NORMAL     0    [PRESSURE DATA]
TOTAL FM JAN 1     0    HIGHEST SLP M ON M
DPTR FM NORMAL     0    LOWEST  SLP 29.19 ON 13

[REMARKS]
