000
CXUS53 KUNR 190945
CF6IEN
PRELIMINARY LOCAL CLIMATOLOGICAL DATA (WS FORM: F-6)

                                          STATION:   PINE RIDGE SD
                                          MONTH:     OCTOBER
                                          YEAR:      2019
                                          LATITUDE:   43  1 N
                                          LONGITUDE: 102 31 W

  TEMPERATURE IN F:       :PCPN:    SNOW:  WIND      :SUNSHINE: SKY     :PK WND
================================================================================
1   2   3   4   5  6A  6B    7    8   9   10  11  12  13   14  15   16   17  18
                                     12Z  AVG MX 2MIN
DY MAX MIN AVG DEP HDD CDD  WTR  SNW DPTH SPD SPD DIR MIN PSBL S-S WX    SPD DR
================================================================================

 1  44  39  42 -12  23   0 0.01    M    M 10.7 18  30   M    M  10 1      26  30
 2  50  36  43 -11  22   0 0.03    M    M  4.3  9 240   M    M   8 18     13 350
 3  64  31  48  -5  17   0 0.00    M    M  7.0 16 140   M    M   2        27 140
 4  60  44  52  -1  13   0 0.04    M    M 12.2 26 190   M    M   7 3      38 190
 5  62  44  53   1  12   0 0.00    M    M 13.8 31 270   M    M   2        50 250
 6  62  29  46  -6  19   0 0.00    M    M  8.0 24 270   M    M   1        36 280
 7  73  24  49  -3  16   0 0.00    M    M  4.6 15 190   M    M   0        22 190
 8  82  28  55   4  10   0 0.00    M    M  5.3 18 240   M    M   0        26 240
 9  58  29  44  -7  21   0 0.10    M    M 11.5 23 310   M    M   8 1      38 350
10  29  15  22 -28  43   0 0.17    M    M 14.9 25 340   M    M  10 18     39 320
11  38  15  27 -23  38   0    T    M    M  7.1 22 290   M    M   4 1      32 280
12  52  19  36 -14  29   0 0.00    M    M  9.9 23 300   M    M   0        33 280
13  61  16  39 -10  26   0 0.00    M    M  3.0 10  70   M    M   0        13 210
14  73  35  54   5  11   0 0.00    M    M  8.7 24  10   M    M   0        35  20
15  54  24  39  -9  26   0 0.00    M    M  6.0 17  10   M    M   3        28 340
16  72  25  49   1  16   0 0.00    M    M  4.9 12 240   M    M   0        16 240
17  82  29  56   8   9   0 0.00    M    M  4.6 15 180   M    M   0        22 170
18  61  28  45  -2  20   0 0.00    M    M  6.7 25 340   M    M   2        39 350
================================================================================
SM 1077  510       371   0  0.35    M    143.2          M       57
================================================================================
AV 59.8 28.3                               8.0 FASTST   M    M   3    MAX(MPH)
                                 MISC ---->  # 31 270               # 50  250
================================================================================
NOTES:
# LAST OF SEVERAL OCCURRENCES

COLUMN 17 PEAK WIND IN M.P.H.

PRELIMINARY LOCAL CLIMATOLOGICAL DATA (WS FORM: F-6) , PAGE 2

                                          STATION:  PINE RIDGE SD
                                          MONTH:    OCTOBER
                                          YEAR:     2019
                                          LATITUDE:   43  1 N
                                          LONGITUDE: 102 31 W

[TEMPERATURE DATA]      [PRECIPITATION DATA]       SYMBOLS USED IN COLUMN 16

AVERAGE MONTHLY: 44.1   TOTAL FOR MONTH:   0.35    1 = FOG OR MIST
DPTR FM NORMAL:  -6.5   DPTR FM NORMAL:   -0.39    2 = FOG REDUCING VISIBILITY
HIGHEST:    82 ON 17, 8 GRTST 24HR  0.17 ON 10-10      TO 1/4 MILE OR LESS
LOWEST:     15 ON 11,10                            3 = THUNDER
                        SNOW, ICE PELLETS, HAIL    4 = ICE PELLETS
                        TOTAL MONTH:    M          5 = HAIL
                        GRTST 24HR    M  ON   M    6 = FREEZING RAIN OR DRIZZLE
                        GRTST DEPTH:  M  ON   M    7 = DUSTSTORM OR SANDSTORM:
                                                       VSBY 1/2 MILE OR LESS
                                                   8 = SMOKE OR HAZE
[NO. OF DAYS WITH]      [WEATHER - DAYS WITH]      9 = BLOWING SNOW
                                                   X = TORNADO
MAX 32 OR BELOW:   1    0.01 INCH OR MORE:   5
MAX 90 OR ABOVE:   0    0.10 INCH OR MORE:   2
MIN 32 OR BELOW:  13    0.50 INCH OR MORE:   0
MIN  0 OR BELOW:   0    1.00 INCH OR MORE:   0

[HDD (BASE 65) ]
TOTAL THIS MO.   371    CLEAR  (SCALE 0-3)  12
DPTR FM NORMAL   108    PTCLDY (SCALE 4-7)   4
TOTAL FM JUL 1   495    CLOUDY (SCALE 8-10)  2
DPTR FM NORMAL    10

[CDD (BASE 65) ]
TOTAL THIS MO.     0
DPTR FM NORMAL     0    [PRESSURE DATA]
TOTAL FM JAN 1   685    HIGHEST SLP M ON M
DPTR FM NORMAL   -29    LOWEST  SLP 29.15 ON 17

[REMARKS]
