000
CXUS53 KUNR 270945
CF6IEN
PRELIMINARY LOCAL CLIMATOLOGICAL DATA (WS FORM: F-6)

                                          STATION:   PINE RIDGE SD
                                          MONTH:     MAY
                                          YEAR:      2020
                                          LATITUDE:   43  1 N
                                          LONGITUDE: 102 31 W

  TEMPERATURE IN F:       :PCPN:    SNOW:  WIND      :SUNSHINE: SKY     :PK WND
================================================================================
1   2   3   4   5  6A  6B    7    8   9   10  11  12  13   14  15   16   17  18
                                     12Z  AVG MX 2MIN
DY MAX MIN AVG DEP HDD CDD  WTR  SNW DPTH SPD SPD DIR MIN PSBL S-S WX    SPD DR
================================================================================

 1  77  50  64  14   1   0 0.15    M    M  8.2 20  10   M    M   2        27  10
 2  64  50  57   6   8   0 0.17    M    M  5.8 16 200   M    M   5 1      23 180
 3  76  45  61  10   4   0 0.00    M    M  6.3 17 190   M    M   2 3      26 180
 4  61  36  49  -3  16   0 0.36    M    M 10.8 25 350   M    M   7 1      41 340
 5  64  32  48  -4  17   0 0.00    M    M  7.9 23 280   M    M   3        33 310
 6  64  26  45  -7  20   0    T    M    M  5.2 24 150   M    M   1        40 160
 7  61  39  50  -2  15   0 0.08    M    M 15.3 31  10   M    M   5 138    47  10
 8  62  31  47  -6  18   0 0.00    M    M  4.1 13 170   M    M   1 1      21 220
 9  56  26  41 -12  24   0 0.02    M    M 11.7 36 360   M    M   4        50 360
10  50  22  36 -18  29   0 0.00    M    M  6.6 16  30   M    M   7        23  30
11  41  34  38 -16  27   0    T    M    M  8.2 16 140   M    M  10 18     21 150
12  48  38  43 -11  22   0 0.02    M    M 12.0 23 160   M    M  10        45 160
13  69  44  57   2   8   0    T    M    M  9.2 24 180   M    M   5        34 190
14  70  40  55   0  10   0 0.24    M    M  5.0 15  60   M    M   2 13     22  70
15  73  46  60   5   5   0 0.38    M    M  9.2 23 170   M    M   7 13     33 160
16  61  41  51  -5  14   0 0.17    M    M  8.4 24  10   M    M   8 13     31  10
17  66  39  53  -3  12   0 0.00    M    M  6.0 16 140   M    M   3 1      25 120
18  77  48  63   7   2   0 0.00    M    M 11.5 22 180   M    M   0        31 170
19  84  55  70  13   0   5 0.00    M    M 12.4 23 190   M    M   0        31 160
20  81  54  68  11   0   3 0.02    M    M 18.7 37 150   M    M   2        53 180
21  78  42  60   3   5   0 0.00    M    M  7.6 17 180   M    M   1        26 200
22  83  52  68  10   0   3 0.00    M    M  9.3 20 170   M    M   1        32 150
23  78  53  66   8   0   1 0.10    M    M 10.2 25 280   M    M   4 13     36 170
24  69  49  59   1   6   0 0.00    M    M  8.8 21 360   M    M   8        29 350
25  66  39  53  -6  12   0    T    M    M  4.9 15  10   M    M   6        23 340
26  79  34  57  -2   8   0 0.00    M    M  4.0 10  80   M    M   0        17 310
================================================================================
SM 1758 1065       283  12  1.71    M    227.3          M      104
================================================================================
AV 67.6 41.0                               8.7 FASTST   M    M   4    MAX(MPH)
                                 MISC ---->  # 37 150               # 53  180
================================================================================
NOTES:
# LAST OF SEVERAL OCCURRENCES

COLUMN 17 PEAK WIND IN M.P.H.

PRELIMINARY LOCAL CLIMATOLOGICAL DATA (WS FORM: F-6) , PAGE 2

                                          STATION:  PINE RIDGE SD
                                          MONTH:    MAY
                                          YEAR:     2020
                                          LATITUDE:   43  1 N
                                          LONGITUDE: 102 31 W

[TEMPERATURE DATA]      [PRECIPITATION DATA]       SYMBOLS USED IN COLUMN 16

AVERAGE MONTHLY: 54.3   TOTAL FOR MONTH:   1.71    1 = FOG OR MIST
DPTR FM NORMAL:  -0.5   DPTR FM NORMAL:   -0.40    2 = FOG REDUCING VISIBILITY
HIGHEST:    84 ON 19    GRTST 24HR  0.38 ON 15-15      TO 1/4 MILE OR LESS
LOWEST:     22 ON 10                               3 = THUNDER
                        SNOW, ICE PELLETS, HAIL    4 = ICE PELLETS
                        TOTAL MONTH:    M          5 = HAIL
                        GRTST 24HR    M  ON   M    6 = FREEZING RAIN OR DRIZZLE
                        GRTST DEPTH:  M  ON   M    7 = DUSTSTORM OR SANDSTORM:
                                                       VSBY 1/2 MILE OR LESS
                                                   8 = SMOKE OR HAZE
[NO. OF DAYS WITH]      [WEATHER - DAYS WITH]      9 = BLOWING SNOW
                                                   X = TORNADO
MAX 32 OR BELOW:   0    0.01 INCH OR MORE:  11
MAX 90 OR ABOVE:   0    0.10 INCH OR MORE:   7
MIN 32 OR BELOW:   5    0.50 INCH OR MORE:   0
MIN  0 OR BELOW:   0    1.00 INCH OR MORE:   0

[HDD (BASE 65) ]
TOTAL THIS MO.   283    CLEAR  (SCALE 0-3)  12
DPTR FM NORMAL     8    PTCLDY (SCALE 4-7)  11
TOTAL FM JUL 1  6959    CLOUDY (SCALE 8-10)  3
DPTR FM NORMAL  -136

[CDD (BASE 65) ]
TOTAL THIS MO.    12
DPTR FM NORMAL     3    [PRESSURE DATA]
TOTAL FM JAN 1    13    HIGHEST SLP M ON M
DPTR FM NORMAL     4    LOWEST  SLP 29.32 ON 20

[REMARKS]
