000
CXUS55 KVEF 200940
CF6IGM
PRELIMINARY LOCAL CLIMATOLOGICAL DATA (WS FORM: F-6)

                                          STATION:   KINGMAN AZ
                                          MONTH:     JANUARY
                                          YEAR:      2019
                                          LATITUDE:   35 16 N
                                          LONGITUDE: 113 57 W

  TEMPERATURE IN F:       :PCPN:    SNOW:  WIND      :SUNSHINE: SKY     :PK WND
================================================================================
1   2   3   4   5  6A  6B    7    8   9   10  11  12  13   14  15   16   17  18
                                     12Z  AVG MX 2MIN
DY MAX MIN AVG DEP HDD CDD  WTR  SNW DPTH SPD SPD DIR MIN PSBL S-S WX    SPD DR
================================================================================

 1  39  18  29 -13  36   0 0.00  0.0    0 10.7 21 350   M    M   0        24 350
 2  42  15  29 -13  36   0 0.00  0.0    0 10.5 21  10   M    M   0        24  10
 3  48  14  31 -12  34   0 0.00  0.0    0  5.5 13 140   M    M   0        14  30
 4  60  21  41  -2  24   0 0.00  0.0    0  3.8 16 240   M    M   0        19 230
 5  54  28  41  -2  24   0 0.03    M    0  6.9 25 200   M    M   4        32 210
 6  48  33  41  -2  24   0 0.15    M    0  9.1 22 210   M    M   7 8      27 220
 7  51  34  43   0  22   0 0.00  0.0    0  5.9 13 240   M    M   7        17 320
 8  57  35  46   3  19   0 0.00  0.0    0  6.1 12 340   M    M   0        13 360
 9  65  33  49   6  16   0 0.00  0.0    0  3.8 12 110   M    M   0        12 110
10  61  33  47   4  18   0 0.00  0.0    0  4.4 12 340   M    M   0        14  10
11  59  32  46   3  19   0 0.00  0.0    0  5.3 12 100   M    M   0        12  50
12  59  36  48   4  17   0    T    M    0  8.5 20 190   M    M   3        24 190
13  55  35  45   1  20   0 0.00  0.0    0  6.1 14 340   M    M   5        17 360
14  55  33  44   0  21   0 0.06    M    0  6.6 24 130   M    M   6        28 130
15  49  43  46   2  19   0 0.82    M    0  6.0 18 190   M    M  10 1      25 120
16  57  43  50   6  15   0 0.00  0.0    0  7.4 17 230   M    M   7        22 210
17  55  40  48   4  17   0 0.11    M    0  7.1 22 200   M    M   7 1      27 200
18  57  37  47   3  18   0 0.00  0.0    0  9.7 26 220   M    M   2        36 210
19  58  35  47   3  18   0 0.00  0.0    0  6.0 12  20   M    M   0        14  10
================================================================================
SM 1029  598       417   0  1.17     0.0 129.4          M       58
================================================================================
AV 54.2 31.5                               6.8 FASTST   M    M   3    MAX(MPH)
                                 MISC ---->  # 26 220               # 36  210
================================================================================
NOTES:
# LAST OF SEVERAL OCCURRENCES

COLUMN 17 PEAK WIND IN M.P.H.

PRELIMINARY LOCAL CLIMATOLOGICAL DATA (WS FORM: F-6) , PAGE 2

                                          STATION:  KINGMAN AZ
                                          MONTH:    JANUARY
                                          YEAR:     2019
                                          LATITUDE:   35 16 N
                                          LONGITUDE: 113 57 W

[TEMPERATURE DATA]      [PRECIPITATION DATA]       SYMBOLS USED IN COLUMN 16

AVERAGE MONTHLY: 42.8   TOTAL FOR MONTH:   1.17    1 = FOG OR MIST
DPTR FM NORMAL:  -0.5   DPTR FM NORMAL:    0.57    2 = FOG REDUCING VISIBILITY
HIGHEST:    65 ON  9    GRTST 24HR  0.82 ON 15-15      TO 1/4 MILE OR LESS
LOWEST:     14 ON  3                               3 = THUNDER
                        SNOW, ICE PELLETS, HAIL    4 = ICE PELLETS
                        TOTAL MONTH:   0.0 INCH    5 = HAIL
                        GRTST 24HR     0.0         6 = FREEZING RAIN OR DRIZZLE
                        GRTST DEPTH:   0           7 = DUSTSTORM OR SANDSTORM:
                                                       VSBY 1/2 MILE OR LESS
                                                   8 = SMOKE OR HAZE
[NO. OF DAYS WITH]      [WEATHER - DAYS WITH]      9 = BLOWING SNOW
                                                   X = TORNADO
MAX 32 OR BELOW:   0    0.01 INCH OR MORE:   5
MAX 90 OR ABOVE:   0    0.10 INCH OR MORE:   3
MIN 32 OR BELOW:   6    0.50 INCH OR MORE:   1
MIN  0 OR BELOW:   0    1.00 INCH OR MORE:   0

[HDD (BASE 65) ]
TOTAL THIS MO.   417    CLEAR  (SCALE 0-3)  11
DPTR FM NORMAL     5    PTCLDY (SCALE 4-7)   7
TOTAL FM JUL 1  1589    CLOUDY (SCALE 8-10)  1
DPTR FM NORMAL   -72

[CDD (BASE 65) ]
TOTAL THIS MO.     0
DPTR FM NORMAL     0    [PRESSURE DATA]
TOTAL FM JAN 1     0    HIGHEST SLP M ON M
DPTR FM NORMAL     0    LOWEST  SLP 29.85 ON  6

[REMARKS]
