000
CXUS55 KVEF 180940
CF6IGM
PRELIMINARY LOCAL CLIMATOLOGICAL DATA (WS FORM: F-6)

                                          STATION:   KINGMAN AZ
                                          MONTH:     OCTOBER
                                          YEAR:      2019
                                          LATITUDE:   35 16 N
                                          LONGITUDE: 113 57 W

  TEMPERATURE IN F:       :PCPN:    SNOW:  WIND      :SUNSHINE: SKY     :PK WND
================================================================================
1   2   3   4   5  6A  6B    7    8   9   10  11  12  13   14  15   16   17  18
                                     12Z  AVG MX 2MIN
DY MAX MIN AVG DEP HDD CDD  WTR  SNW DPTH SPD SPD DIR MIN PSBL S-S WX    SPD DR
================================================================================

 1  77  44  61  -8   4   0 0.00    M    M 11.5 28 230   M    M   0        33 230
 2  79  39  59 -10   6   0 0.00    M    M  5.1 14 220   M    M   0        24  20
 3  86  46  66  -2   0   1 0.00  0.0    0  8.8 26 230   M    M   0 8      32 210
 4  85  53  69   1   0   4 0.00    M    M 13.1 29 230   M    M   0        33 210
 5  84  43  64  -4   1   0 0.00    M    M  6.9 18 250   M    M   0        23 230
 6  85  44  65  -2   0   0 0.00    M    M  7.5 17  30   M    M   0        24  20
 7  88  45  67   0   0   2 0.00    M    M  5.4 16 220   M    M   0        20 220
 8  87  47  67   1   0   2 0.00    M    M  6.2 18 240   M    M   0        23 240
 9  84  53  69   3   0   4 0.00    M    M 14.6 33 220   M    M   0 8      40 220
10  66  44  55 -10  10   0 0.00    M    M 21.1 30 350   M    M   0        36 350
11  72  37  55 -10  10   0 0.00    M    0  9.4 18  20   M    M   0        25 360
12  78  34  56  -8   9   0 0.00    M    M  4.2 15 250   M    M   0        18 250
13  81  39  60  -4   5   0 0.00  0.0    0  7.3 23 220   M    M   0        28 260
14  78  48  63  -1   2   0 0.00  0.0    0  7.5 17 270   M    M   1        23 270
15  85  45  65   2   0   0 0.00  0.0    0  6.3 22 360   M    M   0        25 360
16  87  51  69   6   0   4 0.00    M    M  7.7 20 130   M    M   0        22 140
17  85  55  70   8   0   5 0.00    M    M 16.9 35 220   M    M   0        41 210
================================================================================
SM 1387  767        47  22  0.00     0.0 159.5          M        1
================================================================================
AV 81.6 45.1                               9.4 FASTST   M    M   0    MAX(MPH)
                                 MISC ---->  # 35 220               # 41  210
================================================================================
NOTES:
# LAST OF SEVERAL OCCURRENCES

COLUMN 17 PEAK WIND IN M.P.H.

PRELIMINARY LOCAL CLIMATOLOGICAL DATA (WS FORM: F-6) , PAGE 2

                                          STATION:  KINGMAN AZ
                                          MONTH:    OCTOBER
                                          YEAR:     2019
                                          LATITUDE:   35 16 N
                                          LONGITUDE: 113 57 W

[TEMPERATURE DATA]      [PRECIPITATION DATA]       SYMBOLS USED IN COLUMN 16

AVERAGE MONTHLY: 63.4   TOTAL FOR MONTH:   0.00    1 = FOG OR MIST
DPTR FM NORMAL:  -2.4   DPTR FM NORMAL:   -0.33    2 = FOG REDUCING VISIBILITY
HIGHEST:    88 ON  7    GRTST 24HR  0.00 ON 17-17      TO 1/4 MILE OR LESS
LOWEST:     34 ON 12                               3 = THUNDER
                        SNOW, ICE PELLETS, HAIL    4 = ICE PELLETS
                        TOTAL MONTH:   0.0 INCH    5 = HAIL
                        GRTST 24HR     0.0         6 = FREEZING RAIN OR DRIZZLE
                        GRTST DEPTH:   0           7 = DUSTSTORM OR SANDSTORM:
                                                       VSBY 1/2 MILE OR LESS
                                                   8 = SMOKE OR HAZE
[NO. OF DAYS WITH]      [WEATHER - DAYS WITH]      9 = BLOWING SNOW
                                                   X = TORNADO
MAX 32 OR BELOW:   0    0.01 INCH OR MORE:   0
MAX 90 OR ABOVE:   0    0.10 INCH OR MORE:   0
MIN 32 OR BELOW:   0    0.50 INCH OR MORE:   0
MIN  0 OR BELOW:   0    1.00 INCH OR MORE:   0

[HDD (BASE 65) ]
TOTAL THIS MO.    47    CLEAR  (SCALE 0-3)  17
DPTR FM NORMAL     6    PTCLDY (SCALE 4-7)   0
TOTAL FM JUL 1    55    CLOUDY (SCALE 8-10)  0
DPTR FM NORMAL     8

[CDD (BASE 65) ]
TOTAL THIS MO.    22
DPTR FM NORMAL   -33    [PRESSURE DATA]
TOTAL FM JAN 1  2098    HIGHEST SLP M ON M
DPTR FM NORMAL    17    LOWEST  SLP 29.47 ON 17

[REMARKS]
