000
CXUS54 KFWD 210730
CF6ILE
PRELIMINARY LOCAL CLIMATOLOGICAL DATA (WS FORM: F-6)

                                          STATION:   KILLEEN SKYLARK
                                          MONTH:     OCTOBER
                                          YEAR:      2019
                                          LATITUDE:   31  4 N
                                          LONGITUDE:  97 41 W

  TEMPERATURE IN F:       :PCPN:    SNOW:  WIND      :SUNSHINE: SKY     :PK WND
================================================================================
1   2   3   4   5  6A  6B    7    8   9   10  11  12  13   14  15   16   17  18
                                     12Z  AVG MX 2MIN
DY MAX MIN AVG DEP HDD CDD  WTR  SNW DPTH SPD SPD DIR MIN PSBL S-S WX    SPD DR
================================================================================

 1  95  75  85  13   0  20 0.00  0.0    0   M   M   M   M    M   6         M  M
 2  96  74  85  13   0  20 0.00  0.0    0   M   M   M   M    M   2         M  M
 3  95  70  83  11   0  18    T  0.0    0   M   M   M   M    M   2         M  M
 4  94  70  82  11   0  17    T  0.0    0   M   M   M   M    M   2         M  M
 5  95  68  82  11   0  17 0.00  0.0    0   M   M   M   M    M   1         M  M
 6  97  70  84  13   0  19 0.00  0.0    0   M   M   M   M    M   0         M  M
 7  81  62  72   2   0   7 0.00  0.0    0   M   M   M   M    M   5         M  M
 8  82  55  69  -1   0   4 0.00  0.0    0   M   M   M   M    M   0         M  M
 9  92  63  78   8   0  13 0.00  0.0    0   M   M   M   M    M   5         M  M
10  95  77  86  16   0  21    T  0.0    0   M   M   M   M    M   7         M  M
11  80  42  61  -8   4   0    M  0.0    0   M   M   M   M    M  10 13      M  M
12  68  48  58 -11   7   0    M  0.0    0   M   M   M   M    M   5         M  M
13  78  54  66  -3   0   1    M  0.0    0   M   M   M   M    M   5 8       M  M
14  84  66  75   7   0  10    M  0.0    0   M   M   M   M    M   6         M  M
15  79  72  76   8   0  11    M  0.0    0   M   M   M   M    M   3         M  M
16  72  50  61  -7   4   0 0.00  0.0    0   M   M   M   M    M   3         M  M
17  73  47  60  -8   5   0 0.00    M    0   M   M   M   M    M   0 8       M  M
18  81  45  63  -4   2   0 0.00    M    0   M   M   M   M    M   0         M  M
19  93  61  77  10   0  12 0.00  0.0    0   M   M   M   M    M   1         M  M
20  90  55  73   6   0   8    M  0.0    0   M   M   M   M    M   4         M  M
================================================================================
SM 1720 1224        22 198    T      0.0     M          M       67
================================================================================
AV 86.0 61.2                                 M FASTST   M    M   3    MAX(MPH)
                                 MISC ---->     M   M                  M    M
================================================================================
NOTES:
# LAST OF SEVERAL OCCURRENCES

COLUMN 17 PEAK WIND IN M.P.H.

PRELIMINARY LOCAL CLIMATOLOGICAL DATA (WS FORM: F-6) , PAGE 2

                                          STATION:  KILLEEN SKYLARK
                                          MONTH:    OCTOBER
                                          YEAR:     2019
                                          LATITUDE:   31  4 N
                                          LONGITUDE:  97 41 W

[TEMPERATURE DATA]      [PRECIPITATION DATA]       SYMBOLS USED IN COLUMN 16

AVERAGE MONTHLY: 73.6   TOTAL FOR MONTH:      T    1 = FOG OR MIST
DPTR FM NORMAL:   4.2   DPTR FM NORMAL:   -2.13    2 = FOG REDUCING VISIBILITY
HIGHEST:    97 ON  6    GRTST 24HR    T  ON 10-10      TO 1/4 MILE OR LESS
LOWEST:     42 ON 11                               3 = THUNDER
                        SNOW, ICE PELLETS, HAIL    4 = ICE PELLETS
                        TOTAL MONTH:   0.0 INCH    5 = HAIL
                        GRTST 24HR     0.0         6 = FREEZING RAIN OR DRIZZLE
                        GRTST DEPTH:   0           7 = DUSTSTORM OR SANDSTORM:
                                                       VSBY 1/2 MILE OR LESS
                                                   8 = SMOKE OR HAZE
[NO. OF DAYS WITH]      [WEATHER - DAYS WITH]      9 = BLOWING SNOW
                                                   X = TORNADO
MAX 32 OR BELOW:   0    0.01 INCH OR MORE:   0
MAX 90 OR ABOVE:  10    0.10 INCH OR MORE:   0
MIN 32 OR BELOW:   0    0.50 INCH OR MORE:   0
MIN  0 OR BELOW:   0    1.00 INCH OR MORE:   0

[HDD (BASE 65) ]
TOTAL THIS MO.    22    CLEAR  (SCALE 0-3)  11
DPTR FM NORMAL    -5    PTCLDY (SCALE 4-7)   8
TOTAL FM JUL 1    22    CLOUDY (SCALE 8-10)  1
DPTR FM NORMAL   -11

[CDD (BASE 65) ]
TOTAL THIS MO.   198
DPTR FM NORMAL    82    [PRESSURE DATA]
TOTAL FM JAN 1  3022    HIGHEST SLP M ON M
DPTR FM NORMAL   547    LOWEST  SLP M ON M

[REMARKS]
