000
CXUS54 KFWD 210730
CF6ILE
PRELIMINARY LOCAL CLIMATOLOGICAL DATA (WS FORM: F-6)

                                          STATION:   KILLEEN SKYLARK
                                          MONTH:     APRIL
                                          YEAR:      2018
                                          LATITUDE:   31  4 N
                                          LONGITUDE:  97 41 W

  TEMPERATURE IN F:       :PCPN:    SNOW:  WIND      :SUNSHINE: SKY     :PK WND
================================================================================
1   2   3   4   5  6A  6B    7    8   9   10  11  12  13   14  15   16   17  18
                                     12Z  AVG MX 2MIN
DY MAX MIN AVG DEP HDD CDD  WTR  SNW DPTH SPD SPD DIR MIN PSBL S-S WX    SPD DR
================================================================================

 1  80  54  67   5   0   2 0.00  0.0    0 11.0 16 160   M    M   7        20 150
 2  67  49  58  -4   7   0 0.01  0.0    0  7.7 13  20   M    M   7 1       M  M
 3  82  53  68   6   0   3 0.17  0.0    0 13.0 18 190   M    M   6 13     29 360
 4  66  44  55  -8  10   0 0.00  0.0    0  9.2 16  10   M    M   0        24  10
 5  79  48  64   1   1   0    T  0.0    0 11.1 21 160   M    M   6        28 160
 6  87  61  74  11   0   9 0.13  0.0    0 12.5 22 200   M    M   6 3      30  10
 7  60  37  49 -14  16   0    T  0.0    0 14.6 21 350   M    M  10 1      30 350
 8  62  39  51 -13  14   0 0.00  0.0    0  7.9 14 150   M    M   6         M  M
 9  64  50  57  -7   8   0 0.00  0.0    0  7.2 12  30   M    M   9 1       M  M
10  73  48  61  -3   4   0 0.00  0.0    0  6.8 10  40   M    M   0         M  M
11  82  44  63  -1   2   0 0.00  0.0    0 10.1 21 160   M    M   0        33 180
12  83  61  72   7   0   7 0.00  0.0    0 17.0 24 160   M    M   4        36 150
13  86  60  73   8   0   8 0.60  0.0    0 17.1 24 160   M    M   6 13     35 170
14  68  48  58  -7   7   0 0.00  0.0    0 14.6 23 340   M    M   0        37 330
15  72  40  56  -9   9   0 0.00  0.0    0  7.5 14 340   M    M   0        18 330
16  83  42  63  -3   2   0 0.00  0.0    0 10.8 20 160   M    M   0        28 180
17  85  59  72   6   0   7 0.00  0.0    0 16.7 24 180   M    M   0        31 160
18  81  60  71   5   0   6 0.00  0.0    0 12.7 18  10   M    M   3        25 190
19  74  51  63  -3   2   0 0.00  0.0    0  9.2 16  20   M    M   0        25  50
20  71  52  62  -4   3   0 0.00  0.0    0 10.9 17 140   M    M   1 8      23 110
================================================================================
SM 1505 1000        85  42  0.91     0.0 227.6          M       71
================================================================================
AV 75.3 50.0                              11.4 FASTST   M    M   4    MAX(MPH)
                                 MISC ---->  # 24 160               # 37  330
================================================================================
NOTES:
# LAST OF SEVERAL OCCURRENCES

COLUMN 17 PEAK WIND IN M.P.H.

PRELIMINARY LOCAL CLIMATOLOGICAL DATA (WS FORM: F-6) , PAGE 2

                                          STATION:  KILLEEN SKYLARK
                                          MONTH:    APRIL
                                          YEAR:     2018
                                          LATITUDE:   31  4 N
                                          LONGITUDE:  97 41 W

[TEMPERATURE DATA]      [PRECIPITATION DATA]       SYMBOLS USED IN COLUMN 16

AVERAGE MONTHLY: 62.6   TOTAL FOR MONTH:   0.91    1 = FOG OR MIST
DPTR FM NORMAL:  -1.6   DPTR FM NORMAL:   -0.40    2 = FOG REDUCING VISIBILITY
HIGHEST:    87 ON  6    GRTST 24HR  0.60 ON 13-13      TO 1/4 MILE OR LESS
LOWEST:     37 ON  7                               3 = THUNDER
                        SNOW, ICE PELLETS, HAIL    4 = ICE PELLETS
                        TOTAL MONTH:   0.0 INCH    5 = HAIL
                        GRTST 24HR     0.0         6 = FREEZING RAIN OR DRIZZLE
                        GRTST DEPTH:   0           7 = DUSTSTORM OR SANDSTORM:
                                                       VSBY 1/2 MILE OR LESS
                                                   8 = SMOKE OR HAZE
[NO. OF DAYS WITH]      [WEATHER - DAYS WITH]      9 = BLOWING SNOW
                                                   X = TORNADO
MAX 32 OR BELOW:   0    0.01 INCH OR MORE:   4
MAX 90 OR ABOVE:   0    0.10 INCH OR MORE:   3
MIN 32 OR BELOW:   0    0.50 INCH OR MORE:   1
MIN  0 OR BELOW:   0    1.00 INCH OR MORE:   0

[HDD (BASE 65) ]
TOTAL THIS MO.    85    CLEAR  (SCALE 0-3)   9
DPTR FM NORMAL    16    PTCLDY (SCALE 4-7)   9
TOTAL FM JUL 1  1847    CLOUDY (SCALE 8-10)  2
DPTR FM NORMAL  -296

[CDD (BASE 65) ]
TOTAL THIS MO.    42
DPTR FM NORMAL    -9    [PRESSURE DATA]
TOTAL FM JAN 1   157    HIGHEST SLP M ON M
DPTR FM NORMAL    70    LOWEST  SLP M ON M

[REMARKS]
