561
CXUS51 KPHI 240800
CF6ILG
PRELIMINARY LOCAL CLIMATOLOGICAL DATA (WS FORM: F-6)

                                          STATION:   WILMINGTON DE
                                          MONTH:     APRIL
                                          YEAR:      2018
                                          LATITUDE:   39 40 N
                                          LONGITUDE:  75 36 W

  TEMPERATURE IN F:       :PCPN:    SNOW:  WIND      :SUNSHINE: SKY     :PK WND
================================================================================
1   2   3   4   5  6A  6B    7    8   9   10  11  12  13   14  15   16   17  18
                                     12Z  AVG MX 2MIN
DY MAX MIN AVG DEP HDD CDD  WTR  SNW DPTH SPD SPD DIR MIN PSBL S-S WX    SPD DR
================================================================================

 1  63  43  53   5  12   0 0.00  0.0    0  8.0 22 280   M    M   5        26 280
 2  50  36  43  -6  22   0 0.15    T    0 10.0 21  60   M    M  10 14     25  30
 3  47  40  44  -5  21   0 0.07  0.0    0  5.7 13 110   M    M  10 12     16 100
 4  68  39  54   5  11   0    T  0.0    0 16.7 40 280   M    M   6 12     51 290
 5  49  33  41  -9  24   0 0.00  0.0    0 14.0 29 320   M    M   2 8      39 310
 6  67  40  54   4  11   0    T  0.0    0 10.5 24 170   M    M   5        29 160
 7  58  37  48  -2  17   0    T  0.0    0 11.5 23 330   M    M   8        27 330
 8  48  31  40 -11  25   0 0.00  0.0    0 12.3 22 320   M    M   1        28 320
 9  43  32  38 -13  27   0    T  0.0    0  6.0 14 160   M    M   5 1      18 160
10  52  34  43  -9  22   0    T  0.0    0  8.7 21 300   M    M   4 18     28 330
11  54  30  42 -10  23   0 0.00  0.0    0  6.1 18 250   M    M   6        22 210
12  73  42  58   6   7   0 0.00  0.0    0 10.6 28 190   M    M   3        39 180
13  84  59  72  20   0   7 0.00  0.0    0 13.3 21 200   M    M   M        28 200
14  82  50  66  13   0   1 0.00  0.0    M 12.0 26  50   M    M   M        33  50
15  50  41  46  -7  19   0 0.25  0.0    M 19.9 30  80   M    M  10 1      36  60
16  64  42  53  -1  12   0 1.19  0.0    0 16.6 30  50   M    M  10 13     35 280
17  47  36  42 -12  23   0 0.00  0.0    0 13.6 24 260   M    M   7        32 250
18  57  33  45  -9  20   0 0.00  0.0    0  8.6 20 280   M    M   2        24 280
19  54  40  47  -7  18   0 0.02  0.0    0 13.1 29 320   M    M   9 1      37 300
20  56  35  46  -9  19   0 0.00  0.0    0 14.4 26 330   M    M   2        37 320
21  61  32  47  -8  18   0 0.00  0.0    0  6.9 16 300   M    M   0        19 320
22  64  38  51  -4  14   0 0.00  0.0    0  5.7 15 160   M    M   0        17 160
23  66  40  53  -3  12   0 0.00  0.0    0  7.9 22 160   M    M   0        27 150
================================================================================
SM 1357  883       377   8  1.68    T    252.1          M      105
================================================================================
AV 59.0 38.4                              11.0 FASTST   M    M   5    MAX(MPH)
                                 MISC ---->  # 40 280               # 51  290
================================================================================
NOTES:
# LAST OF SEVERAL OCCURRENCES

COLUMN 17 PEAK WIND IN M.P.H.

PRELIMINARY LOCAL CLIMATOLOGICAL DATA (WS FORM: F-6) , PAGE 2

                                          STATION:  WILMINGTON DE
                                          MONTH:    APRIL
                                          YEAR:     2018
                                          LATITUDE:   39 40 N
                                          LONGITUDE:  75 36 W

[TEMPERATURE DATA]      [PRECIPITATION DATA]       SYMBOLS USED IN COLUMN 16

AVERAGE MONTHLY: 48.7   TOTAL FOR MONTH:   1.68    1 = FOG OR MIST
DPTR FM NORMAL:  -3.4   DPTR FM NORMAL:   -1.04    2 = FOG REDUCING VISIBILITY
HIGHEST:    84 ON 13    GRTST 24HR  1.19 ON 16-16      TO 1/4 MILE OR LESS
LOWEST:     30 ON 11                               3 = THUNDER
                        SNOW, ICE PELLETS, HAIL    4 = ICE PELLETS
                        TOTAL MONTH:    T          5 = HAIL
                        GRTST 24HR    T  ON  2- 2  6 = FREEZING RAIN OR DRIZZLE
                        GRTST DEPTH:   0           7 = DUSTSTORM OR SANDSTORM:
                                                       VSBY 1/2 MILE OR LESS
                                                   8 = SMOKE OR HAZE
[NO. OF DAYS WITH]      [WEATHER - DAYS WITH]      9 = BLOWING SNOW
                                                   X = TORNADO
MAX 32 OR BELOW:   0    0.01 INCH OR MORE:   5
MAX 90 OR ABOVE:   0    0.10 INCH OR MORE:   3
MIN 32 OR BELOW:   4    0.50 INCH OR MORE:   1
MIN  0 OR BELOW:   0    1.00 INCH OR MORE:   1

[HDD (BASE 65) ]
TOTAL THIS MO.   377    CLEAR  (SCALE 0-3)   8
DPTR FM NORMAL    74    PTCLDY (SCALE 4-7)   8
TOTAL FM JUL 1  4525    CLOUDY (SCALE 8-10)  5
DPTR FM NORMAL   -84

[CDD (BASE 65) ]
TOTAL THIS MO.     8
DPTR FM NORMAL     5    [PRESSURE DATA]
TOTAL FM JAN 1     8    HIGHEST SLP M ON M
DPTR FM NORMAL     4    LOWEST  SLP 29.47 ON M

[REMARKS]
