000
CXUS52 KILM 161000
CF6ILM
PRELIMINARY LOCAL CLIMATOLOGICAL DATA (WS FORM: F-6)

                                          STATION:   WILMINGTON NORTH CAROLINA
                                          MONTH:     DECEMBER
                                          YEAR:      2018
                                          LATITUDE:   34 16 N
                                          LONGITUDE:  77 55 W

  TEMPERATURE IN F:       :PCPN:    SNOW:  WIND      :SUNSHINE: SKY     :PK WND
================================================================================
1   2   3   4   5  6A  6B    7    8   9   10  11  12  13   14  15   16   17  18
                                     12Z  AVG MX 2MIN
DY MAX MIN AVG DEP HDD CDD  WTR  SNW DPTH SPD SPD DIR MIN PSBL S-S WX    SPD DR
================================================================================

 1  66  52  59   7   6   0 0.47  0.0    0  3.4  9  80   M    M   8 1      12 100
 2  70  59  65  13   0   0 0.03  0.0    0  8.9 18 220   M    M   4 12     26 200
 3  72  54  63  11   2   0 0.01  0.0    0  8.3 13 240   M    M   4         M  M
 4  59  41  50  -1  15   0 0.00  0.0    0  6.1 16 320   M    M   0        22 320
 5  53  36  45  -6  20   0 0.00  0.0    0  7.5 23 320   M    M   3        29 290
 6  50  28  39 -12  26   0 0.00  0.0    0  3.1  9  10   M    M   0        16 330
 7  54  31  43  -7  22   0 0.00  0.0    0  2.4 13 340   M    M   3        18 330
 8  45  37  41  -9  24   0 0.62  0.0    0  8.4 22  40   M    M  10 1      27  40
 9  52  37  45  -5  20   0 1.22  0.0    0 15.7 26 320   M    M  10 1      35 330
10  42  36  39 -11  26   0 0.08  0.0    0 10.3 21 360   M    M  10 1      24 350
11  51  32  42  -8  23   0 0.00  0.0    0  9.4 21 330   M    M   4 18     24 330
12  52  31  42  -7  23   0 0.00  0.0    0  3.4 10 120   M    M   0        13 110
13  58  32  45  -4  20   0 0.00  0.0    0  2.5  8  70   M    M   0 1      11  80
14  67  53  60  11   5   0 1.97  0.0    0  8.6 22 140   M    M   7 1      42 130
15  68  52  60  12   5   0 0.42  0.0    0  5.8 20 280   M    M   9 1      29 180
================================================================================
SM  859  611       237   0  4.82     0.0 103.8          M       72
================================================================================
AV 57.3 40.7                               6.9 FASTST   M    M   5    MAX(MPH)
                                 MISC ---->  # 26 320               # 42  130
================================================================================
NOTES:
# LAST OF SEVERAL OCCURRENCES

COLUMN 17 PEAK WIND IN M.P.H.

PRELIMINARY LOCAL CLIMATOLOGICAL DATA (WS FORM: F-6) , PAGE 2

                                          STATION:  WILMINGTON NORTH CAROLINA
                                          MONTH:    DECEMBER
                                          YEAR:     2018
                                          LATITUDE:   34 16 N
                                          LONGITUDE:  77 55 W

[TEMPERATURE DATA]      [PRECIPITATION DATA]       SYMBOLS USED IN COLUMN 16

AVERAGE MONTHLY: 49.0   TOTAL FOR MONTH:   4.82    1 = FOG OR MIST
DPTR FM NORMAL:  -1.3   DPTR FM NORMAL:    3.06    2 = FOG REDUCING VISIBILITY
HIGHEST:    72 ON  3    GRTST 24HR  1.97 ON 14-14      TO 1/4 MILE OR LESS
LOWEST:     28 ON  6                               3 = THUNDER
                        SNOW, ICE PELLETS, HAIL    4 = ICE PELLETS
                        TOTAL MONTH:   0.0 INCH    5 = HAIL
                        GRTST 24HR     0.0         6 = FREEZING RAIN OR DRIZZLE
                        GRTST DEPTH:   0           7 = DUSTSTORM OR SANDSTORM:
                                                       VSBY 1/2 MILE OR LESS
                                                   8 = SMOKE OR HAZE
[NO. OF DAYS WITH]      [WEATHER - DAYS WITH]      9 = BLOWING SNOW
                                                   X = TORNADO
MAX 32 OR BELOW:   0    0.01 INCH OR MORE:   8
MAX 90 OR ABOVE:   0    0.10 INCH OR MORE:   5
MIN 32 OR BELOW:   5    0.50 INCH OR MORE:   3
MIN  0 OR BELOW:   0    1.00 INCH OR MORE:   2

[HDD (BASE 65) ]
TOTAL THIS MO.   237    CLEAR  (SCALE 0-3)   5
DPTR FM NORMAL    14    PTCLDY (SCALE 4-7)   6
TOTAL FM JUL 1   623    CLOUDY (SCALE 8-10)  4
DPTR FM NORMAL    31

[CDD (BASE 65) ]
TOTAL THIS MO.     0
DPTR FM NORMAL     0    [PRESSURE DATA]
TOTAL FM JAN 1  2516    HIGHEST SLP M ON M
DPTR FM NORMAL   479    LOWEST  SLP 29.64 ON  9

[REMARKS]
