000
CXUS52 KILM 171000
CF6ILM
PRELIMINARY LOCAL CLIMATOLOGICAL DATA (WS FORM: F-6)

                                          STATION:   WILMINGTON NORTH CAROLINA
                                          MONTH:     OCTOBER
                                          YEAR:      2019
                                          LATITUDE:   34 16 N
                                          LONGITUDE:  77 55 W

  TEMPERATURE IN F:       :PCPN:    SNOW:  WIND      :SUNSHINE: SKY     :PK WND
================================================================================
1   2   3   4   5  6A  6B    7    8   9   10  11  12  13   14  15   16   17  18
                                     12Z  AVG MX 2MIN
DY MAX MIN AVG DEP HDD CDD  WTR  SNW DPTH SPD SPD DIR MIN PSBL S-S WX    SPD DR
================================================================================

 1  88  70  79   9   0  14 0.00  0.0    0  4.8 12  30   M    M   3        15  50
 2  92  68  80  10   0  15 0.00  0.0    0  3.5 13 180   M    M   0        16 180
 3  98  75  87  18   0  22 0.00  0.0    0  6.0 14 190   M    M   0        17 190
 4  97  74  86  17   0  21    T  0.0    0 10.2 23  80   M    M   4        31  90
 5  77  65  71   2   0   6 0.02  0.0    0 10.7 22  40   M    M   9        27  30
 6  83  65  74   6   0   9 0.00  0.0    0  8.1 17  70   M    M   3        25  90
 7  84  71  78  10   0  13 0.02  0.0    0  7.4 16 140   M    M   6        26 110
 8  78  65  72   4   0   7 0.00  0.0    0 12.6 24  40   M    M   9        29  30
 9  75  63  69   2   0   4 0.00  0.0    0 10.6 18  20   M    M  10        25  30
10  72  57  65  -2   0   0 0.00  0.0    0  8.1 17  30   M    M   8        22  40
11  82  55  69   2   0   4 0.00  0.0    0  5.6 17 360   M    M   0        23  10
12  86  53  70   4   0   5 0.00  0.0    0  4.0 13 300   M    M   0        16 300
13  86  61  74   8   0   9 0.03  0.0    0  4.8 15 240   M    M   4 1      18 220
14  84  63  74   8   0   9 1.01  0.0    0  4.9 20 350   M    M   6 13     22 360
15  78  57  68   3   0   3 0.00  0.0    0  2.1  9  80   M    M   0 1      13  90
16  80  60  70   5   0   5 0.43  0.0    0  9.7 24 250   M    M   6 1      30 250
================================================================================
SM 1340 1022         0 146  1.51     0.0 113.1          M       68
================================================================================
AV 83.8 63.9                               7.1 FASTST   M    M   4    MAX(MPH)
                                 MISC ---->  # 24  40               # 31   90
================================================================================
NOTES:
# LAST OF SEVERAL OCCURRENCES

COLUMN 17 PEAK WIND IN M.P.H.

PRELIMINARY LOCAL CLIMATOLOGICAL DATA (WS FORM: F-6) , PAGE 2

                                          STATION:  WILMINGTON NORTH CAROLINA
                                          MONTH:    OCTOBER
                                          YEAR:     2019
                                          LATITUDE:   34 16 N
                                          LONGITUDE:  77 55 W

[TEMPERATURE DATA]      [PRECIPITATION DATA]       SYMBOLS USED IN COLUMN 16

AVERAGE MONTHLY: 73.8   TOTAL FOR MONTH:   1.51    1 = FOG OR MIST
DPTR FM NORMAL:   6.3   DPTR FM NORMAL:   -0.86    2 = FOG REDUCING VISIBILITY
HIGHEST:    98 ON  3    GRTST 24HR  1.01 ON 14-14      TO 1/4 MILE OR LESS
LOWEST:     53 ON 12                               3 = THUNDER
                        SNOW, ICE PELLETS, HAIL    4 = ICE PELLETS
                        TOTAL MONTH:   0.0 INCH    5 = HAIL
                        GRTST 24HR     0.0         6 = FREEZING RAIN OR DRIZZLE
                        GRTST DEPTH:   0           7 = DUSTSTORM OR SANDSTORM:
                                                       VSBY 1/2 MILE OR LESS
                                                   8 = SMOKE OR HAZE
[NO. OF DAYS WITH]      [WEATHER - DAYS WITH]      9 = BLOWING SNOW
                                                   X = TORNADO
MAX 32 OR BELOW:   0    0.01 INCH OR MORE:   5
MAX 90 OR ABOVE:   3    0.10 INCH OR MORE:   2
MIN 32 OR BELOW:   0    0.50 INCH OR MORE:   1
MIN  0 OR BELOW:   0    1.00 INCH OR MORE:   1

[HDD (BASE 65) ]
TOTAL THIS MO.     0    CLEAR  (SCALE 0-3)   6
DPTR FM NORMAL   -28    PTCLDY (SCALE 4-7)   7
TOTAL FM JUL 1     0    CLOUDY (SCALE 8-10)  3
DPTR FM NORMAL   -33

[CDD (BASE 65) ]
TOTAL THIS MO.   146
DPTR FM NORMAL    79    [PRESSURE DATA]
TOTAL FM JAN 1  2537    HIGHEST SLP M ON M
DPTR FM NORMAL   553    LOWEST  SLP 29.58 ON 16

[REMARKS]
