000
CXUS51 KILN 251247
CF6ILN
PRELIMINARY LOCAL CLIMATOLOGICAL DATA (WS FORM: F-6)

                                          STATION:   WILMINGTON
                                          MONTH:     FEBRUARY
                                          YEAR:      2020
                                          LATITUDE:   39 25 N
                                          LONGITUDE:  83 47 W

  TEMPERATURE IN F:       :PCPN:    SNOW:  WIND      :SUNSHINE: SKY     :PK WND
================================================================================
1   2   3   4   5  6A  6B    7    8   9   10  11  12  13   14  15   16   17  18
                                     12Z  AVG MX 2MIN
DY MAX MIN AVG DEP HDD CDD  WTR  SNW DPTH SPD SPD DIR MIN PSBL S-S WX    SPD DR
================================================================================

 1  40  32  36   6  29   0 0.01    M    M  8.3 25 280   M    M  10 18     34 280
 2  62  33  48  18  17   0 0.00    M    M 17.8 33 270   M    M   3        42 260
 3  59  38  49  19  16   0    T    M    M 11.6 25 220   M    M   2        31 220
 4  58  32  45  15  20   0 0.34    M    M 13.8 25  40   M    M  10 1      32  40
 5  36  31  34   4  31   0 0.39    M    M 12.9 24  50   M    M  10 168    29  50
 6  33  28  31   1  34   0 0.04    M    M  9.4 14  40   M    M  10 16     16 330
 7  33  25  29  -2  36   0 0.06    M    M 11.6 22 290   M    M   8 1      27 300
 8  33  26  30  -1  35   0 0.06    M    M  7.8 13 230   M    M  10 1      16 220
 9  42  21  32   1  33   0 0.08    M    M  9.3 21 210   M    M   9 128    26 200
10  47  36  42  11  23   0 0.10    M    M 12.2 26 220   M    M  10 1      35 230
11  39  32  36   5  29   0 0.04    M    M  7.5 16 300   M    M   9 18     19 290
12  35  27  31   0  34   0 0.91    M    M  7.1 16  50   M    M   5 14     22 100
13  36  19  28  -4  37   0 0.06    M    M 11.9 23 300   M    M  10 1      30 290
14  20  11  16 -16  49   0    T    M    M  7.1 18 300   M    M   8 18     23 300
15  39  14  27  -5  38   0 0.00    M    M  9.7 18 200   M    M   1        23 170
16  47  26  37   5  28   0 0.00    M    M  5.1 13 240   M    M   7        17 230
17  46  26  36   4  29   0    T    M    M  7.6 16 130   M    M   5 1      21 130
18  51  32  42   9  23   0 0.21    M    M 11.4 21 210   M    M   7 1      26 210
19  42  26  34   1  31   0 0.00    M    M  7.3 14 360   M    M   0 18     18 350
20  32  19  26  -7  39   0 0.00    M    M  9.5 17  10   M    M   3        23  30
21  35  15  25  -8  40   0 0.00    M    M  6.0 13 260   M    M   0        17 240
22  46  20  33  -1  32   0 0.00    M    M 10.4 20 230   M    M   0        24 230
23  50  28  39   5  26   0 0.00    M    M  8.5 21 230   M    M   4        24 230
24  43  34  39   5  26   0 0.46    M    M  7.7 14 200   M    M   7 1      17 190
================================================================================
SM 1004  631       735   0  2.76    M    231.5          M      148
================================================================================
AV 41.8 26.3                               9.6 FASTST   M    M   6    MAX(MPH)
                                 MISC ---->  # 33 270               # 42  260
================================================================================
NOTES:
# LAST OF SEVERAL OCCURRENCES

COLUMN 17 PEAK WIND IN M.P.H.

PRELIMINARY LOCAL CLIMATOLOGICAL DATA (WS FORM: F-6) , PAGE 2

                                          STATION:  WILMINGTON
                                          MONTH:    FEBRUARY
                                          YEAR:     2020
                                          LATITUDE:   39 25 N
                                          LONGITUDE:  83 47 W

[TEMPERATURE DATA]      [PRECIPITATION DATA]       SYMBOLS USED IN COLUMN 16

AVERAGE MONTHLY: 34.1   TOTAL FOR MONTH:   2.76    1 = FOG OR MIST
DPTR FM NORMAL:   2.4   DPTR FM NORMAL:    0.78    2 = FOG REDUCING VISIBILITY
HIGHEST:    62 ON  2    GRTST 24HR  0.91 ON 12-12      TO 1/4 MILE OR LESS
LOWEST:     11 ON 14                               3 = THUNDER
                        SNOW, ICE PELLETS, HAIL    4 = ICE PELLETS
                        TOTAL MONTH:    M          5 = HAIL
                        GRTST 24HR    M  ON   M    6 = FREEZING RAIN OR DRIZZLE
                        GRTST DEPTH:  M  ON   M    7 = DUSTSTORM OR SANDSTORM:
                                                       VSBY 1/2 MILE OR LESS
                                                   8 = SMOKE OR HAZE
[NO. OF DAYS WITH]      [WEATHER - DAYS WITH]      9 = BLOWING SNOW
                                                   X = TORNADO
MAX 32 OR BELOW:   2    0.01 INCH OR MORE:  13
MAX 90 OR ABOVE:   0    0.10 INCH OR MORE:   6
MIN 32 OR BELOW:  20    0.50 INCH OR MORE:   1
MIN  0 OR BELOW:   0    1.00 INCH OR MORE:   0

[HDD (BASE 65) ]
TOTAL THIS MO.   735    CLEAR  (SCALE 0-3)   6
DPTR FM NORMAL   -65    PTCLDY (SCALE 4-7)   8
TOTAL FM JUL 1  3562    CLOUDY (SCALE 8-10) 10
DPTR FM NORMAL  -399

[CDD (BASE 65) ]
TOTAL THIS MO.     0
DPTR FM NORMAL     0    [PRESSURE DATA]
TOTAL FM JAN 1     0    HIGHEST SLP M ON M
DPTR FM NORMAL     0    LOWEST  SLP 29.33 ON  7

[REMARKS]
