000
CXUS53 KILX 272300
CF6ILX
PRELIMINARY LOCAL CLIMATOLOGICAL DATA (WS FORM: F-6)

                                          STATION:   LINCOLN IL
                                          MONTH:     MAY
                                          YEAR:      2020
                                          LATITUDE:   40  9 N
                                          LONGITUDE:  89 20 W

  TEMPERATURE IN F:       :PCPN:    SNOW:  WIND      :SUNSHINE: SKY     :PK WND
================================================================================
1   2   3   4   5  6A  6B    7    8   9   10  11  12  13   14  15   16   17  18
                                     12Z  AVG MX 2MIN
DY MAX MIN AVG DEP HDD CDD  WTR  SNW DPTH SPD SPD DIR MIN PSBL S-S WX    SPD DR
================================================================================

 1  71  41  56  -2   9   0    T  0.0    0   M   M   M   M    M   M         M  M
 2  82  57  70  12   0   5 0.13  0.0    0   M   M   M   M    M   M 3       M  M
 3  68  53  61   2   4   0 0.36  0.0    0   M   M   M   M    M   M 3       M  M
 4  59  44  52  -7  13   0 0.06  0.0    0   M   M   M   M    M   M 1       M  M
 5  49  42  46 -14  19   0 0.38  0.0    0   M   M   M   M    M   M 1       M  M
 6  63  40  52  -8  13   0    T  0.0    0   M   M   M   M    M   M         M  M
 7  67  48  58  -2   7   0 0.05  0.0    0   M   M   M   M    M   M         M  M
 8  56  37  47 -13  18   0 0.04  0.0    0   M   M   M   M    M   M         M  M
 9  61  30  46 -15  19   0 0.00  0.0    0   M   M   M   M    M   M         M  M
10  53  43  48 -13  17   0    T  0.0    0   M   M   M   M    M   M         M  M
11  55  39  47 -15  18   0 0.00  0.0    0   M   M   M   M    M   M         M  M
12  63  34  49 -13  16   0 0.00  0.0    0   M   M   M   M    M   M         M  M
13  57  40  49 -13  16   0    T  0.0    0   M   M   M   M    M   M 1       M  M
14  78  53  66   4   0   1 0.31  0.0    0   M   M   M   M    M   M 13      M  M
15  70  57  64   1   1   0 0.36  0.0    0   M   M   M   M    M   M 123     M  M
16  80  56  68   5   0   3 0.44  0.0    0   M   M   M   M    M   M 12      M  M
17  72  57  65   2   0   0 2.32  0.0    0   M   M   M   M    M   M 13      M  M
18  63  55  59  -5   6   0 0.13  0.0    0   M   M   M   M    M   M 1       M  M
19  63  55  59  -5   6   0 0.02  0.0    0   M   M   M   M    M   M 1       M  M
20  64  56  60  -4   5   0 0.01  0.0    0   M   M   M   M    M   M         M  M
21  66  54  60  -5   5   0 0.00  0.0    0   M   M   M   M    M   M         M  M
22  76  54  65   0   0   0 0.00  0.0    0   M   M   M   M    M   M         M  M
23  83  61  72   7   0   7 0.00  0.0    0   M   M   M   M    M   M         M  M
24  86  66  76  10   0  11 0.00  0.0    0   M   M   M   M    M   M         M  M
25  88  64  76  10   0  11 0.15  0.0    0   M   M   M   M    M   M         M  M
26  88  67  78  12   0  13 0.03  0.0    0   M   M   M   M    M   M         M  M
================================================================================
SM 1781 1303       192  51  4.79     0.0     M          M        M
================================================================================
AV 68.5 50.1                                 M FASTST   M    M   6    MAX(MPH)
                                 MISC ---->     M   M                  M    M
================================================================================
NOTES:
# LAST OF SEVERAL OCCURRENCES

COLUMN 17 PEAK WIND IN M.P.H.

PRELIMINARY LOCAL CLIMATOLOGICAL DATA (WS FORM: F-6) , PAGE 2

                                          STATION:  LINCOLN IL
                                          MONTH:    MAY
                                          YEAR:     2020
                                          LATITUDE:   40  9 N
                                          LONGITUDE:  89 20 W

[TEMPERATURE DATA]      [PRECIPITATION DATA]       SYMBOLS USED IN COLUMN 16

AVERAGE MONTHLY: 59.3   TOTAL FOR MONTH:   4.79    1 = FOG OR MIST
DPTR FM NORMAL:  -2.9   DPTR FM NORMAL:    1.30    2 = FOG REDUCING VISIBILITY
HIGHEST:    88 ON 26,25 GRTST 24HR  2.32 ON 17-17      TO 1/4 MILE OR LESS
LOWEST:     30 ON  9                               3 = THUNDER
                        SNOW, ICE PELLETS, HAIL    4 = ICE PELLETS
                        TOTAL MONTH:   0.0 INCH    5 = HAIL
                        GRTST 24HR     0.0         6 = FREEZING RAIN OR DRIZZLE
                        GRTST DEPTH:   0           7 = DUSTSTORM OR SANDSTORM:
                                                       VSBY 1/2 MILE OR LESS
                                                   8 = SMOKE OR HAZE
[NO. OF DAYS WITH]      [WEATHER - DAYS WITH]      9 = BLOWING SNOW
                                                   X = TORNADO
MAX 32 OR BELOW:   0    0.01 INCH OR MORE:  15
MAX 90 OR ABOVE:   0    0.10 INCH OR MORE:   9
MIN 32 OR BELOW:   1    0.50 INCH OR MORE:   1
MIN  0 OR BELOW:   0    1.00 INCH OR MORE:   1

[HDD (BASE 65) ]
TOTAL THIS MO.   192    CLEAR  (SCALE 0-3)   0
DPTR FM NORMAL    65    PTCLDY (SCALE 4-7)   0
TOTAL FM JUL 1  5468    CLOUDY (SCALE 8-10)  0
DPTR FM NORMAL  -214

[CDD (BASE 65) ]
TOTAL THIS MO.    51
DPTR FM NORMAL    -3    [PRESSURE DATA]
TOTAL FM JAN 1    60    HIGHEST SLP M ON M
DPTR FM NORMAL    -9    LOWEST  SLP M ON M

[REMARKS]
