000
CXUS53 KILX 230900
CF6ILX
PRELIMINARY LOCAL CLIMATOLOGICAL DATA (WS FORM: F-6)

                                          STATION:   LINCOLN IL
                                          MONTH:     JANUARY
                                          YEAR:      2019
                                          LATITUDE:   40  9 N
                                          LONGITUDE:  89 20 W

  TEMPERATURE IN F:       :PCPN:    SNOW:  WIND      :SUNSHINE: SKY     :PK WND
================================================================================
1   2   3   4   5  6A  6B    7    8   9   10  11  12  13   14  15   16   17  18
                                     12Z  AVG MX 2MIN
DY MAX MIN AVG DEP HDD CDD  WTR  SNW DPTH SPD SPD DIR MIN PSBL S-S WX    SPD DR
================================================================================

 1  36  30  33   7  32   0 0.02  0.0    0   M   M   M   M    M   M 16      M  M
 2  31  26  29   3  36   0    T    T    0   M   M   M   M    M   M 16      M  M
 3  41  24  33   7  32   0 0.00  0.0    0   M   M   M   M    M   M         M  M
 4  49  23  36  10  29   0 0.00  0.0    0   M   M   M   M    M   M 1       M  M
 5  56  32  44  18  21   0 0.00  0.0    0   M   M   M   M    M   M         M  M
 6  49  28  39  13  26   0 0.00  0.0    0   M   M   M   M    M   M 12      M  M
 7  61  44  53  27  12   0 0.16  0.0    0   M   M   M   M    M   M         M  M
 8  48  32  40  14  25   0 0.00  0.0    0   M   M   M   M    M   M         M  M
 9  33  18  26   0  39   0 0.00  0.0    0   M   M   M   M    M   M         M  M
10  29  14  22  -4  43   0 0.00  0.0    0   M   M   M   M    M   M         M  M
11  31  17  24  -2  41   0 0.04  0.4    0   M   M   M   M    M   M         M  M
12  31  27  29   3  36   0 0.92 10.3    7   M   M   M   M    M   M 1       M  M
13  29  14  22  -4  43   0 0.09  1.0   10   M   M   M   M    M   M         M  M
14  28  -3  13 -13  52   0    T    T    9   M   M   M   M    M   M 126     M  M
15  32  26  29   3  36   0    T    T    8   M   M   M   M    M   M 16      M  M
16  34  31  33   7  32   0 0.01    M    8   M   M   M   M    M   M 16      M  M
17  34  30  32   6  33   0 0.29  2.0    9   M   M   M   M    M   M 126     M  M
18  33  29  31   5  34   0    T  0.0    6   M   M   M   M    M   M 1       M  M
19  32  15  24  -2  41   0 0.36  2.7    8   M   M   M   M    M   M 16      M  M
20  15  -3   6 -20  59   0    T    T    8   M   M   M   M    M   M 1       M  M
21  19 -10   5 -21  60   0 0.00  0.0    8   M   M   M   M    M   M         M  M
22  36  19  28   2  37   0 0.59  0.0    8   M   M   M   M    M   M 16      M  M
================================================================================
SM  787  463       799   0  2.48    16.4     M          M        M
================================================================================
AV 35.8 21.1                                 M FASTST   M    M   5    MAX(MPH)
                                 MISC ---->     M   M                  M    M
================================================================================
NOTES:
# LAST OF SEVERAL OCCURRENCES

COLUMN 17 PEAK WIND IN M.P.H.

PRELIMINARY LOCAL CLIMATOLOGICAL DATA (WS FORM: F-6) , PAGE 2

                                          STATION:  LINCOLN IL
                                          MONTH:    JANUARY
                                          YEAR:     2019
                                          LATITUDE:   40  9 N
                                          LONGITUDE:  89 20 W

[TEMPERATURE DATA]      [PRECIPITATION DATA]       SYMBOLS USED IN COLUMN 16

AVERAGE MONTHLY: 28.4   TOTAL FOR MONTH:   2.48    1 = FOG OR MIST
DPTR FM NORMAL:   2.4   DPTR FM NORMAL:    1.00    2 = FOG REDUCING VISIBILITY
HIGHEST:    61 ON  7    GRTST 24HR  0.92 ON 12-12      TO 1/4 MILE OR LESS
LOWEST:    -10 ON 21                               3 = THUNDER
                        SNOW, ICE PELLETS, HAIL    4 = ICE PELLETS
                        TOTAL MONTH:  16.4 INCHES  5 = HAIL
                        GRTST 24HR  10.3 ON 12-12  6 = FREEZING RAIN OR DRIZZLE
                        GRTST DEPTH:  10 ON 13     7 = DUSTSTORM OR SANDSTORM:
                                                       VSBY 1/2 MILE OR LESS
                                                   8 = SMOKE OR HAZE
[NO. OF DAYS WITH]      [WEATHER - DAYS WITH]      9 = BLOWING SNOW
                                                   X = TORNADO
MAX 32 OR BELOW:  10    0.01 INCH OR MORE:   9
MAX 90 OR ABOVE:   0    0.10 INCH OR MORE:   5
MIN 32 OR BELOW:  21    0.50 INCH OR MORE:   2
MIN  0 OR BELOW:   3    1.00 INCH OR MORE:   0

[HDD (BASE 65) ]
TOTAL THIS MO.   799    CLEAR  (SCALE 0-3)   0
DPTR FM NORMAL   -59    PTCLDY (SCALE 4-7)   0
TOTAL FM JUL 1  3109    CLOUDY (SCALE 8-10)  0
DPTR FM NORMAL     9

[CDD (BASE 65) ]
TOTAL THIS MO.     0
DPTR FM NORMAL     0    [PRESSURE DATA]
TOTAL FM JAN 1     0    HIGHEST SLP M ON M
DPTR FM NORMAL     0    LOWEST  SLP M ON M

[REMARKS]
