000
CXUS55 KLBF 181200
CF6IML
PRELIMINARY LOCAL CLIMATOLOGICAL DATA (WS FORM: F-6)

                                          STATION:   IMPERIAL
                                          MONTH:     JANUARY
                                          YEAR:      2019
                                          LATITUDE:   40 31 N
                                          LONGITUDE: 101 37 W

  TEMPERATURE IN F:       :PCPN:    SNOW:  WIND      :SUNSHINE: SKY     :PK WND
================================================================================
1   2   3   4   5  6A  6B    7    8   9   10  11  12  13   14  15   16   17  18
                                     12Z  AVG MX 2MIN
DY MAX MIN AVG DEP HDD CDD  WTR  SNW DPTH SPD SPD DIR MIN PSBL S-S WX    SPD DR
================================================================================

 1  19   6  13 -15  52   0 0.00    M    M  7.2 20 340   M    M   5        26 340
 2  47   5  26  -2  39   0 0.00    M    M  9.7 15 280   M    M   0        24 290
 3  54  13  34   6  31   0 0.00    M    M  7.5 15 280   M    M   0        19 280
 4  62  28  45  17  20   0 0.00    M    M  9.7 18 340   M    M   0        24 310
 5  61  23  42  14  23   0 0.00    M    M  6.8 15  50   M    M   0        19  50
 6  45  25  35   7  30   0    T    M    M  5.4 15 300   M    M   2        22 310
 7  57  32  45  17  20   0 0.00    M    M 14.1 39 300   M    M   2        62 290
 8  45  18  32   4  33   0 0.00    M    M  8.5 26 350   M    M   0        31 350
 9  40  13  27  -1  38   0 0.00    M    M  8.7 21 130   M    M   0        26 130
10  57  17  37   9  28   0 0.00    M    M  3.2  9 190   M    M   0        11 190
11  41  32  37   9  28   0 0.00    M    M 12.0 20  10   M    M   9        27  20
12  36  22  29   1  36   0 0.00    M    M  8.3 16  10   M    M   8        20 360
13  33  22  28   0  37   0 0.00    M    M  6.7 12 160   M    M   9 1      15 160
14  50  15  33   5  32   0 0.00    M    M  5.1 10 270   M    M   1 18     15 280
15  55  17  36   8  29   0 0.00    M    M  7.2 16 330   M    M   0        25 330
16  32  19  26  -2  39   0    T    M    0  7.3 17 140   M    M   8 16     22 130
17   M   M   M   M   M   M    M    M    M   M   M   M   M    M   M 16      M  M
================================================================================
SM  734  307       515   0    T     M    127.4          M       44
================================================================================
AV 45.9 19.2                               8.0 FASTST   M    M   3    MAX(MPH)
                                 MISC ---->  # 39 300               # 62  290
================================================================================
NOTES:
# LAST OF SEVERAL OCCURRENCES

COLUMN 17 PEAK WIND IN M.P.H.

PRELIMINARY LOCAL CLIMATOLOGICAL DATA (WS FORM: F-6) , PAGE 2

                                          STATION:  IMPERIAL
                                          MONTH:    JANUARY
                                          YEAR:     2019
                                          LATITUDE:   40 31 N
                                          LONGITUDE: 101 37 W

[TEMPERATURE DATA]      [PRECIPITATION DATA]       SYMBOLS USED IN COLUMN 16

AVERAGE MONTHLY: 32.5   TOTAL FOR MONTH:      T    1 = FOG OR MIST
DPTR FM NORMAL:   4.5   DPTR FM NORMAL:   -0.14    2 = FOG REDUCING VISIBILITY
HIGHEST:    62 ON  4    GRTST 24HR    T  ON 16-16      TO 1/4 MILE OR LESS
LOWEST:      5 ON  2                               3 = THUNDER
                        SNOW, ICE PELLETS, HAIL    4 = ICE PELLETS
                        TOTAL MONTH:    M          5 = HAIL
                        GRTST 24HR    M  ON   M    6 = FREEZING RAIN OR DRIZZLE
                        GRTST DEPTH:   0           7 = DUSTSTORM OR SANDSTORM:
                                                       VSBY 1/2 MILE OR LESS
                                                   8 = SMOKE OR HAZE
[NO. OF DAYS WITH]      [WEATHER - DAYS WITH]      9 = BLOWING SNOW
                                                   X = TORNADO
MAX 32 OR BELOW:   2    0.01 INCH OR MORE:   0
MAX 90 OR ABOVE:   0    0.10 INCH OR MORE:   0
MIN 32 OR BELOW:  16    0.50 INCH OR MORE:   0
MIN  0 OR BELOW:   0    1.00 INCH OR MORE:   0

[HDD (BASE 65) ]
TOTAL THIS MO.   515    CLEAR  (SCALE 0-3)  11
DPTR FM NORMAL  -114    PTCLDY (SCALE 4-7)   3
TOTAL FM JUL 1  3087    CLOUDY (SCALE 8-10)  2
DPTR FM NORMAL   -57

[CDD (BASE 65) ]
TOTAL THIS MO.     0
DPTR FM NORMAL     0    [PRESSURE DATA]
TOTAL FM JAN 1     0    HIGHEST SLP M ON M
DPTR FM NORMAL     0    LOWEST  SLP 29.58 ON  6

[REMARKS]
