000
CXUS53 KIND 200730
CF6IND
PRELIMINARY LOCAL CLIMATOLOGICAL DATA (WS FORM: F-6)

                                          STATION:   INDIANAPOLIS IN
                                          MONTH:     OCTOBER
                                          YEAR:      2019
                                          LATITUDE:   39 43 N
                                          LONGITUDE:  86 17 W

  TEMPERATURE IN F:       :PCPN:    SNOW:  WIND      :SUNSHINE: SKY     :PK WND
================================================================================
1   2   3   4   5  6A  6B    7    8   9   10  11  12  13   14  15   16   17  18
                                     12Z  AVG MX 2MIN
DY MAX MIN AVG DEP HDD CDD  WTR  SNW DPTH SPD SPD DIR MIN PSBL S-S WX    SPD DR
================================================================================

 1  92  68  80  20   0  15 0.00  0.0    0  9.3 21 240   M    M   2        26 240
 2  92  70  81  21   0  16 0.00  0.0    0 10.2 22 240   M    M   5        30 220
 3  81  57  69   9   0   4 0.00  0.0    0 11.0 21 300   M    M   4        26 300
 4  69  51  60   1   5   0 0.00  0.0    0 10.6 17  40   M    M   3        24  30
 5  75  49  62   3   3   0    T  0.0    0  7.7 16  70   M    M   4 3      21  70
 6  65  58  62   4   3   0 0.22  0.0    0  6.7 14 330   M    M  10 13     17 330
 7  72  51  62   4   3   0 0.00  0.0    0  5.5 15 360   M    M   5        19 320
 8  73  48  61   3   4   0 0.00  0.0    0  4.0 12 100   M    M   0        16 100
 9  75  47  61   4   4   0 0.00  0.0    0  6.5 14 110   M    M   2        20 140
10  78  56  67  10   0   2 0.00  0.0    0  8.3 15 150   M    M   9 12     21 150
11  71  40  56   0   9   0 0.36  0.0    0 13.8 23 290   M    M   9 1      32 200
12  54  34  44 -12  21   0 0.00  0.0    0 10.4 21 230   M    M   0        28 210
13  67  38  53  -3  12   0 0.00  0.0    0 11.1 22 220   M    M   1        30 200
14  63  38  51  -5  14   0 0.00  0.0    0  5.8 16 270   M    M   1        21 270
15  72  42  57   2   8   0 0.03  0.0    0 11.3 29 310   M    M   5 1      41 270
16  54  43  49  -6  16   0    T  0.0    0 15.8 24 290   M    M   8        34 290
17  58  38  48  -7  17   0 0.00  0.0    0  7.2 15 340   M    M   3        23 300
18  61  37  49  -5  16   0 0.00  0.0    0  4.9 12 160   M    M   3        17 120
19  70  41  56   2   9   0 0.00  0.0    0  6.0 14 130   M    M   4        20 190
================================================================================
SM 1342  906       144  37  0.61     0.0 166.1          M       78
================================================================================
AV 70.6 47.7                               8.7 FASTST   M    M   4    MAX(MPH)
                                 MISC ---->  # 29 310               # 41  270
================================================================================
NOTES:
# LAST OF SEVERAL OCCURRENCES

COLUMN 17 PEAK WIND IN M.P.H.

PRELIMINARY LOCAL CLIMATOLOGICAL DATA (WS FORM: F-6) , PAGE 2

                                          STATION:  INDIANAPOLIS IN
                                          MONTH:    OCTOBER
                                          YEAR:     2019
                                          LATITUDE:   39 43 N
                                          LONGITUDE:  86 17 W

[TEMPERATURE DATA]      [PRECIPITATION DATA]       SYMBOLS USED IN COLUMN 16

AVERAGE MONTHLY: 59.2   TOTAL FOR MONTH:   0.61    1 = FOG OR MIST
DPTR FM NORMAL:   2.2   DPTR FM NORMAL:   -1.34    2 = FOG REDUCING VISIBILITY
HIGHEST:    92 ON  2, 1 GRTST 24HR  0.36 ON 11-11      TO 1/4 MILE OR LESS
LOWEST:     34 ON 12                               3 = THUNDER
                        SNOW, ICE PELLETS, HAIL    4 = ICE PELLETS
                        TOTAL MONTH:   0.0 INCH    5 = HAIL
                        GRTST 24HR     0.0         6 = FREEZING RAIN OR DRIZZLE
                        GRTST DEPTH:   0           7 = DUSTSTORM OR SANDSTORM:
                                                       VSBY 1/2 MILE OR LESS
                                                   8 = SMOKE OR HAZE
[NO. OF DAYS WITH]      [WEATHER - DAYS WITH]      9 = BLOWING SNOW
                                                   X = TORNADO
MAX 32 OR BELOW:   0    0.01 INCH OR MORE:   3
MAX 90 OR ABOVE:   2    0.10 INCH OR MORE:   2
MIN 32 OR BELOW:   0    0.50 INCH OR MORE:   0
MIN  0 OR BELOW:   0    1.00 INCH OR MORE:   0

[HDD (BASE 65) ]
TOTAL THIS MO.   144    CLEAR  (SCALE 0-3)   8
DPTR FM NORMAL   -23    PTCLDY (SCALE 4-7)   7
TOTAL FM JUL 1   144    CLOUDY (SCALE 8-10)  4
DPTR FM NORMAL   -98

[CDD (BASE 65) ]
TOTAL THIS MO.    37
DPTR FM NORMAL    24    [PRESSURE DATA]
TOTAL FM JAN 1  1344    HIGHEST SLP M ON M
DPTR FM NORMAL   282    LOWEST  SLP 29.76 ON M

[REMARKS]
