000
CXUS53 KIND 240730
CF6IND
PRELIMINARY LOCAL CLIMATOLOGICAL DATA (WS FORM: F-6)

                                          STATION:   INDIANAPOLIS IN
                                          MONTH:     MAY
                                          YEAR:      2018
                                          LATITUDE:   39 43 N
                                          LONGITUDE:  86 17 W

  TEMPERATURE IN F:       :PCPN:    SNOW:  WIND      :SUNSHINE: SKY     :PK WND
================================================================================
1   2   3   4   5  6A  6B    7    8   9   10  11  12  13   14  15   16   17  18
                                     12Z  AVG MX 2MIN
DY MAX MIN AVG DEP HDD CDD  WTR  SNW DPTH SPD SPD DIR MIN PSBL S-S WX    SPD DR
================================================================================

 1  81  48  65   7   0   0 0.00  0.0    0 10.9 21 210   M    M   2 1      31 210
 2  84  61  73  15   0   8 0.00  0.0    0 16.3 29 240   M    M   7        39 200
 3  75  64  70  11   0   5 0.34  0.0    0 13.4 25 230   M    M  10 13     34 200
 4  78  59  69  10   0   4    T  0.0    0 16.4 31 250   M    M   7 3      38 210
 5  72  54  63   4   2   0 0.00  0.0    0  3.9 10 150   M    M   7        13 150
 6  83  53  68   8   0   3    T  0.0    0  9.5 31 300   M    M   6 13     35 300
 7  73  51  62   2   3   0 0.00  0.0    0  9.9 18  40   M    M   1        24  40
 8  78  51  65   5   0   0 0.00  0.0    0  5.8 14  60   M    M   2        18  50
 9  83  52  68   8   0   3 0.08  0.0    0 14.5 35 290   M    M   M 13     46 280
10  82  59  71  10   0   6    T  0.0    0 10.2 20 290   M    M   3 1      24 280
11  85  60  73  12   0   8 0.00  0.0    0 11.5 22 230   M    M   6        28 250
12  83  67  75  14   0  10 0.00  0.0    0 12.1 22 250   M    M   7        30 230
13  88  62  75  13   0  10    T  0.0    0  9.6 20 250   M    M   6 3      24 250
14  89  67  78  16   0  13 0.00  0.0    0  8.4 20 200   M    M   5        24 190
15  84  66  75  13   0  10    T  0.0    0  9.4 20 270   M    M   8        24 270
16  81  66  74  11   0   9    T  0.0    0  7.8 14  70   M    M   9        16  70
17  84  60  72   9   0   7 0.00  0.0    0 11.9 20 120   M    M   7        29  30
18  73  64  69   6   0   4 0.55  0.0    0 12.3 20  50   M    M  10 1      24  50
19  80  66  73   9   0   8 0.06  0.0    0  9.1 18 250   M    M   9 13     22 250
20  86  63  75  11   0  10 0.00  0.0    0  6.4 16 330   M    M   6 18     22 320
21  83  66  75  11   0  10    T  0.0    0  6.8 13 100   M    M   8 3      15 120
22  85  64  75  11   0  10 0.00  0.0    0  9.0 18  20   M    M   6 128    26 290
23  83  59  71   6   0   6 0.00  0.0    0  7.4 13  40   M    M   3        17  40
================================================================================
SM 1873 1382         5 144  1.03     0.0 232.5          M      135
================================================================================
AV 81.4 60.1                              10.1 FASTST   M    M   6    MAX(MPH)
                                 MISC ---->  # 35 290               # 46  280
================================================================================
NOTES:
# LAST OF SEVERAL OCCURRENCES

COLUMN 17 PEAK WIND IN M.P.H.

PRELIMINARY LOCAL CLIMATOLOGICAL DATA (WS FORM: F-6) , PAGE 2

                                          STATION:  INDIANAPOLIS IN
                                          MONTH:    MAY
                                          YEAR:     2018
                                          LATITUDE:   39 43 N
                                          LONGITUDE:  86 17 W

[TEMPERATURE DATA]      [PRECIPITATION DATA]       SYMBOLS USED IN COLUMN 16

AVERAGE MONTHLY: 70.8   TOTAL FOR MONTH:   1.03    1 = FOG OR MIST
DPTR FM NORMAL:   9.4   DPTR FM NORMAL:   -2.75    2 = FOG REDUCING VISIBILITY
HIGHEST:    89 ON 14    GRTST 24HR  0.55 ON 18-18      TO 1/4 MILE OR LESS
LOWEST:     48 ON  1                               3 = THUNDER
                        SNOW, ICE PELLETS, HAIL    4 = ICE PELLETS
                        TOTAL MONTH:   0.0 INCH    5 = HAIL
                        GRTST 24HR     0.0         6 = FREEZING RAIN OR DRIZZLE
                        GRTST DEPTH:   0           7 = DUSTSTORM OR SANDSTORM:
                                                       VSBY 1/2 MILE OR LESS
                                                   8 = SMOKE OR HAZE
[NO. OF DAYS WITH]      [WEATHER - DAYS WITH]      9 = BLOWING SNOW
                                                   X = TORNADO
MAX 32 OR BELOW:   0    0.01 INCH OR MORE:   4
MAX 90 OR ABOVE:   0    0.10 INCH OR MORE:   2
MIN 32 OR BELOW:   0    0.50 INCH OR MORE:   1
MIN  0 OR BELOW:   0    1.00 INCH OR MORE:   0

[HDD (BASE 65) ]
TOTAL THIS MO.     5    CLEAR  (SCALE 0-3)   5
DPTR FM NORMAL  -116    PTCLDY (SCALE 4-7)  13
TOTAL FM JUL 1  5310    CLOUDY (SCALE 8-10)  4
DPTR FM NORMAL   -33

[CDD (BASE 65) ]
TOTAL THIS MO.   144
DPTR FM NORMAL   104    [PRESSURE DATA]
TOTAL FM JAN 1   155    HIGHEST SLP M ON M
DPTR FM NORMAL   100    LOWEST  SLP 29.74 ON  9

[REMARKS]
