000
CXUS54 KMAF 211110
CF6INK
PRELIMINARY LOCAL CLIMATOLOGICAL DATA (WS FORM: F-6)

                                          STATION:   WINK
                                          MONTH:     OCTOBER
                                          YEAR:      2019
                                          LATITUDE:   31 46 N
                                          LONGITUDE: 103 12 W

  TEMPERATURE IN F:       :PCPN:    SNOW:  WIND      :SUNSHINE: SKY     :PK WND
================================================================================
1   2   3   4   5  6A  6B    7    8   9   10  11  12  13   14  15   16   17  18
                                     12Z  AVG MX 2MIN
DY MAX MIN AVG DEP HDD CDD  WTR  SNW DPTH SPD SPD DIR MIN PSBL S-S WX    SPD DR
================================================================================

 1  94  76  85  14   0  20 0.00    M    M 16.8 29 150   M    M   4 3      34 150
 2  91  72  82  12   0  17    T    M    M  8.2 16 260   M    M   3        20 260
 3  91  69  80  10   0  15 0.00    M    M 11.2 23  40   M    M   2        27  40
 4  90  61  76   6   0  11 0.00    M    M  9.5 20 190   M    M   1        26 180
 5  94  66  80  10   0  15 0.00    M    M  6.4 15 330   M    M   1        21 350
 6  94  61  78   9   0  13 0.00    M    M  9.7 30  40   M    M   0        39  50
 7  77  58  68  -1   0   3 0.00    M    M  9.0 25  50   M    M   4        32  60
 8  91  53  72   4   0   7    T    M    M 10.7 28 240   M    M   1        35 240
 9  93  65  79  11   0  14 0.03    M    M  9.9 25 260   M    M   2 8      35 260
10  92  58  75   7   0  10 0.00    M    M 11.4 29  40   M    M   0        38  60
11  63  40  52 -16  13   0 0.00    M    M 11.7 33  20   M    M   0        44  20
12  71  40  56 -11   9   0 0.00    M    M  9.4 17 160   M    M   3        23 150
13  88  42  65  -2   0   0 0.00    M    M  5.3 14 270   M    M   0        18 290
14  85  63  74   8   0   9    T    M    M  7.8 21 240   M    M   2        29 220
15  85  62  74   8   0   9 0.00    M    M  6.9 18  40   M    M   2        25  40
16  75  45  60  -6   5   0 0.00    M    M  7.0 17  40   M    M   0        22  40
17  84  41  63  -2   2   0 0.00    M    M  6.5 18 150   M    M   0        24 140
18  89  56  73   8   0   8 0.00  0.0    0 11.4 28 280   M    M   1 8      34 280
19  81  48  65   0   0   0 0.00  0.0    0  5.8 16  30   M    M   0        20  10
20  88  45  67   3   0   2 0.00  0.0    0 11.9 30 260   M    M   0 8      36 270
================================================================================
SM 1716 1121        29 153  0.03  0.0    186.5          M       26
================================================================================
AV 85.8 56.1                               9.3 FASTST   M    M   1    MAX(MPH)
                                 MISC ---->    33  20                 44  20
================================================================================
NOTES:
# LAST OF SEVERAL OCCURRENCES

COLUMN 17 PEAK WIND IN M.P.H.

PRELIMINARY LOCAL CLIMATOLOGICAL DATA (WS FORM: F-6) , PAGE 2

                                          STATION:   WINK
                                          MONTH:     OCTOBER
                                          YEAR:      2019
                                          LATITUDE:   31 46 N
                                          LONGITUDE: 103 12 W

[TEMPERATURE DATA]      [PRECIPITATION DATA]       SYMBOLS USED IN COLUMN 16

AVERAGE MONTHLY: 70.9   TOTAL FOR MONTH:   0.03    1 = FOG OR MIST
DPTR FM NORMAL:   3.3   DPTR FM NORMAL:   -1.13    2 = FOG REDUCING VISIBILITY
HIGHEST:    94 ON  6, 5  GRTST 24HR  0.03 ON  8- 9      TO 1/4 MILE OR LESS
LOWEST:     40 ON 12,11                             3 = THUNDER
                        SNOW, ICE PELLETS, HAIL    4 = ICE PELLETS
                        TOTAL MONTH:   0.0 INCH    5 = HAIL
                        GRTST 24HR  0.0            6 = FREEZING RAIN OR DRIZZLE
                        GRTST DEPTH:  0            7 = DUSTSTORM OR SANDSTORM:
                                                       VSBY 1/2 MILE OR LESS
                                                   8 = SMOKE OR HAZE
[NO. OF DAYS WITH]      [WEATHER - DAYS WITH]      9 = BLOWING SNOW
                                                   X = TORNADO
MAX 32 OR BELOW:   0    0.01 INCH OR MORE:   1
MAX 90 OR ABOVE:   9    0.10 INCH OR MORE:   0
MIN 32 OR BELOW:   0    0.50 INCH OR MORE:   0
MIN  0 OR BELOW:   0    1.00 INCH OR MORE:   0

[HDD (BASE 65) ]
TOTAL THIS MO.    29    CLEAR  (SCALE 0-3)  18
DPTR FM NORMAL    -6    PTCLDY (SCALE 4-7)   2
TOTAL FM JUL 1    29    CLOUDY (SCALE 8-10)  0
DPTR FM NORMAL   -15

[CDD (BASE 65) ]
TOTAL THIS MO.   153
DPTR FM NORMAL    65    [PRESSURE DATA]
TOTAL FM JAN 1  2975    HIGHEST SLP M ON M
DPTR FM NORMAL   471    LOWEST  SLP 29.55 ON 18

[REMARKS]
